{"id":983,"date":"2025-03-08T09:13:30","date_gmt":"2025-03-08T08:13:30","guid":{"rendered":"https:\/\/agora.xtec.cat\/insvilariera\/?page_id=983"},"modified":"2025-03-08T09:13:30","modified_gmt":"2025-03-08T08:13:30","slug":"lesquitx","status":"publish","type":"page","link":"https:\/\/agora.xtec.cat\/insvilariera\/lesquitx\/","title":{"rendered":"L&#8217;Esquitx"},"content":{"rendered":"\n<p>Trimestralment, es realitza la revista l\u2019Esquitx. Aquesta publicaci\u00f3 recull els esdeveniments m\u00e9s rellevants de cada trimestre, articles d\u2019opini\u00f3 i aportacions diverses dels diferents membres de la comunitat educativa.<br>Tamb\u00e9 cont\u00e9 informaci\u00f3 d\u2019inter\u00e8s general (per\u00edodes d\u2019inscripcions, activitats d\u2019oci i lleure\u2026).<br>L\u2019Esquitx \u00e9s un vehicle de projecci\u00f3 externa que obre les portes del centre a tots els membres de la comunitat educativa i a tota la poblaci\u00f3 de la Vall de Camprodon. L\u2019Esquitx t\u00e9 un format digital i arriba a les fam\u00edlies a trav\u00e9s del correu electr\u00f2nic del centre, aix\u00ed com els informes de notes.<\/p>\n\n\n\n<p>Podeu veure totes les publicacions clicant el seg\u00fcent <a href=\"https:\/\/drive.google.com\/drive\/folders\/1Be0Cc8PX7U8S3BYAtygCmnaddE4D5Jkk?usp=sharing\" data-type=\"link\" data-id=\"https:\/\/drive.google.com\/drive\/folders\/1Be0Cc8PX7U8S3BYAtygCmnaddE4D5Jkk?usp=sharing\" target=\"_blank\" rel=\"noreferrer noopener\">enlla\u00e7<\/a>.<\/p>\n\n\n\n<p><\/p>\n","protected":false},"excerpt":{"rendered":"<p>Trimestralment, es realitza la revista l\u2019Esquitx. Aquesta publicaci\u00f3 recull els esdeveniments m\u00e9s rellevants de cada trimestre, articles d\u2019opini\u00f3 i aportacions diverses dels diferents membres de la comunitat educativa.Tamb\u00e9 cont\u00e9 informaci\u00f3 d\u2019inter\u00e8s general (per\u00edodes d\u2019inscripcions, activitats d\u2019oci i lleure\u2026).L\u2019Esquitx \u00e9s un vehicle de projecci\u00f3 externa que obre les portes del centre a tots els membres de [&hellip;]<\/p>\n","protected":false},"author":1,"featured_media":0,"parent":0,"menu_order":0,"comment_status":"closed","ping_status":"close","template":"","meta":{"site-sidebar-layout":"default","site-content-layout":"","ast-site-content-layout":"default","site-content-style":"default","site-sidebar-style":"default","ast-global-header-display":"","ast-banner-title-visibility":"","ast-main-header-display":"","ast-hfb-above-header-display":"","ast-hfb-below-header-display":"","ast-hfb-mobile-header-display":"","site-post-title":"","ast-breadcrumbs-content":"","ast-featured-img":"","footer-sml-layout":"","theme-transparent-header-meta":"","adv-header-id-meta":"","stick-header-meta":"","header-above-stick-meta":"","header-main-stick-meta":"","header-below-stick-meta":"","astra-migrate-meta-layouts":"set","ast-page-background-enabled":"default","ast-page-background-meta":{"desktop":{"background-color":"var(--ast-global-color-4)","background-image":"","background-repeat":"repeat","background-position":"center center","background-size":"auto","background-attachment":"scroll","background-type":"","background-media":"","overlay-type":"","overlay-color":"","overlay-opacity":"","overlay-gradient":""},"tablet":{"background-color":"","background-image":"","background-repeat":"repeat","background-position":"center center","background-size":"auto","background-attachment":"scroll","background-type":"","background-media":"","overlay-type":"","overlay-color":"","overlay-opacity":"","overlay-gradient":""},"mobile":{"background-color":"","background-image":"","background-repeat":"repeat","background-position":"center center","background-size":"auto","background-attachment":"scroll","background-type":"","background-media":"","overlay-type":"","overlay-color":"","overlay-opacity":"","overlay-gradient":""}},"ast-content-background-meta":{"desktop":{"background-color":"var(--ast-global-color-5)","background-image":"","background-repeat":"repeat","background-position":"center center","background-size":"auto","background-attachment":"scroll","background-type":"","background-media":"","overlay-type":"","overlay-color":"","overlay-opacity":"","overlay-gradient":""},"tablet":{"background-color":"var(--ast-global-color-5)","background-image":"","background-repeat":"repeat","background-position":"center center","background-size":"auto","background-attachment":"scroll","background-type":"","background-media":"","overlay-type":"","overlay-color":"","overlay-opacity":"","overlay-gradient":""},"mobile":{"background-color":"var(--ast-global-color-5)","background-image":"","background-repeat":"repeat","background-position":"center center","background-size":"auto","background-attachment":"scroll","background-type":"","background-media":"","overlay-type":"","overlay-color":"","overlay-opacity":"","overlay-gradient":""}},"footnotes":""},"class_list":["post-983","page","type-page","status-publish","hentry"],"post_mailing_queue_ids":[],"_links":{"self":[{"href":"https:\/\/agora.xtec.cat\/insvilariera\/wp-json\/wp\/v2\/pages\/983","targetHints":{"allow":["GET"]}}],"collection":[{"href":"https:\/\/agora.xtec.cat\/insvilariera\/wp-json\/wp\/v2\/pages"}],"about":[{"href":"https:\/\/agora.xtec.cat\/insvilariera\/wp-json\/wp\/v2\/types\/page"}],"author":[{"embeddable":true,"href":"https:\/\/agora.xtec.cat\/insvilariera\/wp-json\/wp\/v2\/users\/1"}],"replies":[{"embeddable":true,"href":"https:\/\/agora.xtec.cat\/insvilariera\/wp-json\/wp\/v2\/comments?post=983"}],"version-history":[{"count":1,"href":"https:\/\/agora.xtec.cat\/insvilariera\/wp-json\/wp\/v2\/pages\/983\/revisions"}],"predecessor-version":[{"id":984,"href":"https:\/\/agora.xtec.cat\/insvilariera\/wp-json\/wp\/v2\/pages\/983\/revisions\/984"}],"wp:attachment":[{"href":"https:\/\/agora.xtec.cat\/insvilariera\/wp-json\/wp\/v2\/media?parent=983"}],"curies":[{"name":"wp","href":"https:\/\/api.w.org\/{rel}","templated":true}]}}