{"id":911,"date":"2025-03-07T15:35:54","date_gmt":"2025-03-07T14:35:54","guid":{"rendered":"https:\/\/agora.xtec.cat\/insvilariera\/?page_id=911"},"modified":"2025-07-04T11:47:23","modified_gmt":"2025-07-04T09:47:23","slug":"diversificio-curricular","status":"publish","type":"page","link":"https:\/\/agora.xtec.cat\/insvilariera\/diversificio-curricular\/","title":{"rendered":"Programa de diversifici\u00f3 curricular (PDC)"},"content":{"rendered":"\n<p>El nostre centre organitza programes de diversificaci\u00f3 curricular (PDC), que es concreten com una mesura addicional, tal com estableix el Decret 175\/2022\u200b\u200b, a l&#8217;article 20, i d\u2019acord amb el Decret 150\/2017, de 17 d\u2019octubre, de l\u2019atenci\u00f3 educativa a l&#8217;alumnat en el marc d&#8217;un sistema educatiu inclusiu.<\/p>\n\n\n\n<p>Aquests programes tenen diverses finalitats:<\/p>\n\n\n\n<ul class=\"wp-block-list\">\n<li>Afavorir que l\u2019alumnat pugui assolir les compet\u00e8ncies de l\u2019etapa i obtenir el t\u00edtol de graduat o graduada en educaci\u00f3 secund\u00e0ria obligat\u00f2ria.<\/li>\n\n\n\n<li>Promoure la continu\u00eftat formativa amb garanties d\u2019\u00e8xit.<\/li>\n\n\n\n<li>Reduir l\u2019absentisme escolar.<\/li>\n<\/ul>\n\n\n\n<p>La participaci\u00f3 en les activitats previstes en aquests programes s\u00f3n una oportunitat per millorar els aprenentatges i assolir les compet\u00e8ncies i, per tant, cal que l&#8217;alumne o alumna hi participi de manera volunt\u00e0ria i es comprometi a aprofitar aquesta oportunitat.<\/p>\n\n\n\n<p>Els PDC estan adre\u00e7ats a l&#8217;alumnat que, pel fet de presentar dificultats generalitzades d&#8217;aprenentatge, no han assolit les compet\u00e8ncies en la majoria de les mat\u00e8ries en els cursos anteriors i tenen comprom\u00e8s l&#8217;assoliment de les compet\u00e8ncies de l&#8217;etapa i l&#8217;obtenci\u00f3 del t\u00edtol de graduat o graduada en educaci\u00f3 secund\u00e0ria obligat\u00f2ria. Tamb\u00e9 s&#8217;adrecen als i les alumnes que es troben en situaci\u00f3 de risc d&#8217;abandonament escolar.<\/p>\n\n\n\n<p>Els i les alumnes es podran incorporar als PDC a partir de tercer curs de l\u2019educaci\u00f3 secund\u00e0ria obligat\u00f2ria, a proposta de l\u2019equip docent, amb el vistiplau de la comissi\u00f3 d\u2019atenci\u00f3 educativa inclusiva (CAEI) i amb la conformitat del mateix alumne o alumna i del pare, mare o tutor o tutora legal.<\/p>\n\n\n\n<p><\/p>\n","protected":false},"excerpt":{"rendered":"<p>El nostre centre organitza programes de diversificaci\u00f3 curricular (PDC), que es concreten com una mesura addicional, tal com estableix el Decret 175\/2022\u200b\u200b, a l&#8217;article 20, i d\u2019acord amb el Decret 150\/2017, de 17 d\u2019octubre, de l\u2019atenci\u00f3 educativa a l&#8217;alumnat en el marc d&#8217;un sistema educatiu inclusiu. Aquests programes tenen diverses finalitats: La participaci\u00f3 en les [&hellip;]<\/p>\n","protected":false},"author":1,"featured_media":0,"parent":0,"menu_order":0,"comment_status":"closed","ping_status":"close","template":"","meta":{"site-sidebar-layout":"default","site-content-layout":"","ast-site-content-layout":"default","site-content-style":"default","site-sidebar-style":"default","ast-global-header-display":"","ast-banner-title-visibility":"","ast-main-header-display":"","ast-hfb-above-header-display":"","ast-hfb-below-header-display":"","ast-hfb-mobile-header-display":"","site-post-title":"","ast-breadcrumbs-content":"","ast-featured-img":"","footer-sml-layout":"","theme-transparent-header-meta":"","adv-header-id-meta":"","stick-header-meta":"","header-above-stick-meta":"","header-main-stick-meta":"","header-below-stick-meta":"","astra-migrate-meta-layouts":"set","ast-page-background-enabled":"default","ast-page-background-meta":{"desktop":{"background-color":"var(--ast-global-color-4)","background-image":"","background-repeat":"repeat","background-position":"center center","background-size":"auto","background-attachment":"scroll","background-type":"","background-media":"","overlay-type":"","overlay-color":"","overlay-opacity":"","overlay-gradient":""},"tablet":{"background-color":"","background-image":"","background-repeat":"repeat","background-position":"center center","background-size":"auto","background-attachment":"scroll","background-type":"","background-media":"","overlay-type":"","overlay-color":"","overlay-opacity":"","overlay-gradient":""},"mobile":{"background-color":"","background-image":"","background-repeat":"repeat","background-position":"center center","background-size":"auto","background-attachment":"scroll","background-type":"","background-media":"","overlay-type":"","overlay-color":"","overlay-opacity":"","overlay-gradient":""}},"ast-content-background-meta":{"desktop":{"background-color":"var(--ast-global-color-5)","background-image":"","background-repeat":"repeat","background-position":"center center","background-size":"auto","background-attachment":"scroll","background-type":"","background-media":"","overlay-type":"","overlay-color":"","overlay-opacity":"","overlay-gradient":""},"tablet":{"background-color":"var(--ast-global-color-5)","background-image":"","background-repeat":"repeat","background-position":"center center","background-size":"auto","background-attachment":"scroll","background-type":"","background-media":"","overlay-type":"","overlay-color":"","overlay-opacity":"","overlay-gradient":""},"mobile":{"background-color":"var(--ast-global-color-5)","background-image":"","background-repeat":"repeat","background-position":"center center","background-size":"auto","background-attachment":"scroll","background-type":"","background-media":"","overlay-type":"","overlay-color":"","overlay-opacity":"","overlay-gradient":""}},"footnotes":""},"class_list":["post-911","page","type-page","status-publish","hentry"],"post_mailing_queue_ids":[],"_links":{"self":[{"href":"https:\/\/agora.xtec.cat\/insvilariera\/wp-json\/wp\/v2\/pages\/911","targetHints":{"allow":["GET"]}}],"collection":[{"href":"https:\/\/agora.xtec.cat\/insvilariera\/wp-json\/wp\/v2\/pages"}],"about":[{"href":"https:\/\/agora.xtec.cat\/insvilariera\/wp-json\/wp\/v2\/types\/page"}],"author":[{"embeddable":true,"href":"https:\/\/agora.xtec.cat\/insvilariera\/wp-json\/wp\/v2\/users\/1"}],"replies":[{"embeddable":true,"href":"https:\/\/agora.xtec.cat\/insvilariera\/wp-json\/wp\/v2\/comments?post=911"}],"version-history":[{"count":3,"href":"https:\/\/agora.xtec.cat\/insvilariera\/wp-json\/wp\/v2\/pages\/911\/revisions"}],"predecessor-version":[{"id":1647,"href":"https:\/\/agora.xtec.cat\/insvilariera\/wp-json\/wp\/v2\/pages\/911\/revisions\/1647"}],"wp:attachment":[{"href":"https:\/\/agora.xtec.cat\/insvilariera\/wp-json\/wp\/v2\/media?parent=911"}],"curies":[{"name":"wp","href":"https:\/\/api.w.org\/{rel}","templated":true}]}}