{"id":710,"date":"2025-03-04T19:17:09","date_gmt":"2025-03-04T18:17:09","guid":{"rendered":"https:\/\/agora.xtec.cat\/insvilariera\/?page_id=710"},"modified":"2026-03-10T10:33:03","modified_gmt":"2026-03-10T09:33:03","slug":"preinscripcio-i-matricula","status":"publish","type":"page","link":"https:\/\/agora.xtec.cat\/insvilariera\/preinscripcio-i-matricula\/","title":{"rendered":"Preinscripci\u00f3 i matr\u00edcula"},"content":{"rendered":"\n<p><strong>Per\u00edode: <\/strong>del 6 al 18 de mar\u00e7 de 2026<\/p>\n\n\n\n<p><strong>Trobareu tota la informaci\u00f3 al seg\u00fcent enlla\u00e7 on tamb\u00e9 heu de presentar la sol\u00b7licitud:&nbsp;&nbsp;<\/strong><\/p>\n\n\n\n<p><a href=\"https:\/\/preinscripcio.gencat.cat\/ca\/estudis\/eso\/inici\" target=\"_blank\" rel=\"noreferrer noopener\">https:\/\/preinscripcio.gencat.cat\/ca\/estudis\/eso\/inici<\/a><\/p>\n\n\n\n<p><\/p>\n\n\n\n<p>Totes les sol\u00b7licituds s\u00f3n en format telem\u00e0tic, per tant, no hi ha la &nbsp;possibilitat de full de preinscripci\u00f3 en paper.<\/p>\n\n\n\n<p><strong>Si tinc dubtes omplint la sol\u00b7licitud on em puc adre\u00e7ar?<\/strong><\/p>\n\n\n\n<p>Podeu posar-vos en contacte amb nosaltres a trav\u00e9s del tel\u00e8fon 972 74 07 61 o enviant un&nbsp; correu electr\u00f2nic a l\u2019adre\u00e7a <strong>b7006681@xtec.cat, <\/strong>i us ajudarem a completar el proc\u00e9s.<\/p>\n\n\n\n<p><strong>Informacions i recomanacions:<\/strong><\/p>\n\n\n\n<p>* Tenir fotografiada o escanejada la documentaci\u00f3 en el mateix dispositiu des d\u2019on es fa la sol\u00b7licitud.<\/p>\n\n\n\n<p>* El <strong>codi de centre del nostre institut \u00e9s 17006681<\/strong>, el necessitareu per indicar a quin centre voleu preinscriure-us.&nbsp;<\/p>\n\n\n\n<p>* Demaneu al vostre centre actual el N\u00fam. d\u2019Identificaci\u00f3 de l\u2019alumne a RALC (IDALU) per poder lligar la sol\u00b7licitud&nbsp;&nbsp;&nbsp;al seu expedient acad\u00e8mic i personal, tamb\u00e9 el podeu consultar <a href=\"https:\/\/educacio.gencat.cat\/ca\/tramits\/tramits-temes\/identificador-alumne\" target=\"_blank\" rel=\"noreferrer noopener\"><strong>clicant aqu\u00ed<\/strong><\/a>.<\/p>\n\n\n\n<p>* Cenyiu-vos al calendari establert.&nbsp;<\/p>\n\n\n\n<p><strong>Un cop feta la preinscripci\u00f3 per internet<\/strong><\/p>\n\n\n\n<p>Cal llegir i signar la<strong> <a href=\"https:\/\/agora.xtec.cat\/insvilariera\/wp-content\/uploads\/usu3469\/2025\/03\/Carta_compromis_educatiu-2.pdf\" data-type=\"attachment\" data-id=\"778\" target=\"_blank\" rel=\"noreferrer noopener\">Carta_compromis_educatiu <\/a> <\/strong>que trobareu a la p\u00e0gina web de l&#8217;institut.<\/p>\n\n\n\n<p>S&#8217;ha d&#8217;entregar a l&#8217;institut la <a href=\"https:\/\/agora.xtec.cat\/insvilariera\/wp-content\/uploads\/usu3469\/2026\/03\/fitxa-dades-2.pdf\" data-type=\"attachment\" data-id=\"784\" target=\"_blank\" rel=\"noreferrer noopener\">Fitxa de dades<\/a> omplerta i signada juntament amb la seg\u00fcent documentaci\u00f3:<\/p>\n\n\n\n<p>&#8211; Fotoc\u00f2pia del llibre de fam\u00edlia (de<strong> totes<\/strong> les p\u00e0gines escrites)<\/p>\n\n\n\n<p>&#8211; Fotoc\u00f2pia del DNI\/NIE\/Passaport de la persona sol\u00b7licitant.<\/p>\n\n\n\n<p>&#8211; Fotoc\u00f2pia de la targeta sanit\u00e0ria individual (TSI) de l&#8217;alumne.&nbsp;<\/p>\n\n\n\n<p>&#8211; Fotoc\u00f2pia del DNI\/NIE\/Passaport del <strong>pare i la mare<\/strong> o tutors legals.<\/p>\n\n\n\n<p>&#8211; Fotoc\u00f2pia del carnet de vacunacions de l&#8217;alumne\/a o certificat equivalent.&nbsp;<\/p>\n\n\n\n<p>&#8211; Certificaci\u00f3 municipal de conviv\u00e8ncia (quan el domicili que s&#8217;al\u00b7lega no coincideix amb el del DNI).&nbsp;<\/p>\n\n\n\n<p>&#8211; 1 foto de carnet.<\/p>\n\n\n\n<p>Es pot entregar personalment a la secretaria del centre o enviant un correu electr\u00f2nic a l&#8217;adre\u00e7a: b7006681@xtec.cat.<\/p>\n\n\n\n<p>Teniu temps fins al 18 de mar\u00e7.<\/p>\n","protected":false},"excerpt":{"rendered":"<p>Per\u00edode: del 6 al 18 de mar\u00e7 de 2026 Trobareu tota la informaci\u00f3 al seg\u00fcent enlla\u00e7 on tamb\u00e9 heu de presentar la sol\u00b7licitud:&nbsp;&nbsp; https:\/\/preinscripcio.gencat.cat\/ca\/estudis\/eso\/inici Totes les sol\u00b7licituds s\u00f3n en format telem\u00e0tic, per tant, no hi ha la &nbsp;possibilitat de full de preinscripci\u00f3 en paper. Si tinc dubtes omplint la sol\u00b7licitud on em puc adre\u00e7ar? Podeu [&hellip;]<\/p>\n","protected":false},"author":1,"featured_media":0,"parent":0,"menu_order":0,"comment_status":"closed","ping_status":"close","template":"","meta":{"site-sidebar-layout":"default","site-content-layout":"","ast-site-content-layout":"default","site-content-style":"default","site-sidebar-style":"default","ast-global-header-display":"","ast-banner-title-visibility":"","ast-main-header-display":"","ast-hfb-above-header-display":"","ast-hfb-below-header-display":"","ast-hfb-mobile-header-display":"","site-post-title":"","ast-breadcrumbs-content":"","ast-featured-img":"","footer-sml-layout":"","theme-transparent-header-meta":"","adv-header-id-meta":"","stick-header-meta":"","header-above-stick-meta":"","header-main-stick-meta":"","header-below-stick-meta":"","astra-migrate-meta-layouts":"set","ast-page-background-enabled":"default","ast-page-background-meta":{"desktop":{"background-color":"var(--ast-global-color-4)","background-image":"","background-repeat":"repeat","background-position":"center center","background-size":"auto","background-attachment":"scroll","background-type":"","background-media":"","overlay-type":"","overlay-color":"","overlay-opacity":"","overlay-gradient":""},"tablet":{"background-color":"","background-image":"","background-repeat":"repeat","background-position":"center center","background-size":"auto","background-attachment":"scroll","background-type":"","background-media":"","overlay-type":"","overlay-color":"","overlay-opacity":"","overlay-gradient":""},"mobile":{"background-color":"","background-image":"","background-repeat":"repeat","background-position":"center center","background-size":"auto","background-attachment":"scroll","background-type":"","background-media":"","overlay-type":"","overlay-color":"","overlay-opacity":"","overlay-gradient":""}},"ast-content-background-meta":{"desktop":{"background-color":"var(--ast-global-color-5)","background-image":"","background-repeat":"repeat","background-position":"center center","background-size":"auto","background-attachment":"scroll","background-type":"","background-media":"","overlay-type":"","overlay-color":"","overlay-opacity":"","overlay-gradient":""},"tablet":{"background-color":"var(--ast-global-color-5)","background-image":"","background-repeat":"repeat","background-position":"center center","background-size":"auto","background-attachment":"scroll","background-type":"","background-media":"","overlay-type":"","overlay-color":"","overlay-opacity":"","overlay-gradient":""},"mobile":{"background-color":"var(--ast-global-color-5)","background-image":"","background-repeat":"repeat","background-position":"center center","background-size":"auto","background-attachment":"scroll","background-type":"","background-media":"","overlay-type":"","overlay-color":"","overlay-opacity":"","overlay-gradient":""}},"footnotes":""},"class_list":["post-710","page","type-page","status-publish","hentry"],"post_mailing_queue_ids":[],"_links":{"self":[{"href":"https:\/\/agora.xtec.cat\/insvilariera\/wp-json\/wp\/v2\/pages\/710","targetHints":{"allow":["GET"]}}],"collection":[{"href":"https:\/\/agora.xtec.cat\/insvilariera\/wp-json\/wp\/v2\/pages"}],"about":[{"href":"https:\/\/agora.xtec.cat\/insvilariera\/wp-json\/wp\/v2\/types\/page"}],"author":[{"embeddable":true,"href":"https:\/\/agora.xtec.cat\/insvilariera\/wp-json\/wp\/v2\/users\/1"}],"replies":[{"embeddable":true,"href":"https:\/\/agora.xtec.cat\/insvilariera\/wp-json\/wp\/v2\/comments?post=710"}],"version-history":[{"count":6,"href":"https:\/\/agora.xtec.cat\/insvilariera\/wp-json\/wp\/v2\/pages\/710\/revisions"}],"predecessor-version":[{"id":1706,"href":"https:\/\/agora.xtec.cat\/insvilariera\/wp-json\/wp\/v2\/pages\/710\/revisions\/1706"}],"wp:attachment":[{"href":"https:\/\/agora.xtec.cat\/insvilariera\/wp-json\/wp\/v2\/media?parent=710"}],"curies":[{"name":"wp","href":"https:\/\/api.w.org\/{rel}","templated":true}]}}