{"id":621,"date":"2024-12-23T15:35:12","date_gmt":"2024-12-23T14:35:12","guid":{"rendered":"https:\/\/agora.xtec.cat\/insvilariera\/?page_id=621"},"modified":"2025-07-14T11:00:34","modified_gmt":"2025-07-14T09:00:34","slug":"families","status":"publish","type":"page","link":"https:\/\/agora.xtec.cat\/insvilariera\/families\/","title":{"rendered":"AFA"},"content":{"rendered":"\n<p>L\u2019Associaci\u00f3 de Fam\u00edlies d\u2019Alumnes aplega la pr\u00e0ctica totalitat de familiars dels nostres alumnes amb la intenci\u00f3 de participar de manera corporativa en la vida del centre.<br>Aquesta Associaci\u00f3 est\u00e0 regida per una Junta formada per pares i mares que en porten la coordinaci\u00f3 (8 o 10). El membres estan pendents de renovaci\u00f3 a principi de curs.<br>L\u2019Associaci\u00f3 es reuneix, almenys trimestralment, aprova la gesti\u00f3 de la Junta i estableix les l\u00ednies d\u2019actuaci\u00f3.<\/p>\n\n\n\n<h4 class=\"wp-block-heading\">Projecte cooperatiu de llibres<\/h4>\n\n\n\n<p>Enguany l\u2019AFA gestionar\u00e0 la compra-venta dels llibres de text i de llic\u00e8ncies digitals.<\/p>\n\n\n\n<h6 class=\"wp-block-heading\">Llibres digitals del curs 2025-26<\/h6>\n\n\n\n<div class=\"wp-block-file\"><a id=\"wp-block-file--media-6d50d39e-27e6-48cf-a036-1d25d7ae4a3a\" href=\"https:\/\/agora.xtec.cat\/insvilariera\/wp-content\/uploads\/usu3469\/2025\/07\/LLICENCIES-LLIBRES-DIGITALS-2025_26.xlsx\">LLIC\u00c8NCIES LLIBRES DIGITALS 2025_26<\/a><a href=\"https:\/\/agora.xtec.cat\/insvilariera\/wp-content\/uploads\/usu3469\/2025\/07\/LLICENCIES-LLIBRES-DIGITALS-2025_26.xlsx\" class=\"wp-block-file__button wp-element-button\" download aria-describedby=\"wp-block-file--media-6d50d39e-27e6-48cf-a036-1d25d7ae4a3a\">Baixa<\/a><\/div>\n","protected":false},"excerpt":{"rendered":"<p>L\u2019Associaci\u00f3 de Fam\u00edlies d\u2019Alumnes aplega la pr\u00e0ctica totalitat de familiars dels nostres alumnes amb la intenci\u00f3 de participar de manera corporativa en la vida del centre.Aquesta Associaci\u00f3 est\u00e0 regida per una Junta formada per pares i mares que en porten la coordinaci\u00f3 (8 o 10). El membres estan pendents de renovaci\u00f3 a principi de curs.L\u2019Associaci\u00f3 [&hellip;]<\/p>\n","protected":false},"author":1,"featured_media":0,"parent":0,"menu_order":0,"comment_status":"closed","ping_status":"close","template":"","meta":{"site-sidebar-layout":"no-sidebar","site-content-layout":"","ast-site-content-layout":"default","site-content-style":"default","site-sidebar-style":"default","ast-global-header-display":"","ast-banner-title-visibility":"","ast-main-header-display":"","ast-hfb-above-header-display":"","ast-hfb-below-header-display":"","ast-hfb-mobile-header-display":"","site-post-title":"","ast-breadcrumbs-content":"","ast-featured-img":"","footer-sml-layout":"","theme-transparent-header-meta":"","adv-header-id-meta":"","stick-header-meta":"","header-above-stick-meta":"","header-main-stick-meta":"","header-below-stick-meta":"","astra-migrate-meta-layouts":"set","ast-page-background-enabled":"default","ast-page-background-meta":{"desktop":{"background-color":"var(--ast-global-color-4)","background-image":"","background-repeat":"repeat","background-position":"center center","background-size":"auto","background-attachment":"scroll","background-type":"","background-media":"","overlay-type":"","overlay-color":"","overlay-opacity":"","overlay-gradient":""},"tablet":{"background-color":"","background-image":"","background-repeat":"repeat","background-position":"center center","background-size":"auto","background-attachment":"scroll","background-type":"","background-media":"","overlay-type":"","overlay-color":"","overlay-opacity":"","overlay-gradient":""},"mobile":{"background-color":"","background-image":"","background-repeat":"repeat","background-position":"center center","background-size":"auto","background-attachment":"scroll","background-type":"","background-media":"","overlay-type":"","overlay-color":"","overlay-opacity":"","overlay-gradient":""}},"ast-content-background-meta":{"desktop":{"background-color":"var(--ast-global-color-5)","background-image":"","background-repeat":"repeat","background-position":"center center","background-size":"auto","background-attachment":"scroll","background-type":"","background-media":"","overlay-type":"","overlay-color":"","overlay-opacity":"","overlay-gradient":""},"tablet":{"background-color":"var(--ast-global-color-5)","background-image":"","background-repeat":"repeat","background-position":"center center","background-size":"auto","background-attachment":"scroll","background-type":"","background-media":"","overlay-type":"","overlay-color":"","overlay-opacity":"","overlay-gradient":""},"mobile":{"background-color":"var(--ast-global-color-5)","background-image":"","background-repeat":"repeat","background-position":"center center","background-size":"auto","background-attachment":"scroll","background-type":"","background-media":"","overlay-type":"","overlay-color":"","overlay-opacity":"","overlay-gradient":""}},"footnotes":""},"class_list":["post-621","page","type-page","status-publish","hentry"],"post_mailing_queue_ids":[],"_links":{"self":[{"href":"https:\/\/agora.xtec.cat\/insvilariera\/wp-json\/wp\/v2\/pages\/621","targetHints":{"allow":["GET"]}}],"collection":[{"href":"https:\/\/agora.xtec.cat\/insvilariera\/wp-json\/wp\/v2\/pages"}],"about":[{"href":"https:\/\/agora.xtec.cat\/insvilariera\/wp-json\/wp\/v2\/types\/page"}],"author":[{"embeddable":true,"href":"https:\/\/agora.xtec.cat\/insvilariera\/wp-json\/wp\/v2\/users\/1"}],"replies":[{"embeddable":true,"href":"https:\/\/agora.xtec.cat\/insvilariera\/wp-json\/wp\/v2\/comments?post=621"}],"version-history":[{"count":6,"href":"https:\/\/agora.xtec.cat\/insvilariera\/wp-json\/wp\/v2\/pages\/621\/revisions"}],"predecessor-version":[{"id":1652,"href":"https:\/\/agora.xtec.cat\/insvilariera\/wp-json\/wp\/v2\/pages\/621\/revisions\/1652"}],"wp:attachment":[{"href":"https:\/\/agora.xtec.cat\/insvilariera\/wp-json\/wp\/v2\/media?parent=621"}],"curies":[{"name":"wp","href":"https:\/\/api.w.org\/{rel}","templated":true}]}}