{"id":77,"date":"2014-09-18T10:29:25","date_gmt":"2014-09-18T09:29:25","guid":{"rendered":"http:\/\/agora.xtec.cat\/insvilafranca2\/?page_id=77"},"modified":"2022-03-05T09:28:05","modified_gmt":"2022-03-05T08:28:05","slug":"transport-escolar","status":"publish","type":"page","link":"https:\/\/agora.xtec.cat\/insvilafranca2\/serveis\/transport-escolar\/","title":{"rendered":"Transport escolar"},"content":{"rendered":"<p><a href=\"https:\/\/tramits.ccapenedes.cat\/Ciutadania\/DescarregarDocument.aspx?Codi=5N6VSKIRYJ\"><strong>Qui t\u00e9 dret al servei a l\u2019ESO?<\/strong><\/a><\/p>\n<p>El Transport Escolar est\u00e0 organitzat pel Consell Comarcal de l\u2019Alt Pened\u00e8s, i el poden obtenir aquells alumnes que s\u2019han de despla\u00e7ar per no tenir oferta del seu nivell educatiu en el municipi.<\/p>\n<p>Aquest transport \u00e9s gratu\u00eft pels alumnes d\u2019ESO que viuen en un municipi proposat pel mapa escolar; i de pagament pels alumnes de Batxillerat.<\/p>\n<p>&nbsp;<\/p>\n<p>Les fam\u00edlies hauran de fer el tr\u00e0mit mitjan\u00e7ant la p\u00e0gina <a href=\"https:\/\/tramits.ccapenedes.cat\/Ciutadania\/DetallTramit.aspx?IdTema=59&amp;IdTramit=201\"><strong>web Consell Comarcal<\/strong><\/a> de l\u2019Alt Pened\u00e8s<\/p>\n<p>Les fam\u00edlies que, excepcionalment, no puguin realitzar la sol\u00b7licitud telem\u00e0ticament, poden sol\u00b7licitar cita pr\u00e8via a la pagina web del Consell Comarcal per fer-ho presencialment.<\/p>\n<p>&nbsp;<\/p>\n<p><strong>Horaris del Servei de Transport Escolar.<\/strong><\/p>\n<p>Cal consultar el web del\u00a0<a href=\"https:\/\/tramits.ccapenedes.cat\/Ciutadania\/DetallTramit.aspx?IdTema=73&amp;IdTramit=352\">Consell Comarcal (apartat parades i horaris de<strong> rutes del transport escolar.)<\/strong><\/a><\/p>\n","protected":false},"excerpt":{"rendered":"<p>Qui t\u00e9 dret al servei a l\u2019ESO? El Transport Escolar est\u00e0 organitzat pel Consell Comarcal de l\u2019Alt Pened\u00e8s, i el poden obtenir aquells alumnes que s\u2019han de despla\u00e7ar per no tenir oferta del seu nivell educatiu en el municipi. Aquest transport \u00e9s gratu\u00eft pels alumnes d\u2019ESO que viuen en un municipi proposat pel mapa escolar; [&hellip;]<\/p>\n","protected":false},"author":1,"featured_media":0,"parent":63,"menu_order":50,"comment_status":"closed","ping_status":"closed","template":"page-templates\/side-menu.php","meta":{"_bbp_topic_count":0,"_bbp_reply_count":0,"_bbp_total_topic_count":0,"_bbp_total_reply_count":0,"_bbp_voice_count":0,"_bbp_anonymous_reply_count":0,"_bbp_topic_count_hidden":0,"_bbp_reply_count_hidden":0,"_bbp_forum_subforum_count":0,"site-sidebar-layout":"default","site-content-layout":"","ast-site-content-layout":"","site-content-style":"default","site-sidebar-style":"default","ast-global-header-display":"","ast-banner-title-visibility":"","ast-main-header-display":"","ast-hfb-above-header-display":"","ast-hfb-below-header-display":"","ast-hfb-mobile-header-display":"","site-post-title":"","ast-breadcrumbs-content":"","ast-featured-img":"","footer-sml-layout":"","theme-transparent-header-meta":"","adv-header-id-meta":"","stick-header-meta":"","header-above-stick-meta":"","header-main-stick-meta":"","header-below-stick-meta":"","astra-migrate-meta-layouts":"default","ast-page-background-enabled":"default","ast-page-background-meta":{"desktop":{"background-color":"var(--ast-global-color-4)","background-image":"","background-repeat":"repeat","background-position":"center center","background-size":"auto","background-attachment":"scroll","background-type":"","background-media":"","overlay-type":"","overlay-color":"","overlay-opacity":"","overlay-gradient":""},"tablet":{"background-color":"","background-image":"","background-repeat":"repeat","background-position":"center center","background-size":"auto","background-attachment":"scroll","background-type":"","background-media":"","overlay-type":"","overlay-color":"","overlay-opacity":"","overlay-gradient":""},"mobile":{"background-color":"","background-image":"","background-repeat":"repeat","background-position":"center center","background-size":"auto","background-attachment":"scroll","background-type":"","background-media":"","overlay-type":"","overlay-color":"","overlay-opacity":"","overlay-gradient":""}},"ast-content-background-meta":{"desktop":{"background-color":"var(--ast-global-color-5)","background-image":"","background-repeat":"repeat","background-position":"center center","background-size":"auto","background-attachment":"scroll","background-type":"","background-media":"","overlay-type":"","overlay-color":"","overlay-opacity":"","overlay-gradient":""},"tablet":{"background-color":"var(--ast-global-color-5)","background-image":"","background-repeat":"repeat","background-position":"center center","background-size":"auto","background-attachment":"scroll","background-type":"","background-media":"","overlay-type":"","overlay-color":"","overlay-opacity":"","overlay-gradient":""},"mobile":{"background-color":"var(--ast-global-color-5)","background-image":"","background-repeat":"repeat","background-position":"center center","background-size":"auto","background-attachment":"scroll","background-type":"","background-media":"","overlay-type":"","overlay-color":"","overlay-opacity":"","overlay-gradient":""}},"footnotes":""},"class_list":["post-77","page","type-page","status-publish","hentry"],"post_mailing_queue_ids":[],"_links":{"self":[{"href":"https:\/\/agora.xtec.cat\/insvilafranca2\/wp-json\/wp\/v2\/pages\/77","targetHints":{"allow":["GET"]}}],"collection":[{"href":"https:\/\/agora.xtec.cat\/insvilafranca2\/wp-json\/wp\/v2\/pages"}],"about":[{"href":"https:\/\/agora.xtec.cat\/insvilafranca2\/wp-json\/wp\/v2\/types\/page"}],"author":[{"embeddable":true,"href":"https:\/\/agora.xtec.cat\/insvilafranca2\/wp-json\/wp\/v2\/users\/1"}],"replies":[{"embeddable":true,"href":"https:\/\/agora.xtec.cat\/insvilafranca2\/wp-json\/wp\/v2\/comments?post=77"}],"version-history":[{"count":3,"href":"https:\/\/agora.xtec.cat\/insvilafranca2\/wp-json\/wp\/v2\/pages\/77\/revisions"}],"predecessor-version":[{"id":1792,"href":"https:\/\/agora.xtec.cat\/insvilafranca2\/wp-json\/wp\/v2\/pages\/77\/revisions\/1792"}],"up":[{"embeddable":true,"href":"https:\/\/agora.xtec.cat\/insvilafranca2\/wp-json\/wp\/v2\/pages\/63"}],"wp:attachment":[{"href":"https:\/\/agora.xtec.cat\/insvilafranca2\/wp-json\/wp\/v2\/media?parent=77"}],"curies":[{"name":"wp","href":"https:\/\/api.w.org\/{rel}","templated":true}]}}