{"id":57,"date":"2014-09-17T17:01:07","date_gmt":"2014-09-17T17:01:07","guid":{"rendered":"http:\/\/agora.xtec.cat\/insvilafranca2\/?page_id=57"},"modified":"2026-03-01T14:44:02","modified_gmt":"2026-03-01T13:44:02","slug":"projecte-educatiu","status":"publish","type":"page","link":"https:\/\/agora.xtec.cat\/insvilafranca2\/documents-de-centre\/projecte-educatiu\/","title":{"rendered":"Projecte Educatiu {VLFRNCA-2}"},"content":{"rendered":"<ul>\n<li>Document del <strong style=\"color: #33cccc; font-size: 1em;\"><a style=\"color: #33cccc;\" href=\"https:\/\/drive.google.com\/file\/d\/1_Y4N3zi11BicuPZiOv981djJjx2PoIoC\/view?usp=drive_link\">PEC <\/a><\/strong>aprovat el 3 de maig de 2023 (<a href=\"https:\/\/drive.google.com\/file\/d\/1_Y4N3zi11BicuPZiOv981djJjx2PoIoC\/view?usp=sharing\">acc\u00e9s<\/a>).<\/li>\n<li>Podeu trobar imatges i v\u00eddeos a la web de <a href=\"https:\/\/www.canva.com\/design\/DAHAEfDzUQk\/Q9IUCEooyTGK-XJSEJRZWw\/edit?utm_content=DAHAEfDzUQk&amp;utm_campaign=designshare&amp;utm_medium=link2&amp;utm_source=sharebutton\">Preinscripci\u00f3<\/a><\/li>\n<li>Presentacions a les fam\u00edlies, clica la imatge<\/li>\n<\/ul>\n<p><a href=\"https:\/\/www.canva.com\/design\/DAGcEjmuqCI\/R1K1oG9iaKOsLyVK2S2oYA\/edit?utm_content=DAGcEjmuqCI&amp;utm_campaign=designshare&amp;utm_medium=link2&amp;utm_source=sharebutton\"><img loading=\"lazy\" decoding=\"async\" class=\"alignleft size-full wp-image-2903\" src=\"https:\/\/agora.xtec.cat\/insvilafranca2\/wp-content\/uploads\/usu2145\/2026\/02\/Captura-de-pantalla-2026-02-20-142255.png\" alt=\"\" width=\"851\" height=\"481\" srcset=\"https:\/\/agora.xtec.cat\/insvilafranca2\/wp-content\/uploads\/usu2145\/2026\/02\/Captura-de-pantalla-2026-02-20-142255.png 851w, https:\/\/agora.xtec.cat\/insvilafranca2\/wp-content\/uploads\/usu2145\/2026\/02\/Captura-de-pantalla-2026-02-20-142255-300x170.png 300w, https:\/\/agora.xtec.cat\/insvilafranca2\/wp-content\/uploads\/usu2145\/2026\/02\/Captura-de-pantalla-2026-02-20-142255-768x434.png 768w\" sizes=\"auto, (max-width: 851px) 100vw, 851px\" \/><\/a><\/p>\n<div style=\"position: relative; width: 100%; height: 0; padding-top: 56.2500%; padding-bottom: 48px; box-shadow: 0 2px 8px 0 rgba(63,69,81,0.16); margin-top: 1.6em; margin-bottom: 0.9em; overflow: hidden; border-radius: 8px; will-change: transform;\">\n<table style=\"border-collapse: collapse; width: 100%;\">\n<tbody>\n<tr>\n<td style=\"width: 100%;\"><\/td>\n<\/tr>\n<\/tbody>\n<\/table>\n<p><iframe style=\"position: absolute; width: 100%; height: 100%; top: 0; left: 0; border: none; padding: 0; margin: 0;\" src=\"https:\/\/www.canva.com\/design\/DAE3mQlnYiA\/view?embed\" allowfullscreen=\"allowfullscreen\"><br \/>\n<\/iframe><\/p>\n<\/div>\n<p><a href=\"https:\/\/www.canva.com\/design\/DAE3mQlnYiA\/view?utm_content=DAE3mQlnYiA&amp;utm_campaign=designshare&amp;utm_medium=embeds&amp;utm_source=link\" target=\"_blank\" rel=\"noopener\">Preinscripci\u00f3 22 23<\/a> de MONTSERRAT VALLE REBOLLO<\/p>\n<div style=\"position: relative; width: 100%; height: 0; padding-top: 56.2500%; padding-bottom: 48px; box-shadow: 0 2px 8px 0 rgba(63,69,81,0.16); margin-top: 1.6em; margin-bottom: 0.9em; overflow: hidden; border-radius: 8px; will-change: transform;\"><iframe style=\"position: absolute; width: 100%; height: 100%; top: 0; left: 0; border: none; padding: 0; margin: 0;\" src=\"https:\/\/www.canva.com\/design\/DAD117asR0Y\/view?embed\"><br \/>\n<\/iframe><\/div>\n<p><a href=\"https:\/\/www.canva.com\/design\/DAD117asR0Y\/view?utm_content=DAD117asR0Y&amp;utm_campaign=designshare&amp;utm_medium=embeds&amp;utm_source=link\" target=\"_blank\" rel=\"noopener noreferrer\">PRESENTACI\u00d3 VILAFRANCA 2<\/a> de MONTSERRAT VALLE REBOLLO<\/p>\n","protected":false},"excerpt":{"rendered":"<p>Document del PEC aprovat el 3 de maig de 2023 (acc\u00e9s). Podeu trobar imatges i v\u00eddeos a la web de Preinscripci\u00f3 Presentacions a les fam\u00edlies, clica la imatge Preinscripci\u00f3 22 23 de MONTSERRAT VALLE REBOLLO PRESENTACI\u00d3 VILAFRANCA 2 de MONTSERRAT VALLE REBOLLO<\/p>\n","protected":false},"author":1,"featured_media":0,"parent":546,"menu_order":1,"comment_status":"closed","ping_status":"closed","template":"","meta":{"_bbp_topic_count":0,"_bbp_reply_count":0,"_bbp_total_topic_count":0,"_bbp_total_reply_count":0,"_bbp_voice_count":0,"_bbp_anonymous_reply_count":0,"_bbp_topic_count_hidden":0,"_bbp_reply_count_hidden":0,"_bbp_forum_subforum_count":0,"site-sidebar-layout":"default","site-content-layout":"","ast-site-content-layout":"default","site-content-style":"default","site-sidebar-style":"default","ast-global-header-display":"","ast-banner-title-visibility":"","ast-main-header-display":"","ast-hfb-above-header-display":"","ast-hfb-below-header-display":"","ast-hfb-mobile-header-display":"","site-post-title":"","ast-breadcrumbs-content":"","ast-featured-img":"","footer-sml-layout":"","theme-transparent-header-meta":"","adv-header-id-meta":"","stick-header-meta":"","header-above-stick-meta":"","header-main-stick-meta":"","header-below-stick-meta":"","astra-migrate-meta-layouts":"set","ast-page-background-enabled":"default","ast-page-background-meta":{"desktop":{"background-color":"var(--ast-global-color-4)","background-image":"","background-repeat":"repeat","background-position":"center center","background-size":"auto","background-attachment":"scroll","background-type":"","background-media":"","overlay-type":"","overlay-color":"","overlay-opacity":"","overlay-gradient":""},"tablet":{"background-color":"","background-image":"","background-repeat":"repeat","background-position":"center center","background-size":"auto","background-attachment":"scroll","background-type":"","background-media":"","overlay-type":"","overlay-color":"","overlay-opacity":"","overlay-gradient":""},"mobile":{"background-color":"","background-image":"","background-repeat":"repeat","background-position":"center center","background-size":"auto","background-attachment":"scroll","background-type":"","background-media":"","overlay-type":"","overlay-color":"","overlay-opacity":"","overlay-gradient":""}},"ast-content-background-meta":{"desktop":{"background-color":"var(--ast-global-color-5)","background-image":"","background-repeat":"repeat","background-position":"center center","background-size":"auto","background-attachment":"scroll","background-type":"","background-media":"","overlay-type":"","overlay-color":"","overlay-opacity":"","overlay-gradient":""},"tablet":{"background-color":"var(--ast-global-color-5)","background-image":"","background-repeat":"repeat","background-position":"center center","background-size":"auto","background-attachment":"scroll","background-type":"","background-media":"","overlay-type":"","overlay-color":"","overlay-opacity":"","overlay-gradient":""},"mobile":{"background-color":"var(--ast-global-color-5)","background-image":"","background-repeat":"repeat","background-position":"center center","background-size":"auto","background-attachment":"scroll","background-type":"","background-media":"","overlay-type":"","overlay-color":"","overlay-opacity":"","overlay-gradient":""}},"footnotes":""},"class_list":["post-57","page","type-page","status-publish","hentry"],"post_mailing_queue_ids":[],"_links":{"self":[{"href":"https:\/\/agora.xtec.cat\/insvilafranca2\/wp-json\/wp\/v2\/pages\/57","targetHints":{"allow":["GET"]}}],"collection":[{"href":"https:\/\/agora.xtec.cat\/insvilafranca2\/wp-json\/wp\/v2\/pages"}],"about":[{"href":"https:\/\/agora.xtec.cat\/insvilafranca2\/wp-json\/wp\/v2\/types\/page"}],"author":[{"embeddable":true,"href":"https:\/\/agora.xtec.cat\/insvilafranca2\/wp-json\/wp\/v2\/users\/1"}],"replies":[{"embeddable":true,"href":"https:\/\/agora.xtec.cat\/insvilafranca2\/wp-json\/wp\/v2\/comments?post=57"}],"version-history":[{"count":6,"href":"https:\/\/agora.xtec.cat\/insvilafranca2\/wp-json\/wp\/v2\/pages\/57\/revisions"}],"predecessor-version":[{"id":2923,"href":"https:\/\/agora.xtec.cat\/insvilafranca2\/wp-json\/wp\/v2\/pages\/57\/revisions\/2923"}],"up":[{"embeddable":true,"href":"https:\/\/agora.xtec.cat\/insvilafranca2\/wp-json\/wp\/v2\/pages\/546"}],"wp:attachment":[{"href":"https:\/\/agora.xtec.cat\/insvilafranca2\/wp-json\/wp\/v2\/media?parent=57"}],"curies":[{"name":"wp","href":"https:\/\/api.w.org\/{rel}","templated":true}]}}