{"id":9478,"date":"2026-01-25T19:27:08","date_gmt":"2026-01-25T18:27:08","guid":{"rendered":"https:\/\/agora.xtec.cat\/insvilafranca\/?page_id=9478"},"modified":"2026-03-25T14:01:14","modified_gmt":"2026-03-25T13:01:14","slug":"projecte-erasmus","status":"publish","type":"page","link":"https:\/\/agora.xtec.cat\/insvilafranca\/projecte-erasmus\/","title":{"rendered":"Projecte Erasmus"},"content":{"rendered":"<p><b>Projecte Erasmus KA-122 (curs 2025-2027)<\/b><\/p>\n<p><em><span style=\"font-weight: 400;\">OBJECTIU 1. <\/span><span style=\"font-weight: 400;\">Millorar la consci\u00e8ncia medioambiental (reducci\u00f3 de residus, reciclatge i consum sostenible de la comunitat educativa).<\/span><\/em><\/p>\n<p><em><span style=\"font-weight: 400;\">OBJECTIU 2. Millorar la producci\u00f3 oral i escrita en angl\u00e8s de l\u2019alumnat<\/span><\/em><\/p>\n<p dir=\"ltr\">\n<p><strong>Mobilitats:\u00a0<\/strong><\/p>\n<table>\n<tbody>\n<tr>\n<td>\n<h5><strong>TEMPORITZACI\u00d3<\/strong><\/h5>\n<\/td>\n<td>\n<h5><strong>CENTRE<\/strong><\/h5>\n<\/td>\n<td>\n<h5><strong>ACTIVITAT<\/strong><\/h5>\n<\/td>\n<\/tr>\n<tr>\n<td><span style=\"font-weight: 400;\">Novembre 2025<\/span><\/td>\n<td>Institut La Girada<\/td>\n<td><span style=\"font-weight: 400;\">acollida de l\u2019alumnat de B\u00fchl a Vilafranca del Pened\u00e8s<\/span><\/p>\n<p><a href=\"https:\/\/agora.xtec.cat\/insvilafranca\/eso\/eso-4\/intercanvi-amb-bulh-setmana-del-21-al-28-de-novembre\/\"><span style=\"font-weight: 400;\">Llegeix la not\u00edcia a la web<\/span><\/a><\/td>\n<\/tr>\n<tr>\n<td><span style=\"font-weight: 400;\">Desembre 2025<\/span><\/td>\n<td><span style=\"font-weight: 400;\">Enerjisa \u00cdstanbul Mesleki ve Teknik Anadolu Lisesi<\/span><\/td>\n<td><span style=\"font-weight: 400;\">aprenentatge per observaci\u00f3 de la cap del Departament d\u2019angl\u00e8s<\/span><\/p>\n<p><a href=\"https:\/\/agora.xtec.cat\/insvilafranca\/portada\/mobilitat-erasmus-a-istambul\/\"><span style=\"font-weight: 400;\">Llegeix la not\u00edcia a la web<\/span><\/a><\/td>\n<\/tr>\n<tr>\n<td><span style=\"font-weight: 400;\">Mar\u00e7 2026<\/span><\/td>\n<td><span style=\"font-weight: 400;\">Carl-Netter-Realschule<\/span><\/td>\n<td><span style=\"font-weight: 400;\">mobilitat de l\u2019alumnat de Vilafranca del Pened\u00e8s a B\u00fchl<\/span><\/p>\n<p><span style=\"font-weight: 400;\">Llegeix la not\u00edcia a la web<\/span><\/td>\n<\/tr>\n<\/tbody>\n<\/table>\n<p dir=\"ltr\">\n<p dir=\"ltr\"><strong>Projecte eTwinning<\/strong><\/p>\n<p dir=\"ltr\">\n<p dir=\"ltr\"><img decoding=\"async\" class=\"an1\" draggable=\"false\" src=\"https:\/\/fonts.gstatic.com\/s\/e\/notoemoji\/16.0\/1f3c6\/72.png\" alt=\"\ud83c\udfc6\" data-emoji=\"\ud83c\udfc6\" aria-label=\"\ud83c\udfc6\" \/>El projecte &#8220;Create your own village&#8221; [Crea el teu propi poble] del curs 2024-25 ha obtingut un Segell de Qualitat Nacional i el Segell de Qualitat Europeu. Volem felicitar a tot l&#8217;alumnat de 4t que va formar per del projecte, aix\u00ed com als docents que el van desenvolupar.<\/p>\n<p dir=\"ltr\"><img decoding=\"async\" class=\"an1\" draggable=\"false\" src=\"https:\/\/fonts.gstatic.com\/s\/e\/notoemoji\/16.0\/1f310\/72.png\" alt=\"\ud83c\udf10\" data-emoji=\"\ud83c\udf10\" aria-label=\"\ud83c\udf10\" \/> Es tracta d\u2019un projecte eTwinning on l\u2019alumnat va treballar amb estudiants de B\u00e8lgica It\u00e0lia i Turquia.<\/p>\n<hr \/>\n<p dir=\"ltr\"><img decoding=\"async\" class=\"an1\" draggable=\"false\" src=\"https:\/\/fonts.gstatic.com\/s\/e\/notoemoji\/16.0\/1f3c6\/72.png\" alt=\"\ud83c\udfc6\" data-emoji=\"\ud83c\udfc6\" aria-label=\"\ud83c\udfc6\" \/>The project &#8220;Create your own village&#8221; that students developed in 2024-25 was awarded with the National Quality Label and the European Quality Label. We would like to congratulate all the 4th of ESO students who took part in the project, as well as the teachers who developed it.<\/p>\n<p dir=\"ltr\"><img decoding=\"async\" class=\"an1\" draggable=\"false\" src=\"https:\/\/fonts.gstatic.com\/s\/e\/notoemoji\/16.0\/1f310\/72.png\" alt=\"\ud83c\udf10\" data-emoji=\"\ud83c\udf10\" aria-label=\"\ud83c\udf10\" \/> In this eTwinning project, students worked with learners from Belgium, Italy and Turkey.<\/p>\n<p dir=\"ltr\"><img loading=\"lazy\" decoding=\"async\" class=\"aligncenter size-large wp-image-9479\" src=\"https:\/\/agora.xtec.cat\/insvilafranca\/wp-content\/uploads\/usu75\/2026\/01\/IG_International_Nou_20260125_181233_0000-1024x1024.jpg\" alt=\"\" width=\"1024\" height=\"1024\" srcset=\"https:\/\/agora.xtec.cat\/insvilafranca\/wp-content\/uploads\/usu75\/2026\/01\/IG_International_Nou_20260125_181233_0000-1024x1024.jpg 1024w, https:\/\/agora.xtec.cat\/insvilafranca\/wp-content\/uploads\/usu75\/2026\/01\/IG_International_Nou_20260125_181233_0000-300x300.jpg 300w, https:\/\/agora.xtec.cat\/insvilafranca\/wp-content\/uploads\/usu75\/2026\/01\/IG_International_Nou_20260125_181233_0000-150x150.jpg 150w, https:\/\/agora.xtec.cat\/insvilafranca\/wp-content\/uploads\/usu75\/2026\/01\/IG_International_Nou_20260125_181233_0000-768x768.jpg 768w, https:\/\/agora.xtec.cat\/insvilafranca\/wp-content\/uploads\/usu75\/2026\/01\/IG_International_Nou_20260125_181233_0000.jpg 1080w\" sizes=\"auto, (max-width: 1024px) 100vw, 1024px\" \/><\/p>\n<p dir=\"ltr\"><img loading=\"lazy\" decoding=\"async\" class=\"aligncenter size-large wp-image-9480\" src=\"https:\/\/agora.xtec.cat\/insvilafranca\/wp-content\/uploads\/usu75\/2026\/01\/1000129791-1024x1024.jpg\" alt=\"\" width=\"1024\" height=\"1024\" srcset=\"https:\/\/agora.xtec.cat\/insvilafranca\/wp-content\/uploads\/usu75\/2026\/01\/1000129791-1024x1024.jpg 1024w, https:\/\/agora.xtec.cat\/insvilafranca\/wp-content\/uploads\/usu75\/2026\/01\/1000129791-300x300.jpg 300w, https:\/\/agora.xtec.cat\/insvilafranca\/wp-content\/uploads\/usu75\/2026\/01\/1000129791-150x150.jpg 150w, https:\/\/agora.xtec.cat\/insvilafranca\/wp-content\/uploads\/usu75\/2026\/01\/1000129791-768x768.jpg 768w, https:\/\/agora.xtec.cat\/insvilafranca\/wp-content\/uploads\/usu75\/2026\/01\/1000129791.jpg 1080w\" sizes=\"auto, (max-width: 1024px) 100vw, 1024px\" \/><\/p>\n<p dir=\"ltr\"><img loading=\"lazy\" decoding=\"async\" class=\"aligncenter size-large wp-image-9481\" src=\"https:\/\/agora.xtec.cat\/insvilafranca\/wp-content\/uploads\/usu75\/2026\/01\/1000129789-1024x1024.jpg\" alt=\"\" width=\"1024\" height=\"1024\" srcset=\"https:\/\/agora.xtec.cat\/insvilafranca\/wp-content\/uploads\/usu75\/2026\/01\/1000129789-1024x1024.jpg 1024w, https:\/\/agora.xtec.cat\/insvilafranca\/wp-content\/uploads\/usu75\/2026\/01\/1000129789-300x300.jpg 300w, https:\/\/agora.xtec.cat\/insvilafranca\/wp-content\/uploads\/usu75\/2026\/01\/1000129789-150x150.jpg 150w, https:\/\/agora.xtec.cat\/insvilafranca\/wp-content\/uploads\/usu75\/2026\/01\/1000129789-768x768.jpg 768w, https:\/\/agora.xtec.cat\/insvilafranca\/wp-content\/uploads\/usu75\/2026\/01\/1000129789.jpg 1080w\" sizes=\"auto, (max-width: 1024px) 100vw, 1024px\" \/><\/p>\n","protected":false},"excerpt":{"rendered":"<p>Projecte Erasmus KA-122 (curs 2025-2027) OBJECTIU 1. Millorar la consci\u00e8ncia medioambiental (reducci\u00f3 de residus, reciclatge i consum sostenible de la comunitat educativa). OBJECTIU 2. Millorar la producci\u00f3 oral i escrita en angl\u00e8s de l\u2019alumnat Mobilitats:\u00a0 TEMPORITZACI\u00d3 CENTRE ACTIVITAT Novembre 2025 Institut La Girada acollida de l\u2019alumnat de B\u00fchl a Vilafranca del Pened\u00e8s Llegeix la not\u00edcia [&hellip;]<\/p>\n","protected":false},"author":1,"featured_media":0,"parent":0,"menu_order":0,"comment_status":"closed","ping_status":"closed","template":"","meta":{"_bbp_topic_count":0,"_bbp_reply_count":0,"_bbp_total_topic_count":0,"_bbp_total_reply_count":0,"_bbp_voice_count":0,"_bbp_anonymous_reply_count":0,"_bbp_topic_count_hidden":0,"_bbp_reply_count_hidden":0,"_bbp_forum_subforum_count":0,"site-sidebar-layout":"default","site-content-layout":"","ast-site-content-layout":"default","site-content-style":"default","site-sidebar-style":"default","ast-global-header-display":"","ast-banner-title-visibility":"","ast-main-header-display":"","ast-hfb-above-header-display":"","ast-hfb-below-header-display":"","ast-hfb-mobile-header-display":"","site-post-title":"","ast-breadcrumbs-content":"","ast-featured-img":"","footer-sml-layout":"","theme-transparent-header-meta":"default","adv-header-id-meta":"","stick-header-meta":"","header-above-stick-meta":"","header-main-stick-meta":"","header-below-stick-meta":"","astra-migrate-meta-layouts":"set","ast-page-background-enabled":"default","ast-page-background-meta":{"desktop":{"background-color":"var(--ast-global-color-4)","background-image":"","background-repeat":"repeat","background-position":"center center","background-size":"auto","background-attachment":"scroll","background-type":"","background-media":"","overlay-type":"","overlay-color":"","overlay-opacity":"","overlay-gradient":""},"tablet":{"background-color":"","background-image":"","background-repeat":"repeat","background-position":"center center","background-size":"auto","background-attachment":"scroll","background-type":"","background-media":"","overlay-type":"","overlay-color":"","overlay-opacity":"","overlay-gradient":""},"mobile":{"background-color":"","background-image":"","background-repeat":"repeat","background-position":"center center","background-size":"auto","background-attachment":"scroll","background-type":"","background-media":"","overlay-type":"","overlay-color":"","overlay-opacity":"","overlay-gradient":""}},"ast-content-background-meta":{"desktop":{"background-color":"var(--ast-global-color-5)","background-image":"","background-repeat":"repeat","background-position":"center center","background-size":"auto","background-attachment":"scroll","background-type":"","background-media":"","overlay-type":"","overlay-color":"","overlay-opacity":"","overlay-gradient":""},"tablet":{"background-color":"var(--ast-global-color-5)","background-image":"","background-repeat":"repeat","background-position":"center center","background-size":"auto","background-attachment":"scroll","background-type":"","background-media":"","overlay-type":"","overlay-color":"","overlay-opacity":"","overlay-gradient":""},"mobile":{"background-color":"var(--ast-global-color-5)","background-image":"","background-repeat":"repeat","background-position":"center center","background-size":"auto","background-attachment":"scroll","background-type":"","background-media":"","overlay-type":"","overlay-color":"","overlay-opacity":"","overlay-gradient":""}},"footnotes":""},"class_list":["post-9478","page","type-page","status-publish","hentry"],"post_mailing_queue_ids":[],"_links":{"self":[{"href":"https:\/\/agora.xtec.cat\/insvilafranca\/wp-json\/wp\/v2\/pages\/9478","targetHints":{"allow":["GET"]}}],"collection":[{"href":"https:\/\/agora.xtec.cat\/insvilafranca\/wp-json\/wp\/v2\/pages"}],"about":[{"href":"https:\/\/agora.xtec.cat\/insvilafranca\/wp-json\/wp\/v2\/types\/page"}],"author":[{"embeddable":true,"href":"https:\/\/agora.xtec.cat\/insvilafranca\/wp-json\/wp\/v2\/users\/1"}],"replies":[{"embeddable":true,"href":"https:\/\/agora.xtec.cat\/insvilafranca\/wp-json\/wp\/v2\/comments?post=9478"}],"version-history":[{"count":2,"href":"https:\/\/agora.xtec.cat\/insvilafranca\/wp-json\/wp\/v2\/pages\/9478\/revisions"}],"predecessor-version":[{"id":9656,"href":"https:\/\/agora.xtec.cat\/insvilafranca\/wp-json\/wp\/v2\/pages\/9478\/revisions\/9656"}],"wp:attachment":[{"href":"https:\/\/agora.xtec.cat\/insvilafranca\/wp-json\/wp\/v2\/media?parent=9478"}],"curies":[{"name":"wp","href":"https:\/\/api.w.org\/{rel}","templated":true}]}}