{"id":776,"date":"2016-07-01T12:16:52","date_gmt":"2016-07-01T11:16:52","guid":{"rendered":"http:\/\/agora.xtec.cat\/insvilafranca\/?page_id=776"},"modified":"2019-04-03T14:41:22","modified_gmt":"2019-04-03T12:41:22","slug":"optatives-2n-eso","status":"publish","type":"page","link":"https:\/\/agora.xtec.cat\/insvilafranca\/estudis\/optatives-2n-eso\/","title":{"rendered":"Optatives 2n ESO"},"content":{"rendered":"<p><strong>Optatives per 2n ESO Curs 2018-19<\/strong><\/p>\n<ul>\n<li>Hi ha una franja d\u2019optatives. S\u00f3n quadrimestrals.<\/li>\n<\/ul>\n<table>\n<tbody>\n<tr>\n<td><strong>TECNOLOGIA\u00a0<\/strong><\/td>\n<td>\u00a0<span style=\"font-family: inherit; font-size: 0.875em;\">ROB\u00d2TICA<\/span><\/p>\n<div>L\u2019<span class=\"il\">optativa<\/span>\u00a0de rob\u00f2tica permet aprendre inform\u00e0tica i tecnologia d\u2019una forma divertida. Construirem robots i aprendrem a programar-los perqu\u00e8 puguin superar cada vegada reptes m\u00e9s dif\u00edcils.\u00a0 Utilitzem els robots Lego Mindstorms EVE3.<\/div>\n<\/td>\n<\/tr>\n<tr>\n<td><strong>CATAL\u00c0<\/strong><\/p>\n<p><strong>\u00a0<\/strong><\/td>\n<td>LLEGIM<\/p>\n<p>&nbsp;<\/p>\n<p>L\u2019objectiu d\u2019aquesta\u00a0<span class=\"il\">optativa<\/span>\u00a0\u00e9s millorar la compet\u00e8ncia lectora, \u00e9s a dir, entendre el que es llegeix.<\/p>\n<p>&nbsp;<\/p>\n<p>En aquesta\u00a0<span class=\"il\">optativa<\/span>\u00a0es treballaran:<\/p>\n<p>Textos de tipologia diversa (contes, textos de la vida quotidiana, dels mitjans de comunicaci\u00f3 &#8230;)<\/p>\n<p>El l\u00e8xic vinculat al text, per a l\u2019enriquiment del vocabulari personal.<\/p>\n<p>La lectura expressiva (velocitat, entonaci\u00f3, volum&#8230;) o lectura en veu alta.<\/p>\n<p>Activitats variades i l\u00fadiques de comprensi\u00f3 i efic\u00e0cia lectora.<\/p>\n<p>Activitats d\u2019autoavaluaci\u00f3 perqu\u00e8 es reflexioni sobre el proc\u00e9s d\u2019aprenentatge.<\/p>\n<p>&nbsp;<\/td>\n<\/tr>\n<tr>\n<td><strong>XIN\u00c8S II\u00a0<\/strong><\/td>\n<td><strong>Llengua i cultura xineses 2. \u00a0\u00a0<\/strong>\u5b66\u4e60\u6c49\u8bed\u5f88\u6709\u610f\u601d\uff01<\/p>\n<p>\u00b7\u00a0\u00a0\u00a0\u00a0\u00a0\u00a0\u00a0\u00a0 Rep\u00e0s dels continguts apresos a xin\u00e8s 1.<\/p>\n<p>\u00b7\u00a0\u00a0\u00a0\u00a0\u00a0\u00a0\u00a0\u00a0 Adquirir m\u00e9s recursos per a l&#8217;expressi\u00f3 oral i escrita.<\/p>\n<p>\u00b7\u00a0\u00a0\u00a0\u00a0\u00a0\u00a0\u00a0\u00a0 Ampliar el nombre de situacions de la vida quotidiana en les quals hom pot comunicar-se en xin\u00e8s.<\/p>\n<p>\u00b7\u00a0\u00a0\u00a0\u00a0\u00a0\u00a0\u00a0\u00a0 Ampliar l&#8217;estudi dels car\u00e0cters xinesos.<\/p>\n<p>\u00b7\u00a0\u00a0\u00a0\u00a0\u00a0\u00a0\u00a0\u00a0 Possibilitat d&#8217;examinar-se del nivell YCT 2 \u00a0(Youth Chinese Test)<\/td>\n<\/tr>\n<tr>\n<td><strong>CI\u00c8NCIES <\/strong><strong>EXPERIMENTALS <\/strong><\/p>\n<p>&nbsp;<\/td>\n<td><strong>Petites investigacions<\/strong><\/p>\n<p>Aquesta optativa est\u00e0 adre\u00e7ada a alumnes amb inquietud cient\u00edfica que vulguin iniciar-se en l\u2019aplicaci\u00f3 del m\u00e8tode cient\u00edfic com a font de coneixement.<\/p>\n<p>Es plantejaran problemes i es q\u00fcestionaran fets que s\u2019hauran de resoldre mitjan\u00e7ant la realitzaci\u00f3 d\u2019experi\u00e8ncies senzilles de laboratori.<\/td>\n<\/tr>\n<\/tbody>\n<\/table>\n<p>&nbsp;<\/p>\n","protected":false},"excerpt":{"rendered":"<p>Optatives per 2n ESO Curs 2018-19 Hi ha una franja d\u2019optatives. S\u00f3n quadrimestrals. TECNOLOGIA\u00a0 \u00a0ROB\u00d2TICA L\u2019optativa\u00a0de rob\u00f2tica permet aprendre inform\u00e0tica i tecnologia d\u2019una forma divertida. Construirem robots i aprendrem a programar-los perqu\u00e8 puguin superar cada vegada reptes m\u00e9s dif\u00edcils.\u00a0 Utilitzem els robots Lego Mindstorms EVE3. CATAL\u00c0 \u00a0 LLEGIM &nbsp; L\u2019objectiu d\u2019aquesta\u00a0optativa\u00a0\u00e9s millorar la compet\u00e8ncia lectora, [&hellip;]<\/p>\n","protected":false},"author":1,"featured_media":0,"parent":195,"menu_order":0,"comment_status":"closed","ping_status":"closed","template":"","meta":{"_bbp_topic_count":0,"_bbp_reply_count":0,"_bbp_total_topic_count":0,"_bbp_total_reply_count":0,"_bbp_voice_count":0,"_bbp_anonymous_reply_count":0,"_bbp_topic_count_hidden":0,"_bbp_reply_count_hidden":0,"_bbp_forum_subforum_count":0,"site-sidebar-layout":"default","site-content-layout":"","ast-site-content-layout":"","site-content-style":"default","site-sidebar-style":"default","ast-global-header-display":"","ast-banner-title-visibility":"","ast-main-header-display":"","ast-hfb-above-header-display":"","ast-hfb-below-header-display":"","ast-hfb-mobile-header-display":"","site-post-title":"","ast-breadcrumbs-content":"","ast-featured-img":"","footer-sml-layout":"","theme-transparent-header-meta":"","adv-header-id-meta":"","stick-header-meta":"","header-above-stick-meta":"","header-main-stick-meta":"","header-below-stick-meta":"","astra-migrate-meta-layouts":"default","ast-page-background-enabled":"default","ast-page-background-meta":{"desktop":{"background-color":"var(--ast-global-color-4)","background-image":"","background-repeat":"repeat","background-position":"center center","background-size":"auto","background-attachment":"scroll","background-type":"","background-media":"","overlay-type":"","overlay-color":"","overlay-opacity":"","overlay-gradient":""},"tablet":{"background-color":"","background-image":"","background-repeat":"repeat","background-position":"center center","background-size":"auto","background-attachment":"scroll","background-type":"","background-media":"","overlay-type":"","overlay-color":"","overlay-opacity":"","overlay-gradient":""},"mobile":{"background-color":"","background-image":"","background-repeat":"repeat","background-position":"center center","background-size":"auto","background-attachment":"scroll","background-type":"","background-media":"","overlay-type":"","overlay-color":"","overlay-opacity":"","overlay-gradient":""}},"ast-content-background-meta":{"desktop":{"background-color":"var(--ast-global-color-5)","background-image":"","background-repeat":"repeat","background-position":"center center","background-size":"auto","background-attachment":"scroll","background-type":"","background-media":"","overlay-type":"","overlay-color":"","overlay-opacity":"","overlay-gradient":""},"tablet":{"background-color":"var(--ast-global-color-5)","background-image":"","background-repeat":"repeat","background-position":"center center","background-size":"auto","background-attachment":"scroll","background-type":"","background-media":"","overlay-type":"","overlay-color":"","overlay-opacity":"","overlay-gradient":""},"mobile":{"background-color":"var(--ast-global-color-5)","background-image":"","background-repeat":"repeat","background-position":"center center","background-size":"auto","background-attachment":"scroll","background-type":"","background-media":"","overlay-type":"","overlay-color":"","overlay-opacity":"","overlay-gradient":""}},"footnotes":""},"class_list":["post-776","page","type-page","status-publish","hentry"],"post_mailing_queue_ids":[],"_links":{"self":[{"href":"https:\/\/agora.xtec.cat\/insvilafranca\/wp-json\/wp\/v2\/pages\/776","targetHints":{"allow":["GET"]}}],"collection":[{"href":"https:\/\/agora.xtec.cat\/insvilafranca\/wp-json\/wp\/v2\/pages"}],"about":[{"href":"https:\/\/agora.xtec.cat\/insvilafranca\/wp-json\/wp\/v2\/types\/page"}],"author":[{"embeddable":true,"href":"https:\/\/agora.xtec.cat\/insvilafranca\/wp-json\/wp\/v2\/users\/1"}],"replies":[{"embeddable":true,"href":"https:\/\/agora.xtec.cat\/insvilafranca\/wp-json\/wp\/v2\/comments?post=776"}],"version-history":[{"count":2,"href":"https:\/\/agora.xtec.cat\/insvilafranca\/wp-json\/wp\/v2\/pages\/776\/revisions"}],"predecessor-version":[{"id":2659,"href":"https:\/\/agora.xtec.cat\/insvilafranca\/wp-json\/wp\/v2\/pages\/776\/revisions\/2659"}],"up":[{"embeddable":true,"href":"https:\/\/agora.xtec.cat\/insvilafranca\/wp-json\/wp\/v2\/pages\/195"}],"wp:attachment":[{"href":"https:\/\/agora.xtec.cat\/insvilafranca\/wp-json\/wp\/v2\/media?parent=776"}],"curies":[{"name":"wp","href":"https:\/\/api.w.org\/{rel}","templated":true}]}}