{"id":65,"date":"2014-09-18T10:12:22","date_gmt":"2014-09-18T10:12:22","guid":{"rendered":"http:\/\/agora.xtec.cat\/insvilafranca\/?page_id=65"},"modified":"2016-03-17T12:33:23","modified_gmt":"2016-03-17T11:33:23","slug":"serveis-digitals","status":"publish","type":"page","link":"https:\/\/agora.xtec.cat\/insvilafranca\/serveis\/serveis-digitals\/","title":{"rendered":"Serveis digitals"},"content":{"rendered":"<p>A l&#8217;Institut Nou de Vilafranca creiem en l&#8217;aplicaci\u00f3 de les noves tecnologies com a eina per l&#8217;aprenentatge.<\/p>\n<h3>&#8211;<strong><a href=\"http:\/\/agora.xtec.cat\/insvilafranca\/moodle\/\"> Moodle<\/a><\/strong>:<\/h3>\n<p>\u00e9s una plataforma educativa, un conjunt de programari que possibilita la creaci\u00f3 d\u2019aules virtuals, espais de trobada i comunicaci\u00f3 a Internet orientats a l\u2019ensenyament i l\u2019aprenentatge. Cada alumne del centre disposa d&#8217;un usuari i contrasenya que rep al entrar a l&#8217;Institut per primera vegada.<\/p>\n<h3>&#8211; Google apps for education:<\/h3>\n<p>Cada estudiant tindr\u00e0 disponibles els seg\u00fcents serveis de Google:<\/p>\n<p>&#8211; <strong>Gmail<\/strong>: Una adre\u00e7a de correu electr\u00f2nic privada.<\/p>\n<p>&#8211; <strong>Drive<\/strong>: Un espai d\u2019internet segur on els estudiants podran emmagatzemar les seves feines digitals: documents, presentacions, dibuixos, etc.\u00a0 Aix\u00ed hi podran accedir des de qualsevol punt on tinguin internet i treballar-hi. A m\u00e9s totes les aplicacions de Google Drive es poden compartir amb altres estudiants per a fer activitats col\u00b7laboratives.<\/p>\n<p>&#8211; <strong>Calendari<\/strong>: Tindran un calendari individual que permet organitzar els horaris, les activitats di\u00e0ries i les feines.<\/p>\n<p>&#8211; <strong>Classe<\/strong>: Est\u00e0 dissenyada per a ajudar el professorat a crear i recopilar les feines sense fer servir paper.<\/p>\n<p>Aquest domini\u00a0 Google \u00e9s diferent d\u2019un compte personal de Google i NO est\u00e0 obert al p\u00fablic. \u00c9s un sistema segur i disposa d\u2019un \u201cn\u00favol aut\u00f2nom\u201d que \u00e9s diferent per a cada centre educatiu.<\/p>\n<h3>&#8211; Quizlet:<\/h3>\n<p>\u00c9s una eina interessant 2.0 per a crear targetes amb continguts educatius que incloguin textos i imatges. Una vegada creades les targetes l&#8217;eina permet elaborar de forma autom\u00e0tica activitats i jocs especialment adequats per a mat\u00e8ries d&#8217;idiomes (tamb\u00e9 ofereix \u00e0udios). En concret l&#8217;utilitzarem sobretot per a l&#8217;aprenentatge del Xin\u00e8s.<\/p>\n<p>&nbsp;<\/p>\n","protected":false},"excerpt":{"rendered":"<p>A l&#8217;Institut Nou de Vilafranca creiem en l&#8217;aplicaci\u00f3 de les noves tecnologies com a eina per l&#8217;aprenentatge. &#8211; Moodle: \u00e9s una plataforma educativa, un conjunt de programari que possibilita la creaci\u00f3 d\u2019aules virtuals, espais de trobada i comunicaci\u00f3 a Internet orientats a l\u2019ensenyament i l\u2019aprenentatge. Cada alumne del centre disposa d&#8217;un usuari i contrasenya que [&hellip;]<\/p>\n","protected":false},"author":1,"featured_media":0,"parent":63,"menu_order":10,"comment_status":"closed","ping_status":"closed","template":"","meta":{"_bbp_topic_count":0,"_bbp_reply_count":0,"_bbp_total_topic_count":0,"_bbp_total_reply_count":0,"_bbp_voice_count":0,"_bbp_anonymous_reply_count":0,"_bbp_topic_count_hidden":0,"_bbp_reply_count_hidden":0,"_bbp_forum_subforum_count":0,"site-sidebar-layout":"default","site-content-layout":"","ast-site-content-layout":"","site-content-style":"default","site-sidebar-style":"default","ast-global-header-display":"","ast-banner-title-visibility":"","ast-main-header-display":"","ast-hfb-above-header-display":"","ast-hfb-below-header-display":"","ast-hfb-mobile-header-display":"","site-post-title":"","ast-breadcrumbs-content":"","ast-featured-img":"","footer-sml-layout":"","theme-transparent-header-meta":"","adv-header-id-meta":"","stick-header-meta":"","header-above-stick-meta":"","header-main-stick-meta":"","header-below-stick-meta":"","astra-migrate-meta-layouts":"default","ast-page-background-enabled":"default","ast-page-background-meta":{"desktop":{"background-color":"var(--ast-global-color-4)","background-image":"","background-repeat":"repeat","background-position":"center center","background-size":"auto","background-attachment":"scroll","background-type":"","background-media":"","overlay-type":"","overlay-color":"","overlay-opacity":"","overlay-gradient":""},"tablet":{"background-color":"","background-image":"","background-repeat":"repeat","background-position":"center center","background-size":"auto","background-attachment":"scroll","background-type":"","background-media":"","overlay-type":"","overlay-color":"","overlay-opacity":"","overlay-gradient":""},"mobile":{"background-color":"","background-image":"","background-repeat":"repeat","background-position":"center center","background-size":"auto","background-attachment":"scroll","background-type":"","background-media":"","overlay-type":"","overlay-color":"","overlay-opacity":"","overlay-gradient":""}},"ast-content-background-meta":{"desktop":{"background-color":"var(--ast-global-color-5)","background-image":"","background-repeat":"repeat","background-position":"center center","background-size":"auto","background-attachment":"scroll","background-type":"","background-media":"","overlay-type":"","overlay-color":"","overlay-opacity":"","overlay-gradient":""},"tablet":{"background-color":"var(--ast-global-color-5)","background-image":"","background-repeat":"repeat","background-position":"center center","background-size":"auto","background-attachment":"scroll","background-type":"","background-media":"","overlay-type":"","overlay-color":"","overlay-opacity":"","overlay-gradient":""},"mobile":{"background-color":"var(--ast-global-color-5)","background-image":"","background-repeat":"repeat","background-position":"center center","background-size":"auto","background-attachment":"scroll","background-type":"","background-media":"","overlay-type":"","overlay-color":"","overlay-opacity":"","overlay-gradient":""}},"footnotes":""},"class_list":["post-65","page","type-page","status-publish","hentry"],"post_mailing_queue_ids":[],"_links":{"self":[{"href":"https:\/\/agora.xtec.cat\/insvilafranca\/wp-json\/wp\/v2\/pages\/65","targetHints":{"allow":["GET"]}}],"collection":[{"href":"https:\/\/agora.xtec.cat\/insvilafranca\/wp-json\/wp\/v2\/pages"}],"about":[{"href":"https:\/\/agora.xtec.cat\/insvilafranca\/wp-json\/wp\/v2\/types\/page"}],"author":[{"embeddable":true,"href":"https:\/\/agora.xtec.cat\/insvilafranca\/wp-json\/wp\/v2\/users\/1"}],"replies":[{"embeddable":true,"href":"https:\/\/agora.xtec.cat\/insvilafranca\/wp-json\/wp\/v2\/comments?post=65"}],"version-history":[{"count":4,"href":"https:\/\/agora.xtec.cat\/insvilafranca\/wp-json\/wp\/v2\/pages\/65\/revisions"}],"predecessor-version":[{"id":474,"href":"https:\/\/agora.xtec.cat\/insvilafranca\/wp-json\/wp\/v2\/pages\/65\/revisions\/474"}],"up":[{"embeddable":true,"href":"https:\/\/agora.xtec.cat\/insvilafranca\/wp-json\/wp\/v2\/pages\/63"}],"wp:attachment":[{"href":"https:\/\/agora.xtec.cat\/insvilafranca\/wp-json\/wp\/v2\/media?parent=65"}],"curies":[{"name":"wp","href":"https:\/\/api.w.org\/{rel}","templated":true}]}}