{"id":5515,"date":"2022-12-11T18:43:29","date_gmt":"2022-12-11T17:43:29","guid":{"rendered":"https:\/\/agora.xtec.cat\/insvilafranca\/?page_id=5515"},"modified":"2023-01-07T11:33:00","modified_gmt":"2023-01-07T10:33:00","slug":"diagnosi","status":"publish","type":"page","link":"https:\/\/agora.xtec.cat\/insvilafranca\/diagnosi\/","title":{"rendered":"DIAGNOSI DE LA SITUACI\u00d3 ACTUAL RESPECTE A LA COMPET\u00c8NCIA DIGITAL DE CENTRE CURS 2022-23"},"content":{"rendered":"<p>Per a fer la diagnosi, la comissi\u00f3 digital de centre ha utilitzat els seg\u00fcents recursos:<\/p>\n<ul>\n<li>Enquesta pr\u00f2pia a les fam\u00edlies<\/li>\n<li>Enquesta (Selfie for Education, de l&#8217;\u00e0rea Europea d&#8217;Educaci\u00f3) a professorat i alumnat.<\/li>\n<\/ul>\n<p>&nbsp;<\/p>\n<p>Podeu consultar els <a href=\"https:\/\/drive.google.com\/file\/d\/1PJhTZC1rg7tNfpop52YJ4pcAPGTENK6m\/view?usp=share_link\">resultats de l&#8217;enquesta a les fam\u00edlies<\/a> aix\u00ed com l&#8217;<a href=\"https:\/\/drive.google.com\/file\/d\/1QUqFOCU_LOJ_rFsYQNQqqJE0TDkIOVmq\/view?usp=share_link\">an\u00e0lisi dels resultats obtinguts<\/a>.<\/p>\n<p>&nbsp;<\/p>\n<p>A partir de les enquestes realitzades, s&#8217;han detectat els seg\u00fcents punts forts:<\/p>\n<ul style=\"list-style-type: disc;\">\n<li>Utilitzaci\u00f3 adequada dels EVA&#8217;s (entorns virtuals d&#8217;aprenentatge)<\/li>\n<li>Participaci\u00f3 en Formaci\u00f3 Permanent<\/li>\n<li>Bona comunicaci\u00f3 entre la comunitat educativa<\/li>\n<li>Creaci\u00f3 de recursos educatius en l\u00ednia<\/li>\n<li>Acc\u00e9s a Internet<\/li>\n<li>Dispositius digitals per a l&#8217;ensenyament<\/li>\n<li>Assist\u00e8ncia t\u00e8cnica interna<\/li>\n<\/ul>\n","protected":false},"excerpt":{"rendered":"<p>Per a fer la diagnosi, la comissi\u00f3 digital de centre ha utilitzat els seg\u00fcents recursos: Enquesta pr\u00f2pia a les fam\u00edlies Enquesta (Selfie for Education, de l&#8217;\u00e0rea Europea d&#8217;Educaci\u00f3) a professorat i alumnat. &nbsp; Podeu consultar els resultats de l&#8217;enquesta a les fam\u00edlies aix\u00ed com l&#8217;an\u00e0lisi dels resultats obtinguts. &nbsp; A partir de les enquestes realitzades, [&hellip;]<\/p>\n","protected":false},"author":1,"featured_media":0,"parent":0,"menu_order":0,"comment_status":"closed","ping_status":"closed","template":"","meta":{"_bbp_topic_count":0,"_bbp_reply_count":0,"_bbp_total_topic_count":0,"_bbp_total_reply_count":0,"_bbp_voice_count":0,"_bbp_anonymous_reply_count":0,"_bbp_topic_count_hidden":0,"_bbp_reply_count_hidden":0,"_bbp_forum_subforum_count":0,"site-sidebar-layout":"default","site-content-layout":"","ast-site-content-layout":"","site-content-style":"default","site-sidebar-style":"default","ast-global-header-display":"","ast-banner-title-visibility":"","ast-main-header-display":"","ast-hfb-above-header-display":"","ast-hfb-below-header-display":"","ast-hfb-mobile-header-display":"","site-post-title":"","ast-breadcrumbs-content":"","ast-featured-img":"","footer-sml-layout":"","theme-transparent-header-meta":"","adv-header-id-meta":"","stick-header-meta":"","header-above-stick-meta":"","header-main-stick-meta":"","header-below-stick-meta":"","astra-migrate-meta-layouts":"default","ast-page-background-enabled":"default","ast-page-background-meta":{"desktop":{"background-color":"var(--ast-global-color-4)","background-image":"","background-repeat":"repeat","background-position":"center center","background-size":"auto","background-attachment":"scroll","background-type":"","background-media":"","overlay-type":"","overlay-color":"","overlay-opacity":"","overlay-gradient":""},"tablet":{"background-color":"","background-image":"","background-repeat":"repeat","background-position":"center center","background-size":"auto","background-attachment":"scroll","background-type":"","background-media":"","overlay-type":"","overlay-color":"","overlay-opacity":"","overlay-gradient":""},"mobile":{"background-color":"","background-image":"","background-repeat":"repeat","background-position":"center center","background-size":"auto","background-attachment":"scroll","background-type":"","background-media":"","overlay-type":"","overlay-color":"","overlay-opacity":"","overlay-gradient":""}},"ast-content-background-meta":{"desktop":{"background-color":"var(--ast-global-color-5)","background-image":"","background-repeat":"repeat","background-position":"center center","background-size":"auto","background-attachment":"scroll","background-type":"","background-media":"","overlay-type":"","overlay-color":"","overlay-opacity":"","overlay-gradient":""},"tablet":{"background-color":"var(--ast-global-color-5)","background-image":"","background-repeat":"repeat","background-position":"center center","background-size":"auto","background-attachment":"scroll","background-type":"","background-media":"","overlay-type":"","overlay-color":"","overlay-opacity":"","overlay-gradient":""},"mobile":{"background-color":"var(--ast-global-color-5)","background-image":"","background-repeat":"repeat","background-position":"center center","background-size":"auto","background-attachment":"scroll","background-type":"","background-media":"","overlay-type":"","overlay-color":"","overlay-opacity":"","overlay-gradient":""}},"footnotes":""},"class_list":["post-5515","page","type-page","status-publish","hentry"],"post_mailing_queue_ids":[],"_links":{"self":[{"href":"https:\/\/agora.xtec.cat\/insvilafranca\/wp-json\/wp\/v2\/pages\/5515","targetHints":{"allow":["GET"]}}],"collection":[{"href":"https:\/\/agora.xtec.cat\/insvilafranca\/wp-json\/wp\/v2\/pages"}],"about":[{"href":"https:\/\/agora.xtec.cat\/insvilafranca\/wp-json\/wp\/v2\/types\/page"}],"author":[{"embeddable":true,"href":"https:\/\/agora.xtec.cat\/insvilafranca\/wp-json\/wp\/v2\/users\/1"}],"replies":[{"embeddable":true,"href":"https:\/\/agora.xtec.cat\/insvilafranca\/wp-json\/wp\/v2\/comments?post=5515"}],"version-history":[{"count":3,"href":"https:\/\/agora.xtec.cat\/insvilafranca\/wp-json\/wp\/v2\/pages\/5515\/revisions"}],"predecessor-version":[{"id":5587,"href":"https:\/\/agora.xtec.cat\/insvilafranca\/wp-json\/wp\/v2\/pages\/5515\/revisions\/5587"}],"wp:attachment":[{"href":"https:\/\/agora.xtec.cat\/insvilafranca\/wp-json\/wp\/v2\/media?parent=5515"}],"curies":[{"name":"wp","href":"https:\/\/api.w.org\/{rel}","templated":true}]}}