{"id":49,"date":"2014-09-17T16:55:55","date_gmt":"2014-09-17T16:55:55","guid":{"rendered":"http:\/\/agora.xtec.cat\/insvilafranca\/?page_id=49"},"modified":"2026-02-20T13:37:18","modified_gmt":"2026-02-20T12:37:18","slug":"normes-dorganitzacio-i-funcionament","status":"publish","type":"page","link":"https:\/\/agora.xtec.cat\/insvilafranca\/linstitut\/normes-dorganitzacio-i-funcionament\/","title":{"rendered":"Normes i funcionament"},"content":{"rendered":"<h4>Dec\u00e0leg de les normes del l&#8217;institut La Girada<\/h4>\n<ol>\n<li><b> M\u00f2bils, <\/b><b><i>ipods<\/i><\/b><b>, <\/b><b><i>smartwatchs<\/i><\/b><b> i auriculars invisibles<\/b><span style=\"font-weight: 400;\">. En cas que es portin al centre, s\u2019hauran de deixar a la capsa que romandr\u00e0 a Secretaria i es tornaran al final del mat\u00ed. Si sonen o es fan servir al centre suposar\u00e0 expulsi\u00f3 d\u2019un dia. Cal posar-los en una bosseta amb el nom.<\/span><\/li>\n<li><b> Puntualitat.<\/b><span style=\"font-weight: 400;\"> S\u2019ha de ser puntual. 3 retards generaran una incid\u00e8ncia, i a m\u00e9s, a cada mat\u00e8ria pot baixar la nota d\u2019actitud.<\/span><\/li>\n<li><b> Assist\u00e8ncia<\/b><span style=\"font-weight: 400;\">. L\u2019Educaci\u00f3 Secund\u00e0ria \u00e9s Obligat\u00f2ria; per tant, \u00e9s obligatori assistir i es controla l\u2019assist\u00e8ncia a cada classe. S\u2019avisa <\/span>immediatament a casa a primera hora si falta un alumne\/a. Les faltes d\u2019assist\u00e8ncia s\u2019han de justificar adequadament per la fam\u00edlia, i l\u2019alumne\/a ha de presentar el justificant en incorporar-se.<\/li>\n<li><b>Be quiet!<\/b><span style=\"font-weight: 400;\"> Entre classes s\u2019ha de romandre a l\u2019aula si no \u00e9s necessari canviar a un altre espai per la mat\u00e8ria seg\u00fcent. No es pot anar al lavabo ni a beure aigua a la font fora de les hores del pati. En cas d\u2019emerg\u00e8ncia s\u2019haur\u00e0 de demanar perm\u00eds al professorat encarregat de la classe en aquell moment.<\/span><\/li>\n<li><b>Vestimenta adequada<\/b><span style=\"font-weight: 400;\">. No es pot portar gorra, tops, samarretes estripades, banyador, xancles de platja. Venim a l\u2019institut a estudiar.<\/span><\/li>\n<li><b>Respecte a tots els membres de la comunitat<\/b><span style=\"font-weight: 400;\">.<\/span> <span style=\"font-weight: 400;\">S\u2019han de respectar totes les persones, sigui alumnat, docents o personal d\u2019administraci\u00f3. Qualsevol actitud d\u2019insult, agressi\u00f3 o discriminaci\u00f3 constitueix una falta molt greu per la conviv\u00e8ncia i ser\u00e0 sancionada.<\/span><\/li>\n<li><b>Mantenir el centre i les instal\u00b7lacions annexes netes<\/b><span style=\"font-weight: 400;\">. Llencem els papers a la paperera i mantinguem els lavabos, passadissos i aules en bon estat per tothom.<\/span><\/li>\n<li><b>Cura del mobiliari<\/b><span style=\"font-weight: 400;\">. Est\u00e0 prohibit portar t\u00edpex l\u00edquid i retoladors permanents.<\/span><span style=\"font-weight: 400;\">\u00a0<\/span><\/li>\n<li><b> Ni menjar ni beure<\/b><span style=\"font-weight: 400;\">. No es pot menjar ni beure ni a l\u2019aula ni al passad\u00eds.<\/span><\/li>\n<li><b style=\"font-family: inherit; font-size: 1em;\">Sense fums<\/b><span style=\"font-weight: 400;\">. Est\u00e0 prohibit fumar en tot el recinte escolar. Aquesta norma inclou l\u2019\u00fas de les cigarretes electr\u00f2niques (<\/span><i style=\"font-family: inherit; font-size: 1em;\">vapers<\/i><span style=\"font-weight: 400;\">).<\/span><\/li>\n<\/ol>\n","protected":false},"excerpt":{"rendered":"<p>Dec\u00e0leg de les normes del l&#8217;institut La Girada M\u00f2bils, ipods, smartwatchs i auriculars invisibles. En cas que es portin al centre, s\u2019hauran de deixar a la capsa que romandr\u00e0 a Secretaria i es tornaran al final del mat\u00ed. Si sonen o es fan servir al centre suposar\u00e0 expulsi\u00f3 d\u2019un dia. Cal posar-los en una bosseta [&hellip;]<\/p>\n","protected":false},"author":1,"featured_media":0,"parent":19,"menu_order":60,"comment_status":"closed","ping_status":"closed","template":"","meta":{"_bbp_topic_count":0,"_bbp_reply_count":0,"_bbp_total_topic_count":0,"_bbp_total_reply_count":0,"_bbp_voice_count":0,"_bbp_anonymous_reply_count":0,"_bbp_topic_count_hidden":0,"_bbp_reply_count_hidden":0,"_bbp_forum_subforum_count":0,"site-sidebar-layout":"default","site-content-layout":"","ast-site-content-layout":"default","site-content-style":"default","site-sidebar-style":"default","ast-global-header-display":"","ast-banner-title-visibility":"","ast-main-header-display":"","ast-hfb-above-header-display":"","ast-hfb-below-header-display":"","ast-hfb-mobile-header-display":"","site-post-title":"","ast-breadcrumbs-content":"","ast-featured-img":"","footer-sml-layout":"","theme-transparent-header-meta":"default","adv-header-id-meta":"","stick-header-meta":"","header-above-stick-meta":"","header-main-stick-meta":"","header-below-stick-meta":"","astra-migrate-meta-layouts":"set","ast-page-background-enabled":"default","ast-page-background-meta":{"desktop":{"background-color":"var(--ast-global-color-4)","background-image":"","background-repeat":"repeat","background-position":"center center","background-size":"auto","background-attachment":"scroll","background-type":"","background-media":"","overlay-type":"","overlay-color":"","overlay-opacity":"","overlay-gradient":""},"tablet":{"background-color":"","background-image":"","background-repeat":"repeat","background-position":"center center","background-size":"auto","background-attachment":"scroll","background-type":"","background-media":"","overlay-type":"","overlay-color":"","overlay-opacity":"","overlay-gradient":""},"mobile":{"background-color":"","background-image":"","background-repeat":"repeat","background-position":"center center","background-size":"auto","background-attachment":"scroll","background-type":"","background-media":"","overlay-type":"","overlay-color":"","overlay-opacity":"","overlay-gradient":""}},"ast-content-background-meta":{"desktop":{"background-color":"var(--ast-global-color-5)","background-image":"","background-repeat":"repeat","background-position":"center center","background-size":"auto","background-attachment":"scroll","background-type":"","background-media":"","overlay-type":"","overlay-color":"","overlay-opacity":"","overlay-gradient":""},"tablet":{"background-color":"var(--ast-global-color-5)","background-image":"","background-repeat":"repeat","background-position":"center center","background-size":"auto","background-attachment":"scroll","background-type":"","background-media":"","overlay-type":"","overlay-color":"","overlay-opacity":"","overlay-gradient":""},"mobile":{"background-color":"var(--ast-global-color-5)","background-image":"","background-repeat":"repeat","background-position":"center center","background-size":"auto","background-attachment":"scroll","background-type":"","background-media":"","overlay-type":"","overlay-color":"","overlay-opacity":"","overlay-gradient":""}},"footnotes":""},"class_list":["post-49","page","type-page","status-publish","hentry"],"post_mailing_queue_ids":[],"_links":{"self":[{"href":"https:\/\/agora.xtec.cat\/insvilafranca\/wp-json\/wp\/v2\/pages\/49","targetHints":{"allow":["GET"]}}],"collection":[{"href":"https:\/\/agora.xtec.cat\/insvilafranca\/wp-json\/wp\/v2\/pages"}],"about":[{"href":"https:\/\/agora.xtec.cat\/insvilafranca\/wp-json\/wp\/v2\/types\/page"}],"author":[{"embeddable":true,"href":"https:\/\/agora.xtec.cat\/insvilafranca\/wp-json\/wp\/v2\/users\/1"}],"replies":[{"embeddable":true,"href":"https:\/\/agora.xtec.cat\/insvilafranca\/wp-json\/wp\/v2\/comments?post=49"}],"version-history":[{"count":6,"href":"https:\/\/agora.xtec.cat\/insvilafranca\/wp-json\/wp\/v2\/pages\/49\/revisions"}],"predecessor-version":[{"id":9578,"href":"https:\/\/agora.xtec.cat\/insvilafranca\/wp-json\/wp\/v2\/pages\/49\/revisions\/9578"}],"up":[{"embeddable":true,"href":"https:\/\/agora.xtec.cat\/insvilafranca\/wp-json\/wp\/v2\/pages\/19"}],"wp:attachment":[{"href":"https:\/\/agora.xtec.cat\/insvilafranca\/wp-json\/wp\/v2\/media?parent=49"}],"curies":[{"name":"wp","href":"https:\/\/api.w.org\/{rel}","templated":true}]}}