{"id":65,"date":"2014-09-18T10:12:22","date_gmt":"2014-09-18T10:12:22","guid":{"rendered":"http:\/\/agora.xtec.cat\/insvilafant\/?page_id=65"},"modified":"2020-01-04T11:57:10","modified_gmt":"2020-01-04T10:57:10","slug":"serveis-digitals","status":"publish","type":"page","link":"https:\/\/agora.xtec.cat\/insvilafant\/serveis\/serveis-digitals\/","title":{"rendered":"Recursos digitals"},"content":{"rendered":"<p style=\"color: #444444;\">En aquesta p\u00e0gina es troben referenciats serveis en l\u00ednia\u00a0que ofereix l\u2019Institut com ara Moodle, blocs externs, aplicacions de tutoria o gesti\u00f3 acad\u00e8mica, aplicacions m\u00f2bils, etc.<\/p>\n<p style=\"color: #444444;\"><a href=\"https:\/\/drive.google.com\/a\/xtec.cat\/file\/d\/0B2yuFdnugehKTXZkdWlCUUNfc3M\/view\">Manteniment dels ordinadors de l&#8217;alumnat<\/a><\/p>\n<p style=\"color: #444444;\"><a href=\"http:\/\/www.gencat.cat\/xarxessocials\/ca\/guia-usos-estil.html\" target=\"_blank\" rel=\"noopener noreferrer\">Guia de xarxes socials<\/a><\/p>\n<p style=\"color: #444444;\"><a href=\"https:\/\/sites.google.com\/site\/noubarrisseguretat\/home\" target=\"_blank\" rel=\"noopener noreferrer\">Materials per treballar l&#8217;\u00fas d&#8217;internet<\/a><\/p>\n","protected":false},"excerpt":{"rendered":"<p>En aquesta p\u00e0gina es troben referenciats serveis en l\u00ednia\u00a0que ofereix l\u2019Institut com ara Moodle, blocs externs, aplicacions de tutoria o gesti\u00f3 acad\u00e8mica, aplicacions m\u00f2bils, etc.<br \/>\n<a href=\"https:\/\/drive.google.com\/a\/xtec.cat\/file\/d\/0B2yuFdnugehKTXZkdWlCUUNfc3M\/view\">Manteniment dels ordinadors de l&#8217;alumnat<\/a><br \/>\n<a href=\"http:\/\/www.gencat.cat\/xarxessocials\/ca\/guia-usos-estil.html\" target=\"_blank\" rel=\"noopener noreferrer\">Guia de xarxes socials<\/a><br \/>\n<a href=\"https:\/\/sites.google.com\/site\/noubarrisseguretat\/home\" target=\"_blank\" rel=\"noopener noreferrer\">Materials per treballar l&#8217;\u00fas d&#8217;internet<\/a><\/p>\n","protected":false},"author":1,"featured_media":0,"parent":63,"menu_order":10,"comment_status":"closed","ping_status":"closed","template":"page-templates\/side-menu.php","meta":{"_bbp_topic_count":0,"_bbp_reply_count":0,"_bbp_total_topic_count":0,"_bbp_total_reply_count":0,"_bbp_voice_count":0,"_bbp_anonymous_reply_count":0,"_bbp_topic_count_hidden":0,"_bbp_reply_count_hidden":0,"_bbp_forum_subforum_count":0,"footnotes":""},"class_list":["post-65","page","type-page","status-publish","hentry"],"post_mailing_queue_ids":[],"_links":{"self":[{"href":"https:\/\/agora.xtec.cat\/insvilafant\/wp-json\/wp\/v2\/pages\/65","targetHints":{"allow":["GET"]}}],"collection":[{"href":"https:\/\/agora.xtec.cat\/insvilafant\/wp-json\/wp\/v2\/pages"}],"about":[{"href":"https:\/\/agora.xtec.cat\/insvilafant\/wp-json\/wp\/v2\/types\/page"}],"author":[{"embeddable":true,"href":"https:\/\/agora.xtec.cat\/insvilafant\/wp-json\/wp\/v2\/users\/1"}],"replies":[{"embeddable":true,"href":"https:\/\/agora.xtec.cat\/insvilafant\/wp-json\/wp\/v2\/comments?post=65"}],"version-history":[{"count":4,"href":"https:\/\/agora.xtec.cat\/insvilafant\/wp-json\/wp\/v2\/pages\/65\/revisions"}],"predecessor-version":[{"id":5727,"href":"https:\/\/agora.xtec.cat\/insvilafant\/wp-json\/wp\/v2\/pages\/65\/revisions\/5727"}],"up":[{"embeddable":true,"href":"https:\/\/agora.xtec.cat\/insvilafant\/wp-json\/wp\/v2\/pages\/63"}],"wp:attachment":[{"href":"https:\/\/agora.xtec.cat\/insvilafant\/wp-json\/wp\/v2\/media?parent=65"}],"curies":[{"name":"wp","href":"https:\/\/api.w.org\/{rel}","templated":true}]}}