{"id":5651,"date":"2021-03-10T19:08:20","date_gmt":"2021-03-10T18:08:20","guid":{"rendered":"http:\/\/agora.xtec.cat\/insviladomat\/?page_id=5651"},"modified":"2025-09-05T00:01:49","modified_gmt":"2025-09-04T22:01:49","slug":"rellegint","status":"publish","type":"page","link":"https:\/\/agora.xtec.cat\/insviladomat\/afa\/rellegint\/","title":{"rendered":"Re-llegint"},"content":{"rendered":"<p style=\"text-align: left;\"><a href=\"mailto:rellegint-afa@institutviladomat.cat\">rellegint-afa@institutviladomat.cat<\/a><\/p>\n<p><span style=\"font-weight: 400;\">El curs 2017-2018 vam engegar el Servei Re-llegint, \u201cun fons com\u00fa\u201d amb els llibres de lectura obligat\u00f2ria del centre, un sistema de pr\u00e9stec i re-utilitzaci\u00f3 d&#8217;aquests llibres. Aquest servei est\u00e0 gestionat per l\u2019Afa, per tant, cal ser socis per gaudir-ne.<\/span><\/p>\n<p><strong>Qu\u00e8 \u00e9s? <a href=\"https:\/\/agora.xtec.cat\/insviladomat\/wp-content\/uploads\/usu299\/2022\/02\/RE_llegint.png\"><img loading=\"lazy\" decoding=\"async\" class=\" wp-image-6635 alignright\" src=\"https:\/\/agora.xtec.cat\/insviladomat\/wp-content\/uploads\/usu299\/2022\/02\/RE_llegint-778x1024.png\" alt=\"\" width=\"355\" height=\"467\" srcset=\"https:\/\/agora.xtec.cat\/insviladomat\/wp-content\/uploads\/usu299\/2022\/02\/RE_llegint-778x1024.png 778w, https:\/\/agora.xtec.cat\/insviladomat\/wp-content\/uploads\/usu299\/2022\/02\/RE_llegint-228x300.png 228w, https:\/\/agora.xtec.cat\/insviladomat\/wp-content\/uploads\/usu299\/2022\/02\/RE_llegint-768x1011.png 768w, https:\/\/agora.xtec.cat\/insviladomat\/wp-content\/uploads\/usu299\/2022\/02\/RE_llegint-1167x1536.png 1167w, https:\/\/agora.xtec.cat\/insviladomat\/wp-content\/uploads\/usu299\/2022\/02\/RE_llegint.png 1202w\" sizes=\"auto, (max-width: 355px) 100vw, 355px\" \/><\/a><\/strong><br \/>\nSistema de pr\u00e9stec i re-utilitzaci\u00f3 dels llibres de lectura obligat\u00f2ria.<\/p>\n<p><strong>A qui va adre\u00e7at?\u00a0<\/strong><br \/>\nA totes les fam\u00edlies de l&#8217;ESO de l\u2019Institut Viladomat, s\u00f2cies de l\u2019AFA.<\/p>\n<p><strong>Com funciona?\u00a0<\/strong><br \/>\nAmb una quota \u00fanica de 30\u20ac per alumne\/a, tens tots els llibres de catal\u00e0 i castell\u00e0 de lectura obligat\u00f2ria per tots els cursos de l\u2019ESO.<\/p>\n<p><span style=\"font-weight: 400;\">La participaci\u00f3 en aquest servei \u00e9s volunt\u00e0ria, comporta una aportaci\u00f3 econ\u00f2mica inicial \u00fanica (quota de participaci\u00f3) de 30\u20ac per alumne\/a que garanteix l\u2019\u00fas en modalitat de pr\u00e9stec de tots els llibres de catal\u00e0 i castell\u00e0 de lectura obligat\u00f2ria des de primer fins a quart d\u2019ESO. Per tant, cal inscriure-s&#8217;hi expressament mitjan\u00e7ant el formulari adjunt.\u00a0<\/span><\/p>\n<p><span style=\"font-weight: 400;\">La <strong>sol\u00b7licitud d\u2019alta<\/strong> s\u2019haur\u00e0 de presentar abans del 30 de setembre, omplint l\u2019apartat corresponent al <a href=\"https:\/\/forms.gle\/rRUjhgaGjqDRsPeKA\" target=\"_blank\" rel=\"noopener\">formulari d\u2019alta de soci\/a de l\u2019AFA,<\/a> a fi de poder adquirir els llibres del vostre fill\/filla. La quota del servei de Re-llegint es passar\u00e0 com a rebut domiciliat al compte bancari indicat durant el mes de febrer.\u00a0<\/span><\/p>\n","protected":false},"excerpt":{"rendered":"<p><a href=\"mailto:rellegint-afa@institutviladomat.cat\">rellegint-afa@institutviladomat.cat<\/a><br \/>\nEl curs 2017-2018 vam engegar el Servei Re-llegint, \u201cun fons com\u00fa\u201d amb els llibres de lectura obligat\u00f2ria del centre, un sistema de pr\u00e9stec i re-utilitzaci\u00f3 d&#8217;aquests llibres. Aquest servei est\u00e0 gestionat per l\u2019Afa, per tant, cal ser socis per gaudir-ne.<br \/>\nQu\u00e8 \u00e9s? <a href=\"https:\/\/agora.xtec.cat\/insviladomat\/wp-content\/uploads\/usu299\/2022\/02\/RE_llegint.png\"><\/a><br \/>\nSistema de&hellip;  <a href=\"https:\/\/agora.xtec.cat\/insviladomat\/afa\/rellegint\/\" title=\"Read Re-llegint\">Llegeix m\u00e9s\u00bb<\/a><\/p>\n","protected":false},"author":1,"featured_media":0,"parent":969,"menu_order":3,"comment_status":"closed","ping_status":"closed","template":"page-templates\/side-menu.php","meta":{"_bbp_topic_count":0,"_bbp_reply_count":0,"_bbp_total_topic_count":0,"_bbp_total_reply_count":0,"_bbp_voice_count":0,"_bbp_anonymous_reply_count":0,"_bbp_topic_count_hidden":0,"_bbp_reply_count_hidden":0,"_bbp_forum_subforum_count":0,"footnotes":""},"class_list":["post-5651","page","type-page","status-publish","hentry"],"post_mailing_queue_ids":[],"_links":{"self":[{"href":"https:\/\/agora.xtec.cat\/insviladomat\/wp-json\/wp\/v2\/pages\/5651","targetHints":{"allow":["GET"]}}],"collection":[{"href":"https:\/\/agora.xtec.cat\/insviladomat\/wp-json\/wp\/v2\/pages"}],"about":[{"href":"https:\/\/agora.xtec.cat\/insviladomat\/wp-json\/wp\/v2\/types\/page"}],"author":[{"embeddable":true,"href":"https:\/\/agora.xtec.cat\/insviladomat\/wp-json\/wp\/v2\/users\/1"}],"replies":[{"embeddable":true,"href":"https:\/\/agora.xtec.cat\/insviladomat\/wp-json\/wp\/v2\/comments?post=5651"}],"version-history":[{"count":7,"href":"https:\/\/agora.xtec.cat\/insviladomat\/wp-json\/wp\/v2\/pages\/5651\/revisions"}],"predecessor-version":[{"id":8625,"href":"https:\/\/agora.xtec.cat\/insviladomat\/wp-json\/wp\/v2\/pages\/5651\/revisions\/8625"}],"up":[{"embeddable":true,"href":"https:\/\/agora.xtec.cat\/insviladomat\/wp-json\/wp\/v2\/pages\/969"}],"wp:attachment":[{"href":"https:\/\/agora.xtec.cat\/insviladomat\/wp-json\/wp\/v2\/media?parent=5651"}],"curies":[{"name":"wp","href":"https:\/\/api.w.org\/{rel}","templated":true}]}}