{"id":269,"date":"2015-08-06T15:22:19","date_gmt":"2015-08-06T14:22:19","guid":{"rendered":"http:\/\/agora.xtec.cat\/insviladomat\/?page_id=269"},"modified":"2015-08-06T16:33:25","modified_gmt":"2015-08-06T15:33:25","slug":"entorn","status":"publish","type":"page","link":"https:\/\/agora.xtec.cat\/insviladomat\/projecte-educatiu\/entorn\/","title":{"rendered":"ENTORN"},"content":{"rendered":"<p>L\u2019impuls inicial propi d\u2019un centre nova creaci\u00f3 s\u2019acompanya en aquest cas d\u2019expectatives en les fam\u00edlies, en els centres educatius i en el barri.<\/p>\n<p><a href=\"http:\/\/agora.xtec.cat\/insviladomat\/wp-content\/uploads\/usu299\/2015\/08\/home_sheeps.jpg\"><img loading=\"lazy\" decoding=\"async\" class=\"alignleft size-medium wp-image-289\" src=\"http:\/\/agora.xtec.cat\/insviladomat\/wp-content\/uploads\/usu299\/2015\/08\/home_sheeps-300x196.jpg\" alt=\"home_sheeps\" width=\"300\" height=\"196\" srcset=\"https:\/\/agora.xtec.cat\/insviladomat\/wp-content\/uploads\/usu299\/2015\/08\/home_sheeps-300x196.jpg 300w, https:\/\/agora.xtec.cat\/insviladomat\/wp-content\/uploads\/usu299\/2015\/08\/home_sheeps.jpg 705w\" sizes=\"auto, (max-width: 300px) 100vw, 300px\" \/><\/a>El contacte amb els centres de prim\u00e0ria i de secund\u00e0ria es planteja com un treball conjunt al llarg del curs, amb contactes peri\u00f2dics entre l&#8217;alumnat de les escoles i el dels instituts pel que fa a intercanvi d\u2019informacions, per\u00f2 tamb\u00e9 a la concepci\u00f3 i realitzaci\u00f3 d\u2019activitats conjuntes entre professorat i alumnat. Aquesta col\u00b7laboraci\u00f3 es far\u00e0 extensiva a altres centres que ja han aplicat una l\u00ednia pedag\u00f2gica similar a la nostra.<\/p>\n<p><strong>Sant Antoni<\/strong> i <strong>la<\/strong> <strong>Nova Esquerra de l\u2019Eixample<\/strong> destaquen pel que fa a la densitat i dinamisme del teixit associatiu i la seva coordinaci\u00f3. Cal destacar el paper hist\u00f2ricament significatiu de les associacions de ve\u00efns. En el treball diari, a les situacions d&#8217;aprenentatge, i en la vida del centre en general, \u00e9s fonamental la vinculaci\u00f3 amb l&#8217;entorn. Aquesta vinculaci\u00f3 t\u00e9 un doble vessant, per una part el centre s&#8217;obrir\u00e0 al barri, d&#8217;aqu\u00ed la promoci\u00f3 de l&#8217;\u00fas social de les seves instal\u00b7lacions i, per l&#8217;altra, s&#8217;incentivar\u00e0 la col\u00b7laboraci\u00f3 de l&#8217;alumnat amb les associacions de l&#8217;entorn, ja sigui des de l&#8217;\u00e0mbit curricular com extracurricular.<\/p>\n","protected":false},"excerpt":{"rendered":"<p>L\u2019impuls inicial propi d\u2019un centre nova creaci\u00f3 s\u2019acompanya en aquest cas d\u2019expectatives en les fam\u00edlies, en els centres educatius i en el barri.<br \/>\n<a href=\"http:\/\/agora.xtec.cat\/insviladomat\/wp-content\/uploads\/usu299\/2015\/08\/home_sheeps.jpg\"><\/a>El contacte amb els centres de prim\u00e0ria i de secund\u00e0ria es planteja com un treball conjunt al llarg del curs, amb contactes&hellip;  <a href=\"https:\/\/agora.xtec.cat\/insviladomat\/projecte-educatiu\/entorn\/\" title=\"Read ENTORN\">Llegeix m\u00e9s\u00bb<\/a><\/p>\n","protected":false},"author":1,"featured_media":0,"parent":57,"menu_order":0,"comment_status":"closed","ping_status":"closed","template":"page-templates\/side-menu.php","meta":{"_bbp_topic_count":0,"_bbp_reply_count":0,"_bbp_total_topic_count":0,"_bbp_total_reply_count":0,"_bbp_voice_count":0,"_bbp_anonymous_reply_count":0,"_bbp_topic_count_hidden":0,"_bbp_reply_count_hidden":0,"_bbp_forum_subforum_count":0,"footnotes":""},"class_list":["post-269","page","type-page","status-publish","hentry"],"post_mailing_queue_ids":[],"_links":{"self":[{"href":"https:\/\/agora.xtec.cat\/insviladomat\/wp-json\/wp\/v2\/pages\/269","targetHints":{"allow":["GET"]}}],"collection":[{"href":"https:\/\/agora.xtec.cat\/insviladomat\/wp-json\/wp\/v2\/pages"}],"about":[{"href":"https:\/\/agora.xtec.cat\/insviladomat\/wp-json\/wp\/v2\/types\/page"}],"author":[{"embeddable":true,"href":"https:\/\/agora.xtec.cat\/insviladomat\/wp-json\/wp\/v2\/users\/1"}],"replies":[{"embeddable":true,"href":"https:\/\/agora.xtec.cat\/insviladomat\/wp-json\/wp\/v2\/comments?post=269"}],"version-history":[{"count":2,"href":"https:\/\/agora.xtec.cat\/insviladomat\/wp-json\/wp\/v2\/pages\/269\/revisions"}],"predecessor-version":[{"id":300,"href":"https:\/\/agora.xtec.cat\/insviladomat\/wp-json\/wp\/v2\/pages\/269\/revisions\/300"}],"up":[{"embeddable":true,"href":"https:\/\/agora.xtec.cat\/insviladomat\/wp-json\/wp\/v2\/pages\/57"}],"wp:attachment":[{"href":"https:\/\/agora.xtec.cat\/insviladomat\/wp-json\/wp\/v2\/media?parent=269"}],"curies":[{"name":"wp","href":"https:\/\/api.w.org\/{rel}","templated":true}]}}