{"id":19,"date":"2014-09-17T14:56:56","date_gmt":"2014-09-17T14:56:56","guid":{"rendered":"http:\/\/agora.xtec.cat\/insviladomat\/\/?page_id=19"},"modified":"2025-07-12T21:21:03","modified_gmt":"2025-07-12T19:21:03","slug":"linstitut","status":"publish","type":"page","link":"https:\/\/agora.xtec.cat\/insviladomat\/linstitut\/","title":{"rendered":"L&#8217;institut"},"content":{"rendered":"<p style=\"color: #444444;\">L&#8217;institut \u00a0va comen\u00e7ar amb dos grups de primer d\u2019ESO el curs 2015-2016. Actualment als m\u00f2duls provisionals hi ha 184 alumnes: 2 l\u00ednies de 1r, 2 l\u00ednies de 2n i 2 l\u00ednies de 3r d&#8217;ESO.<\/p>\n<p style=\"color: #444444;\">L\u2019edifici definitiu s&#8217;inaugurar\u00e0 el setembre del 2018 i l&#8217;institut passar\u00e0 a ser un centre amb dues l\u00ednies d&#8217;ESO i dues de Batxillerat. Quan tot l&#8217;edifici estigui acabat hi haur\u00e0 tres l\u00ednies d&#8217;ESO i dues de batxillerat.<\/p>\n","protected":false},"excerpt":{"rendered":"<p>L&#8217;institut \u00a0va comen\u00e7ar amb dos grups de primer d\u2019ESO el curs 2015-2016. Actualment als m\u00f2duls provisionals hi ha 184 alumnes: 2 l\u00ednies de 1r, 2 l\u00ednies de 2n i 2 l\u00ednies de 3r d&#8217;ESO.<br \/>\nL\u2019edifici definitiu s&#8217;inaugurar\u00e0 el setembre del 2018 i l&#8217;institut passar\u00e0 a ser&hellip;  <a href=\"https:\/\/agora.xtec.cat\/insviladomat\/linstitut\/\" title=\"Read L&#8217;institut\">Llegeix m\u00e9s\u00bb<\/a><\/p>\n","protected":false},"author":1,"featured_media":0,"parent":0,"menu_order":0,"comment_status":"closed","ping_status":"closed","template":"page-templates\/side-menu.php","meta":{"_bbp_topic_count":0,"_bbp_reply_count":0,"_bbp_total_topic_count":0,"_bbp_total_reply_count":0,"_bbp_voice_count":0,"_bbp_anonymous_reply_count":0,"_bbp_topic_count_hidden":0,"_bbp_reply_count_hidden":0,"_bbp_forum_subforum_count":0,"footnotes":""},"class_list":["post-19","page","type-page","status-publish","hentry"],"post_mailing_queue_ids":[],"_links":{"self":[{"href":"https:\/\/agora.xtec.cat\/insviladomat\/wp-json\/wp\/v2\/pages\/19","targetHints":{"allow":["GET"]}}],"collection":[{"href":"https:\/\/agora.xtec.cat\/insviladomat\/wp-json\/wp\/v2\/pages"}],"about":[{"href":"https:\/\/agora.xtec.cat\/insviladomat\/wp-json\/wp\/v2\/types\/page"}],"author":[{"embeddable":true,"href":"https:\/\/agora.xtec.cat\/insviladomat\/wp-json\/wp\/v2\/users\/1"}],"replies":[{"embeddable":true,"href":"https:\/\/agora.xtec.cat\/insviladomat\/wp-json\/wp\/v2\/comments?post=19"}],"version-history":[{"count":4,"href":"https:\/\/agora.xtec.cat\/insviladomat\/wp-json\/wp\/v2\/pages\/19\/revisions"}],"predecessor-version":[{"id":8595,"href":"https:\/\/agora.xtec.cat\/insviladomat\/wp-json\/wp\/v2\/pages\/19\/revisions\/8595"}],"wp:attachment":[{"href":"https:\/\/agora.xtec.cat\/insviladomat\/wp-json\/wp\/v2\/media?parent=19"}],"curies":[{"name":"wp","href":"https:\/\/api.w.org\/{rel}","templated":true}]}}

<p style="color: #444444;">L&#8217;institut  va començar amb dos grups de primer d’ESO el curs 2015-2016. Actualment als mòduls provisionals hi ha 184 alumnes: 2 línies de 1r, 2 línies de 2n i 2 línies de 3r d&#8217;ESO.</p>
<p style="color: #444444;">L’edifici definitiu s&#8217;inaugurarà el setembre del 2018 i l&#8217;institut passarà a ser un centre amb dues línies d&#8217;ESO i dues de Batxillerat. Quan tot l&#8217;edifici estigui acabat hi haurà tres línies d&#8217;ESO i dues de batxillerat.</p>

<p>L&#8217;institut  va començar amb dos grups de primer d’ESO el curs 2015-2016. Actualment als mòduls provisionals hi ha 184 alumnes: 2 línies de 1r, 2 línies de 2n i 2 línies de 3r d&#8217;ESO.<br />
L’edifici definitiu s&#8217;inaugurarà el setembre del 2018 i l&#8217;institut passarà a ser&hellip;  <a href="https://agora.xtec.cat/insviladomat/linstitut/" title="Read L&#8217;institut">Llegeix més»</a></p>
