{"id":703,"date":"2022-07-06T23:59:29","date_gmt":"2022-07-06T21:59:29","guid":{"rendered":"https:\/\/agora.xtec.cat\/insvilablareix\/?page_id=703"},"modified":"2025-01-21T13:10:57","modified_gmt":"2025-01-21T12:10:57","slug":"autoritzacions-comunicats-i-justificacions","status":"publish","type":"page","link":"https:\/\/agora.xtec.cat\/insvilablareix\/secretaria\/autoritzacions-comunicats-i-justificacions\/","title":{"rendered":"Autoritzacions, comunicats i justificacions"},"content":{"rendered":"<section id=\"h.38e823baf937f2a0_255\" class=\"yaqOZd\">\n<div class=\"IFuOkc\"><\/div>\n<div class=\"mYVXT\">\n<div class=\"LS81yb VICjCf j5pSsc db35Fc\" tabindex=\"-1\">\n<div class=\"hJDwNd-AhqUyc-uQSCkd Ft7HRd-AhqUyc-uQSCkd purZT-AhqUyc-II5mzb ZcASvf-AhqUyc-II5mzb pSzOP-AhqUyc-qWD73c Ktthjf-AhqUyc-qWD73c JNdkSc SQVYQc\">\n<div class=\"JNdkSc-SmKAyb LkDMRd\">\n<div class=\"\">\n<div class=\"oKdM2c ZZyype Kzv0Me\">\n<div id=\"h.38e823baf937f2a0_252\" class=\"hJDwNd-AhqUyc-uQSCkd Ft7HRd-AhqUyc-uQSCkd jXK9ad D2fZ2 zu5uec OjCsFc dmUFtb wHaque g5GTcb GNzUNc\">\n<div class=\"jXK9ad-SmKAyb\">\n<div class=\"tyJCtd mGzaTb Depvyb baZpAe\">\n<p class=\"CDt4Ke zfr3Q\" dir=\"ltr\"><strong>Les autoritzacions, els comunicats i les justificacions no caldr\u00e0 portar-los impresos a l&#8217;institut sin\u00f3 que <\/strong><strong>ho gestionarem a trav\u00e9s del correu electr\u00f2nic.\u00a0<\/strong><\/p>\n<p dir=\"ltr\"><span style=\"text-decoration: underline;\"><strong>ASSIST\u00c8NCIA:<\/strong><\/span> Per notificar faltes d&#8217;assist\u00e8ncia al centre, els retards, una abs\u00e8ncia per ra\u00f3 d&#8217;una vaga o referent a les sortides del centre, es gestiona a trav\u00e9s de<em><strong> ITEscola<\/strong>.<\/em> Per a qualsevol aclariment haureu d&#8217;enviar un correu a: <strong>assistencia@insvilablareix.cat.<\/strong><\/p>\n<p dir=\"ltr\"><span style=\"text-decoration: underline;\"><strong>TRANSPORT:<\/strong><\/span> Per notificar faltes d&#8217;assist\u00e8ncia, retards, canvis de parada o altres q\u00fcestions en el servei de transport exclusivament hauran de notificar-ho els alumnes a la monitora de l&#8217;autob\u00fas. Per altres q\u00fcestions no mencionades anteriorment haureu de posar-vos en contacte a trav\u00e9s d&#8217;aquest correu: <strong>transport.ensenyament@girones.cat.<\/strong><\/p>\n<p dir=\"ltr\"><span style=\"text-decoration: underline;\"><strong>GESTI\u00d3 ECON\u00d2MICA:<\/strong><\/span> Per temes relacionats amb la gesti\u00f3 econ\u00f2mica haureu de posar-vos en contacte amb la secretaria a <strong>secretaria@insvilablareix<\/strong><\/p>\n<p class=\"CDt4Ke zfr3Q\" dir=\"ltr\"><span style=\"text-decoration: underline;\"><strong>ALTRES SOL\u00b7LICITUDS:<\/strong><\/span> Per a altres sol\u00b7licituds o aclariments haureu d&#8217;enviar un correu a l&#8217;Institut a<strong>\u00a0insvilablareix@xtec.cat.<\/strong><\/p>\n<\/div>\n<\/div>\n<\/div>\n<\/div>\n<\/div>\n<\/div>\n<\/div>\n<\/div>\n<\/div>\n<\/section>\n","protected":false},"excerpt":{"rendered":"<p>Les autoritzacions, els comunicats i les justificacions no caldr\u00e0 portar-los impresos a l&#8217;institut sin\u00f3 que ho gestionarem a trav\u00e9s del correu electr\u00f2nic.\u00a0<br \/>\nASSIST\u00c8NCIA: Per notificar faltes d&#8217;assist\u00e8ncia al centre, els retards, una abs\u00e8ncia per ra\u00f3 d&#8217;una vaga o referent a les sortides del centre, es gestiona&hellip;  <a href=\"https:\/\/agora.xtec.cat\/insvilablareix\/secretaria\/autoritzacions-comunicats-i-justificacions\/\" title=\"Read Autoritzacions, comunicats i justificacions\">Llegeix m\u00e9s\u00bb<\/a><\/p>\n","protected":false},"author":1,"featured_media":0,"parent":81,"menu_order":0,"comment_status":"closed","ping_status":"closed","template":"page-templates\/side-menu.php","meta":{"_bbp_topic_count":0,"_bbp_reply_count":0,"_bbp_total_topic_count":0,"_bbp_total_reply_count":0,"_bbp_voice_count":0,"_bbp_anonymous_reply_count":0,"_bbp_topic_count_hidden":0,"_bbp_reply_count_hidden":0,"_bbp_forum_subforum_count":0,"footnotes":""},"class_list":["post-703","page","type-page","status-publish","hentry"],"post_mailing_queue_ids":[],"_links":{"self":[{"href":"https:\/\/agora.xtec.cat\/insvilablareix\/wp-json\/wp\/v2\/pages\/703","targetHints":{"allow":["GET"]}}],"collection":[{"href":"https:\/\/agora.xtec.cat\/insvilablareix\/wp-json\/wp\/v2\/pages"}],"about":[{"href":"https:\/\/agora.xtec.cat\/insvilablareix\/wp-json\/wp\/v2\/types\/page"}],"author":[{"embeddable":true,"href":"https:\/\/agora.xtec.cat\/insvilablareix\/wp-json\/wp\/v2\/users\/1"}],"replies":[{"embeddable":true,"href":"https:\/\/agora.xtec.cat\/insvilablareix\/wp-json\/wp\/v2\/comments?post=703"}],"version-history":[{"count":4,"href":"https:\/\/agora.xtec.cat\/insvilablareix\/wp-json\/wp\/v2\/pages\/703\/revisions"}],"predecessor-version":[{"id":2152,"href":"https:\/\/agora.xtec.cat\/insvilablareix\/wp-json\/wp\/v2\/pages\/703\/revisions\/2152"}],"up":[{"embeddable":true,"href":"https:\/\/agora.xtec.cat\/insvilablareix\/wp-json\/wp\/v2\/pages\/81"}],"wp:attachment":[{"href":"https:\/\/agora.xtec.cat\/insvilablareix\/wp-json\/wp\/v2\/media?parent=703"}],"curies":[{"name":"wp","href":"https:\/\/api.w.org\/{rel}","templated":true}]}}