{"id":697,"date":"2022-07-06T23:55:16","date_gmt":"2022-07-06T21:55:16","guid":{"rendered":"https:\/\/agora.xtec.cat\/insvilablareix\/?page_id=697"},"modified":"2025-03-11T13:54:01","modified_gmt":"2025-03-11T12:54:01","slug":"preinscripcio-batxillerat","status":"publish","type":"page","link":"https:\/\/agora.xtec.cat\/insvilablareix\/secretaria\/preinscripcio-batxillerat\/","title":{"rendered":"Preinscripci\u00f3 Batxillerat curs 25-26"},"content":{"rendered":"<section id=\"h.598c03316e38642e_1\" class=\"yaqOZd LB7kq gk8rDe\">\n<div class=\"mYVXT\">\n<div class=\"LS81yb VICjCf j5pSsc db35Fc\" tabindex=\"-1\">\n<div class=\"hJDwNd-AhqUyc-ibL1re Ft7HRd-AhqUyc-ibL1re JNdkSc SQVYQc L6cTce-purZT L6cTce-pSzOP\">\n<div class=\"JNdkSc-SmKAyb LkDMRd\">\n<div class=\"\">\n<section id=\"h.38e823baf937f2a0_210\" class=\"yaqOZd\">\n<div class=\"IFuOkc\"><strong>Informaci\u00f3 general a les fam\u00edlies<\/strong><\/div>\n<div><\/div>\n<div class=\"mYVXT\">\n<div class=\"LS81yb VICjCf j5pSsc db35Fc\" tabindex=\"-1\">\n<div class=\"hJDwNd-AhqUyc-uQSCkd Ft7HRd-AhqUyc-uQSCkd purZT-AhqUyc-II5mzb ZcASvf-AhqUyc-II5mzb pSzOP-AhqUyc-qWD73c Ktthjf-AhqUyc-qWD73c JNdkSc SQVYQc\">\n<div class=\"JNdkSc-SmKAyb LkDMRd\">\n<div class=\"\">\n<div class=\"oKdM2c ZZyype Kzv0Me\">\n<div id=\"h.38e823baf937f2a0_207\" class=\"hJDwNd-AhqUyc-uQSCkd Ft7HRd-AhqUyc-uQSCkd jXK9ad D2fZ2 zu5uec OjCsFc dmUFtb wHaque g5GTcb GNzUNc\">\n<div class=\"jXK9ad-SmKAyb\">\n<div class=\"tyJCtd mGzaTb Depvyb baZpAe\">\n<ul>\n<li class=\"CDt4Ke zfr3Q\" dir=\"ltr\">\u00a0Adre\u00e7a electr\u00f2nica oficial del centre: insvilablareix@xtec.cat<\/li>\n<li class=\"CDt4Ke zfr3Q\" dir=\"ltr\">\u00a0Tel\u00e8fon de contacte: 972 40 60 05<\/li>\n<li class=\"CDt4Ke zfr3Q\" dir=\"ltr\">Horari d\u2019atenci\u00f3 telef\u00f2nica: de dilluns a divendres de 09.00h a 14:00h<\/li>\n<li class=\"CDt4Ke zfr3Q\" dir=\"ltr\">\u00a0Informaci\u00f3 sobre la preinscripci\u00f3:\u00a0<a href=\"https:\/\/preinscripcio.gencat.cat\/ca\/estudis\/batxillerat\/inici\/\">https:\/\/preinscripcio.gencat.cat\/ca\/estudis\/batxillerat\/inici\/<\/a><\/li>\n<li class=\"CDt4Ke zfr3Q\" dir=\"ltr\">Codi de centre: 17009205<\/li>\n<li class=\"CDt4Ke zfr3Q\" dir=\"ltr\">Portes obertes: 1 d&#8217;abril a les 18.00 h.<\/li>\n<\/ul>\n<p class=\"CDt4Ke zfr3Q\" dir=\"ltr\">En la mateixa b\u00fastia de correu electr\u00f2nic atendrem tots els vostres dubtes durant el proc\u00e9s.<\/p>\n<p class=\"CDt4Ke zfr3Q\" dir=\"ltr\">La sol\u00b7licitud de preinscripci\u00f3 es considera formalitzada amb\u00a0<strong>l\u2019enviament del correu electr\u00f2nic, amb el resguard i la documentaci\u00f3 acreditativa adjunta<\/strong>.<\/p>\n<p class=\"CDt4Ke zfr3Q\" dir=\"ltr\">El per\u00edode de\u00a0<strong>presentaci\u00f3 de sol\u00b7licituds telem\u00e0ticament \u00e9s del 3 al 10 d&#8217;abril<\/strong><\/p>\n<p dir=\"ltr\"><a href=\"https:\/\/agora.xtec.cat\/insvilablareix\/wp-content\/uploads\/usu2496\/2025\/03\/Fases-de-la-preinscripcio-BAT-x-web.pdf\">Calendari preinscripci\u00f3 i matr\u00edcula 25-26<\/a><\/p>\n<p dir=\"ltr\">\n<\/div>\n<\/div>\n<\/div>\n<\/div>\n<\/div>\n<\/div>\n<\/div>\n<\/div>\n<\/div>\n<\/section>\n<section id=\"h.7a0eea977e48a0a_4\" class=\"yaqOZd\"><\/section>\n<\/div>\n<\/div>\n<\/div>\n<div class=\"hJDwNd-AhqUyc-OiUrBf Ft7HRd-AhqUyc-OiUrBf purZT-AhqUyc-II5mzb ZcASvf-AhqUyc-II5mzb pSzOP-AhqUyc-qWD73c Ktthjf-AhqUyc-qWD73c JNdkSc SQVYQc\">\n<div class=\"JNdkSc-SmKAyb LkDMRd\">\n<div class=\"\">\n<div class=\"oKdM2c ZZyype Kzv0Me\">\n<div id=\"h.598c03316e38642e_4\" class=\"hJDwNd-AhqUyc-OiUrBf Ft7HRd-AhqUyc-OiUrBf jXK9ad D2fZ2 zu5uec OjCsFc dmUFtb wHaque g5GTcb GNzUNc\">\n<div class=\"jXK9ad-SmKAyb\">\n<div class=\"tyJCtd mGzaTb Depvyb baZpAe lkHyyc\">\n<p><a class=\"XqQF9c\" style=\"font-family: inherit; font-size: 1em;\" href=\"https:\/\/www.google.com\/url?q=https%3A%2F%2Fpreinscripcio.gencat.cat%2Fca%2Festudis%2Fbatxillerat%2Finici%2F&amp;sa=D&amp;sntz=1&amp;usg=AOvVaw1a_wtnm5T7yhtFfjP6V8-L\" target=\"_blank\" rel=\"noopener\">https:\/\/preinscripcio.gencat.cat\/ca\/estudis\/batxillerat\/inici\/<\/a><\/p>\n<\/div>\n<\/div>\n<\/div>\n<\/div>\n<\/div>\n<\/div>\n<\/div>\n<\/div>\n<\/div>\n<\/section>\n","protected":false},"excerpt":{"rendered":"<p>Informaci\u00f3 general a les fam\u00edlies<\/p>\n<ul>\n<li class=\"CDt4Ke zfr3Q\" dir=\"ltr\">\u00a0Adre\u00e7a electr\u00f2nica oficial del centre: insvilablareix@xtec.cat<\/li>\n<li class=\"CDt4Ke zfr3Q\" dir=\"ltr\">\u00a0Tel\u00e8fon de contacte: 972 40 60 05<\/li>\n<li class=\"CDt4Ke zfr3Q\" dir=\"ltr\">Horari d\u2019atenci\u00f3 telef\u00f2nica: de dilluns a divendres de 09.00h a 14:00h<\/li>\n<li class=\"CDt4Ke zfr3Q\" dir=\"ltr\">\u00a0Informaci\u00f3 sobre la preinscripci\u00f3:\u00a0<a href=\"https:\/\/preinscripcio.gencat.cat\/ca\/estudis\/batxillerat\/inici\/\">https:\/\/preinscripcio.gencat.cat\/ca\/estudis\/batxillerat\/inici\/<\/a><\/li>\n<li class=\"CDt4Ke zfr3Q\" dir=\"ltr\">Codi&hellip;  <a href=\"https:\/\/agora.xtec.cat\/insvilablareix\/secretaria\/preinscripcio-batxillerat\/\" title=\"Read Preinscripci\u00f3 Batxillerat curs 25-26\">Llegeix m\u00e9s\u00bb<\/a><br \/>\n","protected":false},"author":1,"featured_media":0,"parent":81,"menu_order":0,"comment_status":"closed","ping_status":"closed","template":"page-templates\/side-menu.php","meta":{"_bbp_topic_count":0,"_bbp_reply_count":0,"_bbp_total_topic_count":0,"_bbp_total_reply_count":0,"_bbp_voice_count":0,"_bbp_anonymous_reply_count":0,"_bbp_topic_count_hidden":0,"_bbp_reply_count_hidden":0,"_bbp_forum_subforum_count":0,"footnotes":""},"class_list":["post-697","page","type-page","status-publish","hentry"],"post_mailing_queue_ids":[],"_links":{"self":[{"href":"https:\/\/agora.xtec.cat\/insvilablareix\/wp-json\/wp\/v2\/pages\/697","targetHints":{"allow":["GET"]}}],"collection":[{"href":"https:\/\/agora.xtec.cat\/insvilablareix\/wp-json\/wp\/v2\/pages"}],"about":[{"href":"https:\/\/agora.xtec.cat\/insvilablareix\/wp-json\/wp\/v2\/types\/page"}],"author":[{"embeddable":true,"href":"https:\/\/agora.xtec.cat\/insvilablareix\/wp-json\/wp\/v2\/users\/1"}],"replies":[{"embeddable":true,"href":"https:\/\/agora.xtec.cat\/insvilablareix\/wp-json\/wp\/v2\/comments?post=697"}],"version-history":[{"count":6,"href":"https:\/\/agora.xtec.cat\/insvilablareix\/wp-json\/wp\/v2\/pages\/697\/revisions"}],"predecessor-version":[{"id":2230,"href":"https:\/\/agora.xtec.cat\/insvilablareix\/wp-json\/wp\/v2\/pages\/697\/revisions\/2230"}],"up":[{"embeddable":true,"href":"https:\/\/agora.xtec.cat\/insvilablareix\/wp-json\/wp\/v2\/pages\/81"}],"wp:attachment":[{"href":"https:\/\/agora.xtec.cat\/insvilablareix\/wp-json\/wp\/v2\/media?parent=697"}],"curies":[{"name":"wp","href":"https:\/\/api.w.org\/{rel}","templated":true}]}}