{"id":1301,"date":"2023-03-08T12:55:15","date_gmt":"2023-03-08T11:55:15","guid":{"rendered":"https:\/\/agora.xtec.cat\/insvilablareix\/?page_id=1301"},"modified":"2025-02-24T13:17:00","modified_gmt":"2025-02-24T12:17:00","slug":"sollicitud-de-certificats","status":"publish","type":"page","link":"https:\/\/agora.xtec.cat\/insvilablareix\/secretaria\/sollicitud-de-certificats\/","title":{"rendered":"Sol\u00b7licituds, certificats i convalidacions"},"content":{"rendered":"<p dir=\"ltr\"><span style=\"text-decoration: underline;\"><strong>SOL\u00b7LICITUDS GENERALS<\/strong><\/span><\/p>\n<p dir=\"ltr\">Us podeu decarregar el model de sol\u00b7licitud, el podeu emplenar i signar manualment o b\u00e9 amb signatura digital i l&#8217;envieu per correu a insvilablareix.cat<\/p>\n<p dir=\"ltr\"><strong><a href=\"https:\/\/agora.xtec.cat\/insvilablareix\/wp-content\/uploads\/usu2496\/2023\/06\/Sollicitud-generica.pdf\">Sol\u00b7licitud gen\u00e8rica.pdf<\/a><\/strong><\/p>\n<p><strong>Reclamaci\u00f3\/ Queixa\/ Suggeriment: <a href=\"https:\/\/agora.xtec.cat\/insvilablareix\/wp-content\/uploads\/usu2496\/2025\/02\/Reclamacio-queixa-suggeriment-24-2-25.pdf\">Reclamacio-Queixa-Suggeriment.docx<\/a><\/strong><\/p>\n<p><span style=\"text-decoration: underline;\"><strong>CERTIFICATS<\/strong><\/span><\/p>\n<p><strong>Reconeixement dels nivells B2 i C1 de catal\u00e0<\/strong><\/p>\n<p>Informacio general:\u00a0<a href=\"https:\/\/educacio.gencat.cat\/ca\/tramits\/tramits-temes\/22046-reconeixement-b2-c1-catala?category=742b7874-a82c-11e3-a972-000c29052e2c\">https:\/\/educacio.gencat.cat\/ca\/tramits\/tramits-temes\/22046-reconeixement-b2-c1-catala?category=742b7874-a82c-11e3-a972-000c29052e2c<\/a><\/p>\n<p>Que cal fer per a sol\u00b7licitar-lo:<\/p>\n<p>Cal enviar un correu electr\u00f2nic a la b\u00fastia de secretaria del centre <strong>insvilablareix@xtec.cat<\/strong> adjuntant:<\/p>\n<ul>\n<li>DNI del sol\u00b7licitant<\/li>\n<li>Llibre d&#8217;escolaritat o certificat del centre o centres on s&#8217;ha fet l&#8217;itinerari escolar corresponent a l&#8217;etapa educativa (EGB, BUP, prim\u00e0ria, ESO)<\/li>\n<li>Historial acad\u00e8mic prim\u00e0ria i secund\u00e0ria<\/li>\n<li>Document per sol\u00b7licitar el reconeixement: <a style=\"font-family: inherit; font-size: 1em;\" href=\"https:\/\/agora.xtec.cat\/insvilablareix\/wp-content\/uploads\/usu2496\/2023\/04\/Sollicitud-certificat-C1-Catala.pdf\">Sol\u00b7licitud certificat C1 Catal\u00e0.pdf<\/a><\/li>\n<\/ul>\n<p>Si sou <strong>ex-alumne\/a<\/strong> de l&#8217;institut de Vilablareix, haureu d&#8217;enviar \u00fanicament la sol\u00b7licitud emplenada i una c\u00f2pia del DNI a la b\u00fastia de secretaria insvilablareix@xtec.cat<\/p>\n<p>&nbsp;<\/p>\n<p><span style=\"text-decoration: underline;\"><strong>CONVALIDACIONS<\/strong><\/span><\/p>\n<h2><strong>ESO\u00a0<a href=\"https:\/\/agora.xtec.cat\/insvilablareix\/wp-content\/uploads\/usu2496\/2024\/07\/Normativa-convalidacions-24-25.pdf\">Normativa convalidacions 24-25<\/a><\/strong><\/h2>\n<ul>\n<li style=\"list-style-type: none;\">\n<ul style=\"list-style-type: square;\">\n<li><span style=\"text-decoration: underline;\"><strong>M\u00daSICA<\/strong>: <\/span>\n<ul style=\"list-style-type: square;\">\n<li>Tot alumnat que cursi la mat\u00e8ria de m\u00fasica al\u00a0<strong>Conservatori<\/strong>\u00a0o a una\u00a0<strong>escola professional autoritzada pel Departament d\u2019Educaci\u00f3 de Catalunya<\/strong>\u00a0pot demanar el reconeixement de la mat\u00e8ria.<br \/>\n<table style=\"width: 90.8024%; height: 16px;\">\n<tbody>\n<tr>\n<td colspan=\"3\">Quina c\u00e0rrega hor\u00e0ria\u00a0<strong>setmanal<\/strong>\u00a0t\u00e9 l\u2019alumne al centre extern?<\/td>\n<\/tr>\n<\/tbody>\n<\/table>\n<table style=\"border-collapse: collapse; width: 90.5839%; height: 182px;\">\n<tbody>\n<tr style=\"height: 32px;\">\n<td style=\"width: 29.9187%; height: 32px;\"><\/td>\n<td style=\"width: 32.1686%; height: 32px;\"><strong>Cursa entre 3 i 4 hores.<\/strong><\/td>\n<td style=\"width: 37.772%; height: 32px;\"><strong>Cursa 4h o m\u00e9s .<\/strong><\/td>\n<\/tr>\n<tr style=\"height: 150px;\">\n<td style=\"width: 29.9187%; height: 150px;\">L\u2019alumne pot convalidar\u2026<\/td>\n<td style=\"width: 32.1686%; height: 150px;\"><strong>1)\u00a0 <\/strong>Mat\u00e8ries optatives de 1r i 3r ESO.<\/p>\n<p><strong>2) <\/strong>Una mat\u00e8ria optativa espec\u00edfica de 4rt d\u2019ESO (fins un m\u00e0xim de 2h setmanals).<\/td>\n<td style=\"width: 37.772%; height: 150px;\"><strong>1)<\/strong> Mat\u00e8ria de m\u00fasica (mat\u00e8ria comuna de 1r o 3r ESO)<\/p>\n<p><strong>2) <\/strong>Mat\u00e8ries optatives de 1r a 3r d\u2019ESO (m\u00e0xim 4 hores).<\/p>\n<p><strong>3) <\/strong>Una mat\u00e8ria optativa espec\u00edfica de 4rt d\u2019ESO.<\/td>\n<\/tr>\n<\/tbody>\n<\/table>\n<\/li>\n<\/ul>\n<\/li>\n<\/ul>\n<\/li>\n<\/ul>\n<ul>\n<li style=\"list-style-type: none;\">\n<ul>\n<li style=\"list-style-type: none;\">S&#8217;ha d&#8217;enviar els documents seg\u00fcents:\n<ul style=\"list-style-type: square;\">\n<li>Sol\u00b7licitud per emplenar les fam\u00edlies: <a href=\"https:\/\/agora.xtec.cat\/insvilablareix\/wp-content\/uploads\/usu2496\/2023\/09\/Sollicitud-musica-ESO.pdf\">Sol\u00b7licitud_M\u00fasica_ESO (Model EMU1).pdf<\/a><\/li>\n<li>Certificat per part del centre de m\u00fasica (Model CMU1).<\/li>\n<\/ul>\n<\/li>\n<\/ul>\n<\/li>\n<\/ul>\n<ul style=\"list-style-type: square;\">\n<li style=\"list-style-type: none;\">\n<ul style=\"list-style-type: square;\">\n<li style=\"list-style-type: none;\">\n<ul style=\"list-style-type: square;\">\n<li>NORMATIVA GENCAT: Requisits per a la convalidaci\u00f3 d&#8217;estudis d&#8217;ESO amb estudis de m\u00fasica: <a href=\"https:\/\/agora.xtec.cat\/insvilablareix\/wp-content\/uploads\/usu2496\/2024\/07\/CUR_Simultaneitat_musica.pdf\">CUR_Simultaneitat_musica<\/a><\/li>\n<\/ul>\n<\/li>\n<\/ul>\n<\/li>\n<\/ul>\n<p>&nbsp;<\/p>\n<ul>\n<li style=\"list-style-type: none;\">\n<ul style=\"list-style-type: square;\">\n<li><span style=\"text-decoration: underline;\"><strong>DANSA<\/strong>:<\/span>\n<ul style=\"list-style-type: square;\">\n<li>Tot l&#8217;alumnat que cursi estudis de <strong>dansa en conservatoris, centres professionals o escoles de dansa autoritzades<\/strong>, pot sol\u00b7licitar la convalidaci\u00f3 o el reconeixement de mat\u00e8ries d&#8217;ESO en els termes que s&#8217;indiquen en aquest document.<\/li>\n<li>\n<table style=\"width: 90.8024%; height: 16px;\">\n<tbody>\n<tr>\n<td colspan=\"3\">Quina c\u00e0rrega hor\u00e0ria\u00a0<strong>setmanal<\/strong>\u00a0t\u00e9 l\u2019alumne al centre extern?<\/td>\n<\/tr>\n<\/tbody>\n<\/table>\n<table style=\"border-collapse: collapse; width: 90.7314%; height: 147px;\">\n<tbody>\n<tr style=\"height: 32px;\">\n<td style=\"width: 30.0813%; height: 32px;\"><\/td>\n<td style=\"width: 29.0792%; height: 32px;\"><strong>Cursa entre 5 i 7 hores.<\/strong><\/td>\n<td style=\"width: 40.8614%; height: 32px;\"><strong>Cursa 7h o m\u00e9s.<\/strong><\/td>\n<\/tr>\n<tr style=\"height: 115px;\">\n<td style=\"width: 30.0813%; height: 115px;\">L\u2019alumne pot convalidar\u2026<\/td>\n<td style=\"width: 29.0792%; height: 115px;\"><strong>1)\u00a0\u00a0<\/strong>Educaci\u00f3 f\u00edsica.<\/p>\n<p>&nbsp;<\/td>\n<td style=\"width: 40.8614%; height: 115px;\"><strong>1) <\/strong>Educaci\u00f3 F\u00edsica.<\/p>\n<p><strong>2) <\/strong>Les mat\u00e8ries optatives de primer a tercer curs d&#8217;ESO (2 hores setmanals per curs).<\/p>\n<p><strong>3) <\/strong>Una mat\u00e8ria optativa de quart curs d&#8217;ESO (fins a un m\u00e0xim de 4 hores setmanals).<\/td>\n<\/tr>\n<\/tbody>\n<\/table>\n<p><span style=\"font-family: inherit; font-size: 1em;\">S&#8217;ha d&#8217;enviar els documents seg\u00fcents:<\/span><\/p>\n<ul style=\"list-style-type: square;\">\n<li>Sol\u00b7licitud per emplenar les fam\u00edlies: <a href=\"https:\/\/agora.xtec.cat\/insvilablareix\/wp-content\/uploads\/usu2496\/2023\/09\/Sollicitud-dansa-ESO-model-EDA1.pdf\">Sol\u00b7licitud_dansa_ESO (model EDA1).pdf<\/a><\/li>\n<li>Certificat per part del centre de dansa (model CDA1)<\/li>\n<li>NORMATIVA GENCAT: Requisits per a la convalidaci\u00f3 d&#8217;estudis d&#8217;ESO amb estudis de dansa: <a href=\"https:\/\/agora.xtec.cat\/insvilablareix\/wp-content\/uploads\/usu2496\/2024\/07\/CUR_Simultaneitat_dansa.pdf\">CUR_Simultaneitat_dansa<\/a><\/li>\n<\/ul>\n<\/li>\n<\/ul>\n<\/li>\n<\/ul>\n<\/li>\n<\/ul>\n<p>&nbsp;<\/p>\n<ul>\n<li style=\"list-style-type: none;\">\n<ul>\n<li style=\"list-style-type: none;\">\n<ul style=\"list-style-type: square;\">\n<li><span style=\"text-decoration: underline;\"><strong>ESPORTS:<\/strong><\/span>\n<ul style=\"list-style-type: square;\">\n<li>Els alumnes amb dedicaci\u00f3 significativa a l\u2019esport avalada pel Consell Catal\u00e0 de l\u2019Esport, matriculats en centres que no siguin centres educatius d\u2019especial atenci\u00f3 a la pr\u00e0ctica esportiva, poden sol\u00b7licitar que els reconegui la mat\u00e8ria Educaci\u00f3 F\u00edsica.<\/li>\n<\/ul>\n<\/li>\n<\/ul>\n<\/li>\n<\/ul>\n<\/li>\n<\/ul>\n<ul>\n<li style=\"list-style-type: none;\">\n<ul>\n<li style=\"list-style-type: none;\">\n<ul style=\"list-style-type: square;\">\n<li>\n<table style=\"width: 90.8024%; height: 16px;\">\n<tbody>\n<tr>\n<td colspan=\"3\">Quina c\u00e0rrega hor\u00e0ria\u00a0<strong>setmanal<\/strong>\u00a0t\u00e9 l\u2019alumne al centre extern?<\/td>\n<\/tr>\n<\/tbody>\n<\/table>\n<table style=\"border-collapse: collapse; width: 90.7314%; height: 89px;\">\n<tbody>\n<tr style=\"height: 32px;\">\n<td style=\"width: 30.0813%; height: 32px;\"><\/td>\n<td style=\"width: 1.5361%; height: 32px;\"><\/td>\n<td style=\"width: 68.4045%; height: 32px;\"><strong>Cursa 9h o m\u00e9s.<\/strong><\/td>\n<\/tr>\n<tr style=\"height: 57px;\">\n<td style=\"width: 30.0813%; height: 57px;\">L\u2019alumne pot convalidar\u2026<\/td>\n<td style=\"width: 1.5361%; height: 57px;\"><\/td>\n<td style=\"width: 68.4045%; height: 57px;\"><strong>1) <\/strong>Educaci\u00f3 F\u00edsica.<\/td>\n<\/tr>\n<\/tbody>\n<\/table>\n<p><span style=\"font-family: inherit; font-size: 1em;\">S&#8217;ha d&#8217;enviar els documents seg\u00fcents:<\/span><\/p>\n<ul style=\"list-style-type: square;\">\n<li>Sol\u00b7licitud per emplenar les fam\u00edlies: <a href=\"https:\/\/agora.xtec.cat\/insvilablareix\/wp-content\/uploads\/usu2496\/2023\/09\/Sollicitud-Esports_ESO.pdf\">Sol\u00b7licitud_Esports_ESO.pdf<\/a><\/li>\n<li>Certificat del Consell Catal\u00e0 de l\u2019Esport (els alumnes poden obtenir aquest certificat quan siguin esportistes que figuren en el programa de tecnificaci\u00f3 ARC de la federaci\u00f3 catalana corresponent).<\/li>\n<\/ul>\n<\/li>\n<\/ul>\n<\/li>\n<\/ul>\n<\/li>\n<\/ul>\n<ul>\n<li style=\"list-style-type: none;\">\n<ul>\n<li style=\"list-style-type: none;\">\n<ul>\n<li style=\"list-style-type: none;\">\n<ul style=\"list-style-type: square;\">\n<li>NORMATIVA GENCAT: Requisits per a la convalidaci\u00f3 d&#8217;estudis d&#8217;ESO amb estudis d&#8217;esports: <a href=\"https:\/\/agora.xtec.cat\/insvilablareix\/wp-content\/uploads\/usu2496\/2025\/01\/Normativa-convalidacions-24-25.pdf\">ESO_Normativa Esport.pdf<\/a><\/li>\n<\/ul>\n<\/li>\n<\/ul>\n<\/li>\n<\/ul>\n<\/li>\n<\/ul>\n<ul>\n<li style=\"list-style-type: none;\">\n<ul>\n<li style=\"list-style-type: none;\">\n<ul>\n<li style=\"list-style-type: none;\">\n<ul>\n<li style=\"list-style-type: none;\"><\/li>\n<\/ul>\n<\/li>\n<\/ul>\n<\/li>\n<\/ul>\n<\/li>\n<\/ul>\n<h2><strong>BATXILLERAT<\/strong><\/h2>\n<ul>\n<li style=\"list-style-type: none;\">\n<ul style=\"list-style-type: square;\">\n<li><span style=\"text-decoration: underline;\"><strong>M\u00daSICA<\/strong>: <\/span>\n<ul style=\"list-style-type: square;\">\n<li>Tot alumnat de batxillerat que cursi la mat\u00e8ria de m\u00fasica al <strong>Conservatori, en un centre professional <\/strong>o a una\u00a0<strong>escola professional autoritzada pel Departament d\u2019Educaci\u00f3 de Catalunya<\/strong>\u00a0pot demanar el reconeixement de la mat\u00e8ria.<\/li>\n<li>\n<table style=\"width: 90.8024%; height: 16px;\">\n<tbody>\n<tr>\n<td colspan=\"3\">Quina c\u00e0rrega hor\u00e0ria\u00a0<strong>setmanal<\/strong>\u00a0t\u00e9 l\u2019alumne al centre extern?<\/td>\n<\/tr>\n<\/tbody>\n<\/table>\n<table style=\"border-collapse: collapse; width: 90.5839%; height: 96px;\">\n<tbody>\n<tr style=\"height: 32px;\">\n<td style=\"width: 29.9187%; height: 32px;\"><\/td>\n<td style=\"width: 32.1686%; height: 32px;\"><strong>1r Batxillerat (4h o m\u00e9s)<\/strong><\/td>\n<td style=\"width: 37.772%; height: 32px;\"><strong>2n Batxillerat (4h o m\u00e9s)<\/strong><\/td>\n<\/tr>\n<tr style=\"height: 64px;\">\n<td style=\"width: 29.9187%; height: 64px;\">L\u2019alumne pot convalidar\u2026<\/td>\n<td style=\"width: 32.1686%; height: 64px;\"><strong>1)\u00a0 <\/strong>Mat\u00e8ries optatives (m\u00e0xim 6h setmanals).<\/td>\n<td style=\"width: 37.772%; height: 64px;\"><strong>1)<\/strong> Mat\u00e8ria de m\u00fasica (m\u00e0xim de 4h setmanals).<\/td>\n<\/tr>\n<\/tbody>\n<\/table>\n<\/li>\n<\/ul>\n<ul>\n<li style=\"list-style-type: none;\">\n<ul>\n<li style=\"list-style-type: none;\">S&#8217;ha d&#8217;enviar els documents seg\u00fcents:\n<ul style=\"list-style-type: square;\">\n<li>Sol\u00b7licitud per emplenar les fam\u00edlies:\n<ul style=\"list-style-type: square;\">\n<li>En el cas de ser conservatori: <a href=\"https:\/\/agora.xtec.cat\/insvilablareix\/wp-content\/uploads\/usu2496\/2023\/09\/Sollicitud_Musica_BATX.pdf\">Sol\u00b7licitud_M\u00fasica_BATX (Conservatori_Model BMU1).pdf<\/a><\/li>\n<li>Enel cas de ser escola de m\u00fasica autoritzada: <a href=\"https:\/\/agora.xtec.cat\/insvilablareix\/wp-content\/uploads\/usu2496\/2023\/09\/Sollicitud_musica_ESO-Escola-autoritzada_model-BMU3.pdf\">Sol\u00b7licitud_musica_ESO (Escola autoritzada_model BMU3).pdf<\/a><\/li>\n<\/ul>\n<\/li>\n<li>Certificat per part del centre de m\u00fasica (Model CMU1).<\/li>\n<\/ul>\n<\/li>\n<li>NORMATIVA GENCAT: Requisits per a la convalidaci\u00f3 d&#8217;estudis d&#8217;ESO amb estudis de m\u00fasica: <a href=\"https:\/\/agora.xtec.cat\/insvilablareix\/wp-content\/uploads\/usu2496\/2024\/07\/CUR_Simultaneitat_musica.pdf\">CUR_Simultaneitat_musica<\/a><\/li>\n<\/ul>\n<\/li>\n<\/ul>\n<\/li>\n<\/ul>\n<\/li>\n<\/ul>\n<p>&nbsp;<\/p>\n<ul>\n<li style=\"list-style-type: none;\">\n<ul>\n<li style=\"list-style-type: none;\">\n<ul style=\"list-style-type: square;\">\n<li><span style=\"text-decoration: underline;\"><strong>DANSA<\/strong>:<\/span>\n<ul style=\"list-style-type: square;\">\n<li>Tot l&#8217;alumnat que cursi estudis de <strong>dansa en conservatoris, centres professionals o escoles de dansa autoritzades<\/strong>, pot sol\u00b7licitar la convalidaci\u00f3 o el reconeixement de mat\u00e8ries de Batxillerat en els termes que s&#8217;indiquen en aquest document.<\/li>\n<li>\n<table style=\"width: 90.8024%; height: 33px;\">\n<tbody>\n<tr style=\"height: 33px;\">\n<td style=\"height: 33px;\" colspan=\"3\">Quina c\u00e0rrega hor\u00e0ria\u00a0<strong>setmanal<\/strong>\u00a0t\u00e9 l\u2019alumne al centre extern?<\/td>\n<\/tr>\n<\/tbody>\n<\/table>\n<table style=\"border-collapse: collapse; width: 91.0389%; height: 20px;\">\n<tbody>\n<tr style=\"height: 32px;\">\n<td style=\"width: 30.0813%; height: 10px;\"><\/td>\n<td style=\"width: 29.0792%; height: 10px;\"><strong>Cursa entre 7h a 10h.\u00a0<\/strong><\/td>\n<td style=\"width: 40.8614%; height: 10px;\"><strong>Cursa 11h o m\u00e9s.\u00a0<\/strong><\/td>\n<\/tr>\n<tr style=\"height: 382px;\">\n<td style=\"width: 30.0813%; height: 10px;\">L\u2019alumne pot convalidar\u2026<\/td>\n<td style=\"width: 29.0792%; height: 10px;\"><strong>1)\u00a0\u00a0<\/strong>Educaci\u00f3 f\u00edsica.<\/p>\n<p>&nbsp;<\/td>\n<td style=\"width: 40.8614%; height: 10px;\"><strong>1)\u00a0\u00a0<\/strong>Educaci\u00f3 f\u00edsica.<\/p>\n<p><strong>2) <\/strong>Mat\u00e8ries de la franja d&#8217;optatives fins a un m\u00e0xim de 4h setmanals.<\/td>\n<\/tr>\n<\/tbody>\n<\/table>\n<ul style=\"list-style-type: square;\">\n<li>Sol\u00b7licitud per emplenar les fam\u00edlies:<\/li>\n<li>En el cas de ser conservatori: <a href=\"https:\/\/agora.xtec.cat\/insvilablareix\/wp-content\/uploads\/usu2496\/2023\/09\/Sollicitud_dansa_BATX-Conservatori_model-BDA3.pdf\">Sol\u00b7licitud_dansa_BATX (Conservatori_model BDA1).pdf<\/a><\/li>\n<li>En el cas de ser escola de m\u00fasica autoritzada:<\/li>\n<li><a href=\"https:\/\/agora.xtec.cat\/insvilablareix\/wp-content\/uploads\/usu2496\/2023\/09\/Sollicitud_dansa_BATX-Escola-autoritzada_model-BDA3.pdf\">Sol\u00b7licitud_dansa_BATX (Escola autoritzada_model BDA3).pdf<\/a><\/li>\n<li>Certificat per part del centre de dansa (model CDA1)<\/li>\n<li>NORMATIVA GENCAT: Requisits per a la convalidaci\u00f3 d&#8217;estudis de Batxillerat amb estudis de dansa: <a href=\"https:\/\/agora.xtec.cat\/insvilablareix\/wp-content\/uploads\/usu2496\/2024\/07\/CUR_Simultaneitat_dansa.pdf\">CUR_Simultaneitat_dansa<\/a><\/li>\n<\/ul>\n<\/li>\n<\/ul>\n<\/li>\n<\/ul>\n<\/li>\n<\/ul>\n<\/li>\n<\/ul>\n<p>&nbsp;<\/p>\n<ul>\n<li style=\"list-style-type: none;\">\n<ul>\n<li style=\"list-style-type: none;\">\n<ul style=\"list-style-type: square;\">\n<li><span style=\"font-family: inherit; font-size: 1em; text-decoration-line: underline;\"><strong>ESPORT<\/strong>:<\/span>\n<ul>\n<li style=\"list-style-type: none;\">\n<ul>\n<li style=\"list-style-type: none;\">\n<ul style=\"list-style-type: square;\">\n<li>Els alumnes de Batxillerat amb dedicaci\u00f3 significativa a l\u2019esport avalada pel Consell Catal\u00e0 de l\u2019Esport i matriculats en centres que no pertanyen als centres educatius especial atenci\u00f3 a la pr\u00e0ctica esportiva, poden sol\u00b7licitar el <strong>reconeixement de la mat\u00e8ria d\u2019Educaci\u00f3 F\u00edsica i de les mat\u00e8ries espec\u00edfiques.<\/strong><\/li>\n<li>\n<table style=\"border-collapse: collapse; width: 91.1504%; height: 98px;\">\n<tbody>\n<tr style=\"height: 98px;\">\n<td style=\"width: 28.3172%; height: 98px;\">L\u2019alumne pot convalidar\u2026<\/td>\n<td style=\"width: 62.8332%; height: 98px;\"><strong>1) <\/strong>Educaci\u00f3 F\u00edsica.<\/p>\n<p><strong>2)\u00a0<\/strong>De dues franges de mat\u00e8ries optatives (6h) de primer o b\u00e9 de la franja de mat\u00e8ries optatives de segon curs (4h).<\/td>\n<\/tr>\n<\/tbody>\n<\/table>\n<p><span style=\"font-family: inherit; font-size: 1em;\">S&#8217;ha d&#8217;enviar els documents seg\u00fcents:<\/span><\/p>\n<ul style=\"list-style-type: square;\">\n<li><span style=\"font-family: inherit; font-size: 1em;\">Sol\u00b7licitud per emplenar les fam\u00edlies: <\/span><a style=\"font-family: inherit; font-size: 1em;\" href=\"https:\/\/agora.xtec.cat\/insvilablareix\/wp-content\/uploads\/usu2496\/2024\/10\/A1500.pdf\">Sol\u00b7licitud_Esports_BATX.pdf<\/a><\/li>\n<li>Certificat del Consell Catal\u00e0 de l\u2019Esport (els alumnes poden obtenir aquest certificat quan siguin esportistes que figuren en el programa de tecnificaci\u00f3 ARC de la federaci\u00f3 catalana corresponent).<\/li>\n<\/ul>\n<\/li>\n<\/ul>\n<\/li>\n<\/ul>\n<\/li>\n<\/ul>\n<\/li>\n<\/ul>\n<\/li>\n<\/ul>\n<\/li>\n<\/ul>\n<p>&nbsp;<\/p>\n<ul>\n<li style=\"list-style-type: none;\">\n<ul>\n<li style=\"list-style-type: none;\">\n<ul style=\"list-style-type: square;\">\n<li><span style=\"font-family: inherit; font-size: 1em; text-decoration-line: underline;\"><strong>EOI<\/strong>:<\/span>\n<ul style=\"list-style-type: square;\">\n<li>Els i les alumnes que cursen el batxillerat i, al mateix temps, una segona llengua estrangera en una\u200b escola oficial d&#8217;idiomes (EOI) poden sol\u00b7licitar la convalidaci\u00f3 de mat\u00e8ries optatives.<\/li>\n<li>Per poder sol\u00b7licitar el reconeixement esmentat cal complir alguna de les condicions seg\u00fcents:\n<ul style=\"list-style-type: square;\">\n<li><span style=\"font-family: inherit; font-size: 1em;\">\u200bEs cursa a l&#8217;EOI amb el nivell B2 o superior una segona llengua estrangera que ofereix el centre.<\/span><\/li>\n<li>Es cursa a l&#8217;EOI una llengua estrangera que no ofereix el centre.<br \/>\n<table style=\"border-collapse: collapse; width: 90.7314%; height: 55px;\">\n<tbody>\n<tr style=\"height: 32px;\">\n<td style=\"width: 26.6271%; height: 10px;\"><\/td>\n<td style=\"width: 36.6785%; height: 10px;\"><strong>1r Batxillerat<\/strong><\/td>\n<td style=\"width: 36.7163%; height: 10px;\"><strong>2n Batxillerat<\/strong><\/td>\n<\/tr>\n<tr style=\"height: 382px;\">\n<td style=\"width: 26.6271%; height: 45px;\">L\u2019alumne pot convalidar\u2026<\/td>\n<td style=\"width: 36.6785%; height: 45px;\"><strong>1) <\/strong>Mat\u00e8ries de la franja d&#8217;optatives fins a un m\u00e0xim de 6h setmanals.<\/td>\n<td style=\"width: 36.7163%; height: 45px;\"><strong>1)\u00a0 <\/strong>Mat\u00e8ries de la franja d&#8217;optatives fins a un m\u00e0xim de 4h setmanals.<\/td>\n<\/tr>\n<\/tbody>\n<\/table>\n<\/li>\n<\/ul>\n<\/li>\n<\/ul>\n<\/li>\n<\/ul>\n<\/li>\n<\/ul>\n<\/li>\n<\/ul>\n<ul style=\"list-style-type: square;\">\n<li style=\"list-style-type: none;\">\n<ul>\n<li style=\"list-style-type: none;\">\n<ul>\n<li style=\"list-style-type: none;\">\n<ul>\n<li style=\"list-style-type: none;\">\n<ul style=\"list-style-type: square;\">\n<li>Sol\u00b7licitud per emplenar les fam\u00edlies:\n<ul style=\"list-style-type: square;\">\n<li>En el cas de ser EOI: <a href=\"https:\/\/agora.xtec.cat\/insvilablareix\/wp-content\/uploads\/usu2496\/2023\/09\/Sollicitud_EOI_BATX-Model_CEO1.pdf\">Sol\u00b7licitud_EOI_BATX (Model_CEO1).pdf<\/a><\/li>\n<li>En el cas de ser segona llengua estrangera: <a href=\"https:\/\/agora.xtec.cat\/insvilablareix\/wp-content\/uploads\/usu2496\/2023\/09\/Sollicitud_2n-llengua-EOI_BATX-Model_CEO2.pdf\">Sol\u00b7licitud_2n llengua EOI_BATX (Model_CEO2).pdf<\/a><\/li>\n<\/ul>\n<\/li>\n<\/ul>\n<\/li>\n<\/ul>\n<\/li>\n<\/ul>\n<\/li>\n<\/ul>\n<\/li>\n<\/ul>\n<p>Segons cada documentaci\u00f3 per beneficiar-se de la subvenci\u00f3 s\u2019han d\u2019enviar a la <strong>secretaria del centre<\/strong>\u00a0(<a href=\"mailto:secretaria@insvplantada.cat\">secretaria@insvilablareix.cat<\/a>) indicant en l\u2019assumpte del missatge<strong> \u201cCONVALIDACI\u00d3 M\u00daSICA ESO\u201d.\u00a0<\/strong><\/p>\n<p>Poseu-vos en contacte amb el centre per demanar m\u00e9s informaci\u00f3.<\/p>\n","protected":false},"excerpt":{"rendered":"<p>SOL\u00b7LICITUDS GENERALS<br \/>\nUs podeu decarregar el model de sol\u00b7licitud, el podeu emplenar i signar manualment o b\u00e9 amb signatura digital i l&#8217;envieu per correu a insvilablareix.cat<br \/>\n<a href=\"https:\/\/agora.xtec.cat\/insvilablareix\/wp-content\/uploads\/usu2496\/2023\/06\/Sollicitud-generica.pdf\">Sol\u00b7licitud gen\u00e8rica.pdf<\/a><br \/>\nReclamaci\u00f3\/ Queixa\/ Suggeriment: <a href=\"https:\/\/agora.xtec.cat\/insvilablareix\/wp-content\/uploads\/usu2496\/2025\/02\/Reclamacio-queixa-suggeriment-24-2-25.pdf\">Reclamacio-Queixa-Suggeriment.docx<\/a><br \/>\nCERTIFICATS<br \/>\nReconeixement dels nivells B2 i C1 de catal\u00e0<br \/>\nInformacio general:\u00a0<a href=\"https:\/\/educacio.gencat.cat\/ca\/tramits\/tramits-temes\/22046-reconeixement-b2-c1-catala?category=742b7874-a82c-11e3-a972-000c29052e2c\">https:\/\/educacio.gencat.cat\/ca\/tramits\/tramits-temes\/22046-reconeixement-b2-c1-catala?category=742b7874-a82c-11e3-a972-000c29052e2c<\/a><br \/>\nQue cal fer per a sol\u00b7licitar-lo:<br \/>\nCal&hellip;  <a href=\"https:\/\/agora.xtec.cat\/insvilablareix\/secretaria\/sollicitud-de-certificats\/\" title=\"Read Sol\u00b7licituds, certificats i convalidacions\">Llegeix m\u00e9s\u00bb<\/a><\/p>\n","protected":false},"author":1,"featured_media":0,"parent":81,"menu_order":0,"comment_status":"closed","ping_status":"closed","template":"page-templates\/side-menu.php","meta":{"_bbp_topic_count":0,"_bbp_reply_count":0,"_bbp_total_topic_count":0,"_bbp_total_reply_count":0,"_bbp_voice_count":0,"_bbp_anonymous_reply_count":0,"_bbp_topic_count_hidden":0,"_bbp_reply_count_hidden":0,"_bbp_forum_subforum_count":0,"footnotes":""},"class_list":["post-1301","page","type-page","status-publish","hentry"],"post_mailing_queue_ids":[],"_links":{"self":[{"href":"https:\/\/agora.xtec.cat\/insvilablareix\/wp-json\/wp\/v2\/pages\/1301","targetHints":{"allow":["GET"]}}],"collection":[{"href":"https:\/\/agora.xtec.cat\/insvilablareix\/wp-json\/wp\/v2\/pages"}],"about":[{"href":"https:\/\/agora.xtec.cat\/insvilablareix\/wp-json\/wp\/v2\/types\/page"}],"author":[{"embeddable":true,"href":"https:\/\/agora.xtec.cat\/insvilablareix\/wp-json\/wp\/v2\/users\/1"}],"replies":[{"embeddable":true,"href":"https:\/\/agora.xtec.cat\/insvilablareix\/wp-json\/wp\/v2\/comments?post=1301"}],"version-history":[{"count":6,"href":"https:\/\/agora.xtec.cat\/insvilablareix\/wp-json\/wp\/v2\/pages\/1301\/revisions"}],"predecessor-version":[{"id":2192,"href":"https:\/\/agora.xtec.cat\/insvilablareix\/wp-json\/wp\/v2\/pages\/1301\/revisions\/2192"}],"up":[{"embeddable":true,"href":"https:\/\/agora.xtec.cat\/insvilablareix\/wp-json\/wp\/v2\/pages\/81"}],"wp:attachment":[{"href":"https:\/\/agora.xtec.cat\/insvilablareix\/wp-json\/wp\/v2\/media?parent=1301"}],"curies":[{"name":"wp","href":"https:\/\/api.w.org\/{rel}","templated":true}]}}