{"id":77,"date":"2014-09-18T10:29:25","date_gmt":"2014-09-18T08:29:25","guid":{"rendered":"http:\/\/agora.xtec.cat\/insvalltenes\/?page_id=77"},"modified":"2020-06-27T22:04:32","modified_gmt":"2020-06-27T20:04:32","slug":"transport-escolar","status":"publish","type":"page","link":"https:\/\/agora.xtec.cat\/insvalltenes\/serveis\/transport-escolar\/","title":{"rendered":"Transport escolar"},"content":{"rendered":"<p>El <a href=\"http:\/\/www.vallesoriental.cat\" target=\"_blank\" rel=\"noopener noreferrer\">Consell Comarcal del Vall\u00e8s Oriental<\/a>, juntament amb l&#8217;<a href=\"https:\/\/www.ser.cat\" target=\"_blank\" rel=\"noopener noreferrer\">Ajuntament de Santa Eul\u00e0lia de Ron\u00e7ana<\/a>, ofereix un servei de transport pels alumnes de Santa Eul\u00e0lia. Podeu trobar tota la informaci\u00f3 en <a href=\"http:\/\/www.vallesoriental.cat\/ambits\/ensenyament\/servei-de-transport-escolar\/\" target=\"_blank\" rel=\"noopener noreferrer\">aquesta p\u00e0gina<\/a>, amb dades sobre la ruta, el <a href=\"http:\/\/www.vallesoriental.cat\/ambits\/ensenyament\/servei-de-transport-escolar\/procediment-per-accedir-al-servei\/\" target=\"_blank\" rel=\"noopener noreferrer\">procediment d&#8217;inscripci\u00f3<\/a> i el calendari per fer-la.<\/p>\n<h6 class=\"title\">Ruta SOPC06A<\/h6>\n<div class=\"texts\">\n<h6 class=\"subtitle\">Institut La Vall del Tenes (Santa Eul\u00e0lia de Ron\u00e7ana)<\/h6>\n<div class=\"ddbbtext\">\n<table border=\"1\" cellspacing=\"1\" cellpadding=\"1\" align=\"center\">\n<tbody>\n<tr>\n<td>\u00a0<strong>Municipi<\/strong><\/td>\n<td><strong>Codi parada<\/strong><\/td>\n<td><strong>\u00a0Parada<\/strong><\/td>\n<td><strong>Horari mat\u00ed<\/strong><\/td>\n<td><strong>Horari tarda<\/strong><\/td>\n<\/tr>\n<tr>\n<td colspan=\"1\" rowspan=\"11\">\u00a0SANTA EUL\u00c0LIA DE\u00a0 \u00a0RON\u00c7ANA<\/td>\n<td>10108<\/td>\n<td>\u00a0AV. LLEDONERS &#8211; C. LLARD\u00d3<\/td>\n<td>06:50<\/td>\n<td>15:05<\/td>\n<\/tr>\n<tr>\n<td>10234<\/td>\n<td>\u00a0CAMI DE CAN SABATER &#8211; CAMI DE CAN FEU<\/td>\n<td>06:58<\/td>\n<td>14:57<\/td>\n<\/tr>\n<tr>\n<td>10180<\/td>\n<td>\u00a0FONT CANALETES &#8211; FONT DEL GAT<\/td>\n<td>07:00<\/td>\n<td>14:55<\/td>\n<\/tr>\n<tr>\n<td>10189<\/td>\n<td>\u00a0GIRONA &#8211; BERT\u00cd<\/td>\n<td>07:03<\/td>\n<td>14:52<\/td>\n<\/tr>\n<tr>\n<td>10246<\/td>\n<td>\u00a0GIRONA &#8211; CAMI CAN VALLS<\/td>\n<td>07:05<\/td>\n<td>14:50<\/td>\n<\/tr>\n<tr>\n<td>10244<\/td>\n<td>\u00a0CIRERER &#8211; FIGUERA<\/td>\n<td>07:07<\/td>\n<td>14:48<\/td>\n<\/tr>\n<tr>\n<td>10214<\/td>\n<td>\u00a0SANT ISIDRE, 2<\/td>\n<td>07:11<\/td>\n<td>14:44<\/td>\n<\/tr>\n<tr>\n<td>10393<\/td>\n<td>\u00a0AV. BONAIRE &#8211; CATALUNYA<\/td>\n<td>07:13<\/td>\n<td>14:42<\/td>\n<\/tr>\n<tr>\n<td>10505<\/td>\n<td>\u00a0CTRA DE BARCELONA &#8211; POMPEU FABRA &#8211; LA\u00a0 \u00a0SALA (PARADA BUS)<\/td>\n<td>07:20<\/td>\n<td>14:35<\/td>\n<\/tr>\n<tr>\n<td>10303<\/td>\n<td>\u00a0CTRA DE BARCELONA &#8211; CAMI DE CAN TORRAS\u00a0 \u00a0(PARADA BUS)<\/td>\n<td>07:22<\/td>\n<td>14:33<\/td>\n<\/tr>\n<tr>\n<td>10367<\/td>\n<td>\u00a0INS LA VALL DEL TENES<\/td>\n<td>07:30<\/td>\n<td>14:25<\/td>\n<\/tr>\n<\/tbody>\n<\/table>\n<\/div>\n<\/div>\n<p style=\"text-align: center;\"><iframe loading=\"lazy\" src=\"https:\/\/www.google.com\/maps\/d\/embed?mid=17EcTFUJEWlQWpWIG6svVXIGR8Atl-sc7\" width=\"640\" height=\"480\"><\/iframe><\/p>\n","protected":false},"excerpt":{"rendered":"<p>El Consell Comarcal del Vall\u00e8s Oriental, juntament amb l&#8217;Ajuntament de Santa Eul\u00e0lia de Ron\u00e7ana, ofereix un servei de transport pels alumnes de Santa Eul\u00e0lia. Podeu trobar tota la informaci\u00f3 en aquesta p\u00e0gina, amb dades sobre la ruta, el procediment d&#8217;inscripci\u00f3 i el calendari per fer-la. Ruta SOPC06A Institut La Vall del Tenes (Santa Eul\u00e0lia de [&hellip;]<\/p>\n","protected":false},"author":1,"featured_media":0,"parent":63,"menu_order":50,"comment_status":"closed","ping_status":"closed","template":"page-templates\/side-menu.php","meta":{"_bbp_topic_count":0,"_bbp_reply_count":0,"_bbp_total_topic_count":0,"_bbp_total_reply_count":0,"_bbp_voice_count":0,"_bbp_anonymous_reply_count":0,"_bbp_topic_count_hidden":0,"_bbp_reply_count_hidden":0,"_bbp_forum_subforum_count":0,"site-sidebar-layout":"default","site-content-layout":"","ast-site-content-layout":"","site-content-style":"default","site-sidebar-style":"default","ast-global-header-display":"","ast-banner-title-visibility":"","ast-main-header-display":"","ast-hfb-above-header-display":"","ast-hfb-below-header-display":"","ast-hfb-mobile-header-display":"","site-post-title":"","ast-breadcrumbs-content":"","ast-featured-img":"","footer-sml-layout":"","theme-transparent-header-meta":"","adv-header-id-meta":"","stick-header-meta":"","header-above-stick-meta":"","header-main-stick-meta":"","header-below-stick-meta":"","astra-migrate-meta-layouts":"default","ast-page-background-enabled":"default","ast-page-background-meta":{"desktop":{"background-color":"var(--ast-global-color-4)","background-image":"","background-repeat":"repeat","background-position":"center center","background-size":"auto","background-attachment":"scroll","background-type":"","background-media":"","overlay-type":"","overlay-color":"","overlay-opacity":"","overlay-gradient":""},"tablet":{"background-color":"","background-image":"","background-repeat":"repeat","background-position":"center center","background-size":"auto","background-attachment":"scroll","background-type":"","background-media":"","overlay-type":"","overlay-color":"","overlay-opacity":"","overlay-gradient":""},"mobile":{"background-color":"","background-image":"","background-repeat":"repeat","background-position":"center center","background-size":"auto","background-attachment":"scroll","background-type":"","background-media":"","overlay-type":"","overlay-color":"","overlay-opacity":"","overlay-gradient":""}},"ast-content-background-meta":{"desktop":{"background-color":"var(--ast-global-color-5)","background-image":"","background-repeat":"repeat","background-position":"center center","background-size":"auto","background-attachment":"scroll","background-type":"","background-media":"","overlay-type":"","overlay-color":"","overlay-opacity":"","overlay-gradient":""},"tablet":{"background-color":"var(--ast-global-color-5)","background-image":"","background-repeat":"repeat","background-position":"center center","background-size":"auto","background-attachment":"scroll","background-type":"","background-media":"","overlay-type":"","overlay-color":"","overlay-opacity":"","overlay-gradient":""},"mobile":{"background-color":"var(--ast-global-color-5)","background-image":"","background-repeat":"repeat","background-position":"center center","background-size":"auto","background-attachment":"scroll","background-type":"","background-media":"","overlay-type":"","overlay-color":"","overlay-opacity":"","overlay-gradient":""}},"footnotes":""},"class_list":["post-77","page","type-page","status-publish","hentry"],"post_mailing_queue_ids":[],"_links":{"self":[{"href":"https:\/\/agora.xtec.cat\/insvalltenes\/wp-json\/wp\/v2\/pages\/77","targetHints":{"allow":["GET"]}}],"collection":[{"href":"https:\/\/agora.xtec.cat\/insvalltenes\/wp-json\/wp\/v2\/pages"}],"about":[{"href":"https:\/\/agora.xtec.cat\/insvalltenes\/wp-json\/wp\/v2\/types\/page"}],"author":[{"embeddable":true,"href":"https:\/\/agora.xtec.cat\/insvalltenes\/wp-json\/wp\/v2\/users\/1"}],"replies":[{"embeddable":true,"href":"https:\/\/agora.xtec.cat\/insvalltenes\/wp-json\/wp\/v2\/comments?post=77"}],"version-history":[{"count":4,"href":"https:\/\/agora.xtec.cat\/insvalltenes\/wp-json\/wp\/v2\/pages\/77\/revisions"}],"predecessor-version":[{"id":1999,"href":"https:\/\/agora.xtec.cat\/insvalltenes\/wp-json\/wp\/v2\/pages\/77\/revisions\/1999"}],"up":[{"embeddable":true,"href":"https:\/\/agora.xtec.cat\/insvalltenes\/wp-json\/wp\/v2\/pages\/63"}],"wp:attachment":[{"href":"https:\/\/agora.xtec.cat\/insvalltenes\/wp-json\/wp\/v2\/media?parent=77"}],"curies":[{"name":"wp","href":"https:\/\/api.w.org\/{rel}","templated":true}]}}