{"id":4567,"date":"2025-01-19T09:58:17","date_gmt":"2025-01-19T08:58:17","guid":{"rendered":"https:\/\/agora.xtec.cat\/insvalltenes\/?page_id=4567"},"modified":"2025-01-20T09:33:16","modified_gmt":"2025-01-20T08:33:16","slug":"proves-geso","status":"publish","type":"page","link":"https:\/\/agora.xtec.cat\/insvalltenes\/oferta-educativa\/proves-geso\/","title":{"rendered":"Proves GESO"},"content":{"rendered":"\n<p>La prova per obtenir el graduat en educaci\u00f3 secund\u00e0ria obligat\u00f2ria (GESO) es convoquen anualment per a aquells alumnes que no l&#8217;hagin obtingut en finalitzar l&#8217;etapa. Per poder-s\u2019hi presentar l\u2019alumne o alumna ha d\u2019haver finalitzat l\u2019etapa durant un dels dos cursos anteriors al qual es presenti a la prova. El centre on s&#8217;ha de fer la prova ha de ser sempre aquell on es troba l\u2019expedient de l\u2019alumne. Els alumnes es presenten als ex\u00e0mens de totes les mat\u00e8ries o nom\u00e9s de les que no van quedar aprovades en finalitzar l&#8217;etapa.<\/p>\n\n\n\n<h2 class=\"wp-block-heading\">Calendari<\/h2>\n\n\n\n<figure class=\"wp-block-table\"><table><tbody><tr><td>Termini de presentaci\u00f3 de sol\u00b7licituds d&#8217;inscripci\u00f3<\/td><td>Entre el 3 i el 14 de febrer de 2025\u200b\u200b<\/td><\/tr><tr><td>Publicaci\u00f3 del calendari de la prova&nbsp;i la relaci\u00f3 d&#8217;admesos, amb les mat\u00e8ries objecte de la prova, i d\u2019exclosos.<\/td><td>Fins al&nbsp;3 de mar\u00e7 de 2025\u200b<\/td><\/tr><tr><td>Termini de presentaci\u00f3 de reclamacions a la relaci\u00f3 d\u2019admesos i exclosos.<\/td><td>Del 4 al 6 de mar\u00e7 de 2025<\/td><\/tr><tr><td>Realitzaci\u00f3 de la prova\u200b\u200b\u200b\u200b\u200b<\/td><td>D\u200b\u200b\u200b\u200burant el mes de&nbsp;mar\u00e7 de 2025<\/td><\/tr><tr><td>Relaci\u00f3 d\u2019alumnes presentats i de les qualificaci\u200bons obtingudes<\/td><td>Deu dies lectius seg\u00fcents a la realitzaci\u00f3 de la prova<\/td><\/tr><tr><td>Termini de presentaci\u00f3 de reclamacions a les qualificacions obtingudes<\/td><td>Durant els tres dies h\u00e0bils seg\u00fcents a la data d\u2019informaci\u00f3 dels resultats obtinguts<\/td><\/tr><tr><td>Si hi ha reclamacions, la direcci\u00f3 del centre convoca una reuni\u00f3 extraordin\u00e0ria de la sessi\u00f3 d\u2019avaluaci\u00f3<\/td><td>En un termini de 48 hores despr\u00e9s que acabi el termini de presentaci\u00f3 de reclamacions\u200b<\/td><\/tr><\/tbody><\/table><\/figure>\n\n\n\n<h2 class=\"wp-block-heading\">Requisits<\/h2>\n\n\n\n<p>Els alumnes han de complir els dos&nbsp;requisits seg\u00fcents per poder presentar-se a aquesta prova l\u2019any 2025:<\/p>\n\n\n\n<p>1.&nbsp;T\u200benir almenys 18 anys o complir-los dins de l&#8217;any 2025. L\u2019edat requerida es podr\u00e0 rebaixar fins als setze anys sempre que l\u2019alumne o alumna compleixi alguna de les condicions seg\u00fcents:<\/p>\n\n\n\n<blockquote class=\"wp-block-quote is-layout-flow wp-block-quote-is-layout-flow\">\n<ul class=\"wp-block-list\">\n<li>Tenir un contracte laboral que l\u2019impedeixi assistir al centre en r\u00e8gim ordinari.<\/li>\n\n\n\n<li>Trobar-se en proc\u00e9s d&#8217;obtenci\u00f3 d&#8217;un perm\u00eds de treball.<\/li>\n\n\n\n<li>Ser esportista d&#8217;alt rendiment. En aquest cas, caldr\u00e0 presentar una certifica\u200bci\u00f3 del Consell Catal\u00e0 de l\u2019Esport que acrediti que aquests esportistes figuren en el programa de tecnificaci\u00f3 (ARC) de la federaci\u00f3 catalana corresponent.<\/li>\n\n\n\n<li>Tenir un exp\u200bedient d\u2019homologaci\u00f3 obert d\u2019estudis estrangers al t\u00edtol de GESO.<\/li>\n<\/ul>\n<\/blockquote>\n\n\n\n<p>2.&nbsp;Haver finalitzat l\u2019ESO l\u2019any 2023 o 2024 sense haver obtingut el t\u00edtol o haver finalitzat l\u2019equivalent del quart curs de l\u2019educaci\u00f3 secund\u00e0ria obligat\u00f2ria en un sistema educatiu estranger amb mat\u00e8ries amb avaluaci\u00f3 negativa en cursos anteriors.&nbsp;<\/p>\n\n\n\n<p>De manera excepcional, tamb\u00e9 s&#8217;hi poden acollir alumnes amb informe de reconeixement de necessitats educatives especials, em\u00e8s per l&#8217;equip d&#8217;assessorament psicopedag\u00f2gic (EAP), per als quals es va elaborar un pla de suport individualitzat durant el per\u00edode compr\u00e8s entre els cursos 2017-2018 i 2022-2023.<\/p>\n\n\n\n<p>En aplicaci\u00f3 d\u2019aquests requisits, queden exclosos de la prova els alumnes inscrits per repetir quart d\u2019ESO en el present curs 2024-2025.<\/p>\n\n\n\n<p>D\u2019altra banda, els alumnes que estan matriculats en ensenyaments d&#8217;adults o a l&#8217;Institut Obert de Catalunya hi poden conc\u00f3rrer, sempre que compleixin els requisits abans esmentats.<\/p>\n\n\n\n<h2 class=\"wp-block-heading\">Sol\u00b7licitud<\/h2>\n\n\n\n<p>Per presentar-se a la prova cal enviar a l&#8217;adre\u00e7a <a href=\"mailto:secretaria@iesvalltenes.cat\">secretaria@iesvalltenes.cat<\/a> la sol\u00b7licitud emplenada en el termini previst en el calendari.<\/p>\n\n\n\n<div class=\"wp-block-file\"><a id=\"wp-block-file--media-5807bdca-1aa6-42bb-b915-ff089baf3c87\" href=\"https:\/\/agora.xtec.cat\/insvalltenes\/wp-content\/uploads\/usu399\/2025\/01\/A665-1.pdf\">Sol\u00b7licitud prova GESO<\/a><a href=\"https:\/\/agora.xtec.cat\/insvalltenes\/wp-content\/uploads\/usu399\/2025\/01\/A665-1.pdf\" class=\"wp-block-file__button wp-element-button\" download aria-describedby=\"wp-block-file--media-5807bdca-1aa6-42bb-b915-ff089baf3c87\">Baixa<\/a><\/div>\n\n\n\n<h2 class=\"wp-block-heading\">Curr\u00edculum<\/h2>\n\n\n\n<p>Els curr\u00edculums de cada mat\u00e8ria es poden consultar en aquesta <a href=\"https:\/\/xtec.gencat.cat\/ca\/curriculum\/eso\/curriculum-175-2022\/\" target=\"_blank\" rel=\"noreferrer noopener\">p\u00e0gina web<\/a>.<\/p>\n","protected":false},"excerpt":{"rendered":"<p>La prova per obtenir el graduat en educaci\u00f3 secund\u00e0ria obligat\u00f2ria (GESO) es convoquen anualment per a aquells alumnes que no l&#8217;hagin obtingut en finalitzar l&#8217;etapa. Per poder-s\u2019hi presentar l\u2019alumne o alumna ha d\u2019haver finalitzat l\u2019etapa durant un dels dos cursos anteriors al qual es presenti a la prova. El centre on s&#8217;ha de fer la [&hellip;]<\/p>\n","protected":false},"author":1,"featured_media":0,"parent":642,"menu_order":100,"comment_status":"closed","ping_status":"close","template":"page-templates\/side-menu.php","meta":{"_bbp_topic_count":0,"_bbp_reply_count":0,"_bbp_total_topic_count":0,"_bbp_total_reply_count":0,"_bbp_voice_count":0,"_bbp_anonymous_reply_count":0,"_bbp_topic_count_hidden":0,"_bbp_reply_count_hidden":0,"_bbp_forum_subforum_count":0,"site-sidebar-layout":"default","site-content-layout":"","ast-site-content-layout":"","site-content-style":"default","site-sidebar-style":"default","ast-global-header-display":"","ast-banner-title-visibility":"","ast-main-header-display":"","ast-hfb-above-header-display":"","ast-hfb-below-header-display":"","ast-hfb-mobile-header-display":"","site-post-title":"","ast-breadcrumbs-content":"","ast-featured-img":"","footer-sml-layout":"","theme-transparent-header-meta":"","adv-header-id-meta":"","stick-header-meta":"","header-above-stick-meta":"","header-main-stick-meta":"","header-below-stick-meta":"","astra-migrate-meta-layouts":"default","ast-page-background-enabled":"default","ast-page-background-meta":{"desktop":{"background-color":"var(--ast-global-color-4)","background-image":"","background-repeat":"repeat","background-position":"center center","background-size":"auto","background-attachment":"scroll","background-type":"","background-media":"","overlay-type":"","overlay-color":"","overlay-opacity":"","overlay-gradient":""},"tablet":{"background-color":"","background-image":"","background-repeat":"repeat","background-position":"center center","background-size":"auto","background-attachment":"scroll","background-type":"","background-media":"","overlay-type":"","overlay-color":"","overlay-opacity":"","overlay-gradient":""},"mobile":{"background-color":"","background-image":"","background-repeat":"repeat","background-position":"center center","background-size":"auto","background-attachment":"scroll","background-type":"","background-media":"","overlay-type":"","overlay-color":"","overlay-opacity":"","overlay-gradient":""}},"ast-content-background-meta":{"desktop":{"background-color":"var(--ast-global-color-5)","background-image":"","background-repeat":"repeat","background-position":"center center","background-size":"auto","background-attachment":"scroll","background-type":"","background-media":"","overlay-type":"","overlay-color":"","overlay-opacity":"","overlay-gradient":""},"tablet":{"background-color":"var(--ast-global-color-5)","background-image":"","background-repeat":"repeat","background-position":"center center","background-size":"auto","background-attachment":"scroll","background-type":"","background-media":"","overlay-type":"","overlay-color":"","overlay-opacity":"","overlay-gradient":""},"mobile":{"background-color":"var(--ast-global-color-5)","background-image":"","background-repeat":"repeat","background-position":"center center","background-size":"auto","background-attachment":"scroll","background-type":"","background-media":"","overlay-type":"","overlay-color":"","overlay-opacity":"","overlay-gradient":""}},"footnotes":""},"class_list":["post-4567","page","type-page","status-publish","hentry"],"post_mailing_queue_ids":[],"_links":{"self":[{"href":"https:\/\/agora.xtec.cat\/insvalltenes\/wp-json\/wp\/v2\/pages\/4567","targetHints":{"allow":["GET"]}}],"collection":[{"href":"https:\/\/agora.xtec.cat\/insvalltenes\/wp-json\/wp\/v2\/pages"}],"about":[{"href":"https:\/\/agora.xtec.cat\/insvalltenes\/wp-json\/wp\/v2\/types\/page"}],"author":[{"embeddable":true,"href":"https:\/\/agora.xtec.cat\/insvalltenes\/wp-json\/wp\/v2\/users\/1"}],"replies":[{"embeddable":true,"href":"https:\/\/agora.xtec.cat\/insvalltenes\/wp-json\/wp\/v2\/comments?post=4567"}],"version-history":[{"count":6,"href":"https:\/\/agora.xtec.cat\/insvalltenes\/wp-json\/wp\/v2\/pages\/4567\/revisions"}],"predecessor-version":[{"id":4590,"href":"https:\/\/agora.xtec.cat\/insvalltenes\/wp-json\/wp\/v2\/pages\/4567\/revisions\/4590"}],"up":[{"embeddable":true,"href":"https:\/\/agora.xtec.cat\/insvalltenes\/wp-json\/wp\/v2\/pages\/642"}],"wp:attachment":[{"href":"https:\/\/agora.xtec.cat\/insvalltenes\/wp-json\/wp\/v2\/media?parent=4567"}],"curies":[{"name":"wp","href":"https:\/\/api.w.org\/{rel}","templated":true}]}}