{"id":1510,"date":"2020-01-03T13:58:26","date_gmt":"2020-01-03T12:58:26","guid":{"rendered":"https:\/\/agora.xtec.cat\/insvalltenes\/?page_id=1510"},"modified":"2025-09-03T21:51:30","modified_gmt":"2025-09-03T19:51:30","slug":"programa-dintercanvis","status":"publish","type":"page","link":"https:\/\/agora.xtec.cat\/insvalltenes\/projecte-educatiu\/programa-dintercanvis\/","title":{"rendered":"Programa d&#8217;intercanvis"},"content":{"rendered":"\n<p>L&#8217;Institut La Vall del Tenes va comen\u00e7ar a oferir intercanvis ling\u00fc\u00edstics a partir del curs 1986\/87, amb un intercanvi a Fran\u00e7a, i poc despr\u00e9s es van afegir intercanvis als Estats Units, Alemanya, Anglaterra, B\u00e8lgica, Dinamarca i Irlanda.<\/p>\n\n\n\n<div class=\"wp-block-columns is-layout-flex wp-container-core-columns-is-layout-1 wp-block-columns-is-layout-flex\">\n<div class=\"wp-block-column is-layout-flow wp-block-column-is-layout-flow\" style=\"flex-basis:33.33%\">\n<figure class=\"wp-block-image size-full\"><a href=\"https:\/\/agora.xtec.cat\/insvalltenes\/wp-content\/uploads\/usu399\/2023\/12\/logo-sainte-Marie.png\"><img loading=\"lazy\" decoding=\"async\" width=\"600\" height=\"182\" src=\"https:\/\/agora.xtec.cat\/insvalltenes\/wp-content\/uploads\/usu399\/2023\/12\/logo-sainte-Marie.png\" alt=\"\" class=\"wp-image-4130\" srcset=\"https:\/\/agora.xtec.cat\/insvalltenes\/wp-content\/uploads\/usu399\/2023\/12\/logo-sainte-Marie.png 600w, https:\/\/agora.xtec.cat\/insvalltenes\/wp-content\/uploads\/usu399\/2023\/12\/logo-sainte-Marie-300x91.png 300w\" sizes=\"auto, (max-width: 600px) 100vw, 600px\" \/><\/a><\/figure>\n<\/div>\n\n\n\n<div class=\"wp-block-column is-layout-flow wp-block-column-is-layout-flow\" style=\"flex-basis:66.66%\">\n<p>En el curs de 3r d&#8217;ESO: Intercanvi amb l\u2019escola <a href=\"https:\/\/www.ste-marie-royan.fr\/\" target=\"_blank\" rel=\"noopener noreferrer\">Sainte-Marie<\/a>, situada al poble de Royan, a la regi\u00f3 de Nova Aquit\u00e0nia, a Fran\u00e7a. Est\u00e0 especialment indicat per als alumnes que volen aprofundir en l\u2019aprenentatge de la llengua francesa, que s\u2019ha iniciat a 1r d\u2019ESO.<\/p>\n<\/div>\n<\/div>\n\n\n\n<div style=\"height:50px\" aria-hidden=\"true\" class=\"wp-block-spacer\"><\/div>\n\n\n\n<p>A 1r de Batxillerat. S&#8217;ofereixen tres opcions d&#8217;intercanvis amb l&#8217;angl\u00e8s com a llengua vehicular:<\/p>\n\n\n\n<div class=\"wp-block-columns is-layout-flex wp-container-core-columns-is-layout-2 wp-block-columns-is-layout-flex\">\n<div class=\"wp-block-column is-layout-flow wp-block-column-is-layout-flow\" style=\"flex-basis:33.33%\">\n<figure class=\"wp-block-image size-full\"><a href=\"https:\/\/agora.xtec.cat\/insvalltenes\/wp-content\/uploads\/usu399\/2024\/12\/VTIIzegem.png\"><img loading=\"lazy\" decoding=\"async\" width=\"440\" height=\"264\" src=\"https:\/\/agora.xtec.cat\/insvalltenes\/wp-content\/uploads\/usu399\/2024\/12\/VTIIzegem.png\" alt=\"\" class=\"wp-image-4545\" srcset=\"https:\/\/agora.xtec.cat\/insvalltenes\/wp-content\/uploads\/usu399\/2024\/12\/VTIIzegem.png 440w, https:\/\/agora.xtec.cat\/insvalltenes\/wp-content\/uploads\/usu399\/2024\/12\/VTIIzegem-300x180.png 300w\" sizes=\"auto, (max-width: 440px) 100vw, 440px\" \/><\/a><\/figure>\n<\/div>\n\n\n\n<div class=\"wp-block-column is-layout-flow wp-block-column-is-layout-flow\" style=\"flex-basis:66.66%\">\n<p><a href=\"https:\/\/cvti.prizma.be\/\" target=\"_blank\" rel=\"noopener noreferrer\">VTI Izegem<\/a>: L\u2019escola VTI Izegem \u00e9s un centre educatiu d\u2019ensenyaments professionals de secund\u00e0ria. Est\u00e0 situada al municipi d\u2019<a href=\"http:\/\/start.izegem.be\/\" target=\"_blank\" rel=\"noopener noreferrer\">Izegem<\/a>, a la prov\u00edncia de Flandes Oriental (B\u00e8lgica). La capital de la prov\u00edncia \u00e9s Bruges.<\/p>\n<\/div>\n<\/div>\n\n\n\n<div style=\"height:45px\" aria-hidden=\"true\" class=\"wp-block-spacer\"><\/div>\n\n\n\n<div class=\"wp-block-columns is-layout-flex wp-container-core-columns-is-layout-3 wp-block-columns-is-layout-flex\">\n<div class=\"wp-block-column is-layout-flow wp-block-column-is-layout-flow\" style=\"flex-basis:33.33%\">\n<figure class=\"wp-block-image size-full\"><a href=\"https:\/\/agora.xtec.cat\/insvalltenes\/wp-content\/uploads\/usu399\/2024\/12\/svendborg-gym-logo-005.png\"><img loading=\"lazy\" decoding=\"async\" width=\"360\" height=\"113\" src=\"https:\/\/agora.xtec.cat\/insvalltenes\/wp-content\/uploads\/usu399\/2024\/12\/svendborg-gym-logo-005.png\" alt=\"\" class=\"wp-image-4546\" srcset=\"https:\/\/agora.xtec.cat\/insvalltenes\/wp-content\/uploads\/usu399\/2024\/12\/svendborg-gym-logo-005.png 360w, https:\/\/agora.xtec.cat\/insvalltenes\/wp-content\/uploads\/usu399\/2024\/12\/svendborg-gym-logo-005-300x94.png 300w\" sizes=\"auto, (max-width: 360px) 100vw, 360px\" \/><\/a><\/figure>\n<\/div>\n\n\n\n<div class=\"wp-block-column is-layout-flow wp-block-column-is-layout-flow\" style=\"flex-basis:66.66%\">\n<p><a href=\"http:\/\/www.svendborg-gym.dk\/\" target=\"_blank\" rel=\"noopener noreferrer\">Svendborg Gymnasium<\/a>: L\u2019institut Svendborg \u00e9s un centre de secund\u00e0ria superior que es troba a la <a href=\"https:\/\/www.visitsvendborg.com\/\" target=\"_blank\" rel=\"noopener noreferrer\">poblaci\u00f3<\/a> del mateix nom, a Dinamarca.<\/p>\n<\/div>\n<\/div>\n\n\n\n<div style=\"height:52px\" aria-hidden=\"true\" class=\"wp-block-spacer\"><\/div>\n\n\n\n<div class=\"wp-block-columns is-layout-flex wp-container-core-columns-is-layout-4 wp-block-columns-is-layout-flex\">\n<div class=\"wp-block-column is-layout-flow wp-block-column-is-layout-flow\" style=\"flex-basis:33.33%\">\n<figure class=\"wp-block-image size-full\"><a href=\"https:\/\/agora.xtec.cat\/insvalltenes\/wp-content\/uploads\/usu399\/2023\/12\/ksbb-logo.png\"><img loading=\"lazy\" decoding=\"async\" width=\"513\" height=\"141\" src=\"https:\/\/agora.xtec.cat\/insvalltenes\/wp-content\/uploads\/usu399\/2023\/12\/ksbb-logo.png\" alt=\"\" class=\"wp-image-4125\" srcset=\"https:\/\/agora.xtec.cat\/insvalltenes\/wp-content\/uploads\/usu399\/2023\/12\/ksbb-logo.png 513w, https:\/\/agora.xtec.cat\/insvalltenes\/wp-content\/uploads\/usu399\/2023\/12\/ksbb-logo-300x82.png 300w\" sizes=\"auto, (max-width: 513px) 100vw, 513px\" \/><\/a><\/figure>\n<\/div>\n\n\n\n<div class=\"wp-block-column is-layout-flow wp-block-column-is-layout-flow\" style=\"flex-basis:66.66%\">\n<p><a href=\"https:\/\/www.ks-bb.de\/\" target=\"_blank\" rel=\"noopener noreferrer\">Kaufm\u00e4nisches Schulzentrum: <\/a>L\u2019institut Kaufm\u00e4nisches Schulzentrum \u00e9s un centre educatiu situat a B\u00f6blingen, ciutat a uns 20 quil\u00f2metres al sud-oest de Stuttgart.<\/p>\n<\/div>\n<\/div>\n\n\n\n<div class=\"wp-block-columns is-layout-flex wp-container-core-columns-is-layout-5 wp-block-columns-is-layout-flex\">\n<div class=\"wp-block-column is-layout-flow wp-block-column-is-layout-flow\" style=\"flex-basis:33.33%\">\n<figure class=\"wp-block-image size-large is-resized\"><a href=\"https:\/\/agora.xtec.cat\/insvalltenes\/wp-content\/uploads\/usu399\/2025\/09\/bornem-scaled.jpeg\"><img loading=\"lazy\" decoding=\"async\" width=\"1024\" height=\"1000\" src=\"https:\/\/agora.xtec.cat\/insvalltenes\/wp-content\/uploads\/usu399\/2025\/09\/bornem-1024x1000.jpeg\" alt=\"\" class=\"wp-image-5141\" style=\"width:157px;height:auto\" srcset=\"https:\/\/agora.xtec.cat\/insvalltenes\/wp-content\/uploads\/usu399\/2025\/09\/bornem-1024x1000.jpeg 1024w, https:\/\/agora.xtec.cat\/insvalltenes\/wp-content\/uploads\/usu399\/2025\/09\/bornem-300x293.jpeg 300w, https:\/\/agora.xtec.cat\/insvalltenes\/wp-content\/uploads\/usu399\/2025\/09\/bornem-768x750.jpeg 768w, https:\/\/agora.xtec.cat\/insvalltenes\/wp-content\/uploads\/usu399\/2025\/09\/bornem-1536x1501.jpeg 1536w, https:\/\/agora.xtec.cat\/insvalltenes\/wp-content\/uploads\/usu399\/2025\/09\/bornem-2048x2001.jpeg 2048w\" sizes=\"auto, (max-width: 1024px) 100vw, 1024px\" \/><\/a><\/figure>\n<\/div>\n\n\n\n<div class=\"wp-block-column is-layout-flow wp-block-column-is-layout-flow\" style=\"flex-basis:66.66%\">\n<p><a href=\"https:\/\/www.olvpbornem.be\/\" target=\"_blank\" rel=\"noreferrer noopener\">OVLP Bornem<\/a>: L&#8217;OVLP Bornem \u00e9s un centre educatiu de secund\u00e0ria situat a Bornem, ciutat a uns 35 quil\u00f2metres al nord de Brusel\u00b7les.<\/p>\n<\/div>\n<\/div>\n\n\n\n<iframe loading=\"lazy\" src=\"https:\/\/docs.google.com\/presentation\/d\/e\/2PACX-1vTmvV6oYHzZtrmDybLzDjFtanItVGSBEcNLmAG63mPsLJmWutBocZb99L_8DDg-mdK3bWODF5Kh8OCw\/embed?start=false&#038;loop=false&#038;delayms=3000\" frameborder=\"0\" width=\"800\" height=\"628\" allowfullscreen=\"true\" mozallowfullscreen=\"true\" webkitallowfullscreen=\"true\"><\/iframe>\n\n\n\n<p><\/p>\n\n\n","protected":false},"excerpt":{"rendered":"<p>L&#8217;Institut La Vall del Tenes va comen\u00e7ar a oferir intercanvis ling\u00fc\u00edstics a partir del curs 1986\/87, amb un intercanvi a Fran\u00e7a, i poc despr\u00e9s es van afegir intercanvis als Estats Units, Alemanya, Anglaterra, B\u00e8lgica, Dinamarca i Irlanda. En el curs de 3r d&#8217;ESO: Intercanvi amb l\u2019escola Sainte-Marie, situada al poble de Royan, a la regi\u00f3 [&hellip;]<\/p>\n","protected":false},"author":1,"featured_media":0,"parent":57,"menu_order":0,"comment_status":"closed","ping_status":"closed","template":"","meta":{"_bbp_topic_count":0,"_bbp_reply_count":0,"_bbp_total_topic_count":0,"_bbp_total_reply_count":0,"_bbp_voice_count":0,"_bbp_anonymous_reply_count":0,"_bbp_topic_count_hidden":0,"_bbp_reply_count_hidden":0,"_bbp_forum_subforum_count":0,"site-sidebar-layout":"default","site-content-layout":"","ast-site-content-layout":"default","site-content-style":"default","site-sidebar-style":"default","ast-global-header-display":"","ast-banner-title-visibility":"","ast-main-header-display":"","ast-hfb-above-header-display":"","ast-hfb-below-header-display":"","ast-hfb-mobile-header-display":"","site-post-title":"","ast-breadcrumbs-content":"","ast-featured-img":"","footer-sml-layout":"","theme-transparent-header-meta":"","adv-header-id-meta":"","stick-header-meta":"","header-above-stick-meta":"","header-main-stick-meta":"","header-below-stick-meta":"","astra-migrate-meta-layouts":"set","ast-page-background-enabled":"default","ast-page-background-meta":{"desktop":{"background-color":"var(--ast-global-color-4)","background-image":"","background-repeat":"repeat","background-position":"center center","background-size":"auto","background-attachment":"scroll","background-type":"","background-media":"","overlay-type":"","overlay-color":"","overlay-opacity":"","overlay-gradient":""},"tablet":{"background-color":"","background-image":"","background-repeat":"repeat","background-position":"center center","background-size":"auto","background-attachment":"scroll","background-type":"","background-media":"","overlay-type":"","overlay-color":"","overlay-opacity":"","overlay-gradient":""},"mobile":{"background-color":"","background-image":"","background-repeat":"repeat","background-position":"center center","background-size":"auto","background-attachment":"scroll","background-type":"","background-media":"","overlay-type":"","overlay-color":"","overlay-opacity":"","overlay-gradient":""}},"ast-content-background-meta":{"desktop":{"background-color":"var(--ast-global-color-5)","background-image":"","background-repeat":"repeat","background-position":"center center","background-size":"auto","background-attachment":"scroll","background-type":"","background-media":"","overlay-type":"","overlay-color":"","overlay-opacity":"","overlay-gradient":""},"tablet":{"background-color":"var(--ast-global-color-5)","background-image":"","background-repeat":"repeat","background-position":"center center","background-size":"auto","background-attachment":"scroll","background-type":"","background-media":"","overlay-type":"","overlay-color":"","overlay-opacity":"","overlay-gradient":""},"mobile":{"background-color":"var(--ast-global-color-5)","background-image":"","background-repeat":"repeat","background-position":"center center","background-size":"auto","background-attachment":"scroll","background-type":"","background-media":"","overlay-type":"","overlay-color":"","overlay-opacity":"","overlay-gradient":""}},"footnotes":""},"class_list":["post-1510","page","type-page","status-publish","hentry"],"post_mailing_queue_ids":[],"_links":{"self":[{"href":"https:\/\/agora.xtec.cat\/insvalltenes\/wp-json\/wp\/v2\/pages\/1510","targetHints":{"allow":["GET"]}}],"collection":[{"href":"https:\/\/agora.xtec.cat\/insvalltenes\/wp-json\/wp\/v2\/pages"}],"about":[{"href":"https:\/\/agora.xtec.cat\/insvalltenes\/wp-json\/wp\/v2\/types\/page"}],"author":[{"embeddable":true,"href":"https:\/\/agora.xtec.cat\/insvalltenes\/wp-json\/wp\/v2\/users\/1"}],"replies":[{"embeddable":true,"href":"https:\/\/agora.xtec.cat\/insvalltenes\/wp-json\/wp\/v2\/comments?post=1510"}],"version-history":[{"count":5,"href":"https:\/\/agora.xtec.cat\/insvalltenes\/wp-json\/wp\/v2\/pages\/1510\/revisions"}],"predecessor-version":[{"id":5143,"href":"https:\/\/agora.xtec.cat\/insvalltenes\/wp-json\/wp\/v2\/pages\/1510\/revisions\/5143"}],"up":[{"embeddable":true,"href":"https:\/\/agora.xtec.cat\/insvalltenes\/wp-json\/wp\/v2\/pages\/57"}],"wp:attachment":[{"href":"https:\/\/agora.xtec.cat\/insvalltenes\/wp-json\/wp\/v2\/media?parent=1510"}],"curies":[{"name":"wp","href":"https:\/\/api.w.org\/{rel}","templated":true}]}}