{"id":1192,"date":"2019-07-06T21:14:27","date_gmt":"2019-07-06T19:14:27","guid":{"rendered":"https:\/\/agora.xtec.cat\/insvalltenes\/?page_id=1192"},"modified":"2025-07-10T09:29:06","modified_gmt":"2025-07-10T07:29:06","slug":"mun-model-united-nations","status":"publish","type":"page","link":"https:\/\/agora.xtec.cat\/insvalltenes\/projecte-educatiu\/mun-model-united-nations\/","title":{"rendered":"MUN (Model United Nations)"},"content":{"rendered":"\n<h4 class=\"wp-block-heading\">Qu\u00e8 \u00e9s el MUN?<\/h4>\n\n\n\n<figure class=\"wp-block-image alignleft\"><img decoding=\"async\" src=\"https:\/\/www.un.org\/sites\/www.un.org\/themes\/bootstrap_un\/logo.png\" alt=\"\"\/><\/figure>\n\n\n\n<p>Els MUN (Model United Nations) s\u00f3n simulacions de les <a href=\"https:\/\/www.un.org\/en\/ga\/\" target=\"_blank\" rel=\"noopener noreferrer\">Assemblees Generals<\/a> de les <a href=\"https:\/\/www.un.org\/en\/\" target=\"_blank\" rel=\"noopener noreferrer\">Nacions Unides<\/a> dutes a terme per estudiants. Van comen\u00e7ar a realitzar-se als Estats Units pocs anys despr\u00e9s de la fundaci\u00f3 de les Nacions Unides, l&#8217;any 1945, per part d&#8217;estudiants universitaris. Actualment, tenen lloc a tot el m\u00f3n, tant amb alumnes de secund\u00e0ria com universitaris.<\/p>\n\n\n\n<p>En una trobada MUN els participants representen un pa\u00eds en algun dels comit\u00e8s i ag\u00e8ncies que existeixen a les Nacions Unides, com per exemple el <a href=\"https:\/\/www.un.org\/securitycouncil\/\" target=\"_blank\" rel=\"noopener noreferrer\">Consell de Seguretat<\/a>, l&#8217;<a href=\"https:\/\/www.who.int\/\" target=\"_blank\" rel=\"noopener noreferrer\">Organitzaci\u00f3 Mundial de la Salut<\/a>, el <a href=\"https:\/\/www.ohchr.org\/en\/hrbodies\/hrc\/pages\/home.aspx\" target=\"_blank\" rel=\"noopener noreferrer\">Consell de Drets Humans<\/a>&nbsp;o el <a href=\"https:\/\/www.un.org\/ecosoc\/en\" target=\"_blank\" rel=\"noopener noreferrer\">Consell Econ\u00f2mic i Social<\/a>. Amb una agenda de temes predeterminada, els alumnes han de preparar pr\u00e8viament la seva participaci\u00f3 estudiant el pa\u00eds que representen, fent una recerca de la situaci\u00f3 del pa\u00eds amb relaci\u00f3 als temes a discutir, i elaborar propostes de resolucions que hauran de defensar en la trobada amb els altres participants. L&#8217;\u00fas intensiu de l&#8217;angl\u00e8s, el coneixement de les estrictes normes de funcionament de les trobades, l&#8217;habilitat per negociar amb els altres pa\u00efsos i la capacitat d&#8217;argumentar les opinions s\u00f3n caracter\u00edstiques que defineixen el funcionament de les trobades MUN.<\/p>\n\n\n\n<h4 class=\"wp-block-heading\">Preparaci\u00f3 MUN<\/h4>\n\n\n\n<p>Aprendre el funcionament d&#8217;una trobada MUN no \u00e9s una feina r\u00e0pida. Per aix\u00f2 \u00e9s habitual que els participants en els MUN repeteixin l&#8217;experi\u00e8ncia, en el mateix lloc o en un altre. Per tal que els alumnes del centre interessats en aquesta activitat adquireixin experi\u00e8ncia, s&#8217;organitza una <a href=\"https:\/\/agora.xtec.cat\/insvalltenes\/serveis\/activitats-extraescolars\/\" target=\"_blank\" rel=\"noopener noreferrer\">activitat extraescolar<\/a> destinada als alumnes de 3r i 4t d&#8217;ESO. Els que hi participen preparen les seves intervencions en unes trobades que es fa dues vegades l&#8217;any juntament amb els alumnes de l&#8217;<a href=\"http:\/\/nostrasenyora.escolapia.cat\/index.php\/ca\/\" target=\"_blank\" rel=\"noopener noreferrer\">Escola Pia Nostra Senyora<\/a> de Barcelona, un cop a Barcelona i l&#8217;altre a Santa Eul\u00e0lia.<\/p>\n\n\n\n<p class=\"has-text-align-center\"><iframe loading=\"lazy\" src=\"https:\/\/www.youtube.com\/embed\/i_846G4ztJg\" width=\"560\" height=\"315\" frameborder=\"0\" allowfullscreen=\"allowfullscreen\"><\/iframe><\/p>\n\n\n\n<h4 class=\"wp-block-heading\">Participar en un MUN<\/h4>\n\n\n\n<p>L&#8217;Institut La Vall del Tenes participa en trobades MUN des del curs 2009-10, habitualment a l&#8217;escola <a href=\"https:\/\/www.goldberg-gymnasium.de\/wpggs\/\" target=\"_blank\" rel=\"noopener noreferrer\">Goldberg Gymnasium<\/a>, que organitza la trobada <a href=\"http:\/\/www.munog.de\" target=\"_blank\" rel=\"noopener noreferrer\">MUNOG<\/a>. Est\u00e0 situada a la poblaci\u00f3 de Sindelfingen, prop de Stuttgart, capital del land de Baden-W\u00fcrttemberg a Alemanya. En altres ocasions, segons el nombre d&#8217;alumnes que sol\u00b7liciten participar-hi, tamb\u00e9 es viatja a les trobades <a href=\"http:\/\/www.munish.nl\/\" target=\"_blank\" rel=\"noopener noreferrer\">MUNISH<\/a>, a la Haia (Pa\u00efsos Baixos) organitzada per la <a href=\"https:\/\/www.ishthehague.nl\/\" target=\"_blank\" rel=\"noopener noreferrer\">International School of The Hague<\/a>, a <a href=\"http:\/\/www.munob.com\/\" target=\"_blank\" rel=\"noopener noreferrer\">MUNOB<\/a> a Bucarest (Romania), organitzada per l&#8217;escola <a href=\"https:\/\/cnmv.ro\/\" target=\"_blank\" rel=\"noopener noreferrer\">Mihai Viteazul<\/a>, a <a href=\"https:\/\/gomun.cz\/\" target=\"_blank\" rel=\"noreferrer noopener\">GOMUN<\/a> a Praga (Tx\u00e8quia) organitzada per per l&#8217;escola <a href=\"https:\/\/www.omska.cz\/\" target=\"_blank\" rel=\"noreferrer noopener\">Gymn\u00e1zium Omsk\u00e1<\/a>, aix\u00ed com a la trobada <a href=\"https:\/\/imunbp.betania-patmos.org\/\" target=\"_blank\" rel=\"noopener\">IMUNBP<\/a> organitzada per l&#8217;escola <a href=\"https:\/\/www.betania-patmos.org\/\" target=\"_blank\" rel=\"noopener\">Bet\u00e0nia-Patmos<\/a> de Barcelona.<\/p>\n\n\n\n<div class=\"wp-block-group is-nowrap is-layout-flex wp-container-core-group-is-layout-1 wp-block-group-is-layout-flex\">\n<figure class=\"wp-block-image size-full is-resized\"><a href=\"https:\/\/munbp.betania-patmos.org\/\" target=\"_blank\" rel=\" noreferrer noopener\"><img loading=\"lazy\" decoding=\"async\" width=\"859\" height=\"811\" src=\"https:\/\/agora.xtec.cat\/insvalltenes\/wp-content\/uploads\/usu399\/2024\/11\/media-2.png\" alt=\"\" class=\"wp-image-4535\" style=\"width:154px;height:auto\" srcset=\"https:\/\/agora.xtec.cat\/insvalltenes\/wp-content\/uploads\/usu399\/2024\/11\/media-2.png 859w, https:\/\/agora.xtec.cat\/insvalltenes\/wp-content\/uploads\/usu399\/2024\/11\/media-2-300x283.png 300w, https:\/\/agora.xtec.cat\/insvalltenes\/wp-content\/uploads\/usu399\/2024\/11\/media-2-768x725.png 768w\" sizes=\"auto, (max-width: 859px) 100vw, 859px\" \/><\/a><\/figure>\n\n\n\n<figure class=\"wp-block-image size-full is-resized\"><a href=\"https:\/\/munog.de\/\" target=\"_blank\" rel=\" noreferrer noopener\"><img loading=\"lazy\" decoding=\"async\" width=\"280\" height=\"174\" src=\"https:\/\/agora.xtec.cat\/insvalltenes\/wp-content\/uploads\/usu399\/2024\/11\/munog-1.png\" alt=\"\" class=\"wp-image-4534\" style=\"width:211px;height:auto\"\/><\/a><\/figure>\n\n\n\n<figure class=\"wp-block-image size-full\"><a href=\"https:\/\/munob.ro\/\" target=\"_blank\" rel=\" noreferrer noopener\"><img loading=\"lazy\" decoding=\"async\" width=\"150\" height=\"150\" src=\"https:\/\/agora.xtec.cat\/insvalltenes\/wp-content\/uploads\/usu399\/2024\/11\/munob-150x150-1.png\" alt=\"\" class=\"wp-image-4536\"\/><\/a><\/figure>\n\n\n\n<figure class=\"wp-block-image size-large is-resized\"><a href=\"https:\/\/gomun.cz\/\" target=\"_blank\" rel=\" noreferrer noopener\"><img loading=\"lazy\" decoding=\"async\" width=\"1024\" height=\"190\" src=\"https:\/\/agora.xtec.cat\/insvalltenes\/wp-content\/uploads\/usu399\/2025\/07\/orange_nomargin-1-1024x190.png\" alt=\"\" class=\"wp-image-5102\" style=\"width:307px;height:auto\" srcset=\"https:\/\/agora.xtec.cat\/insvalltenes\/wp-content\/uploads\/usu399\/2025\/07\/orange_nomargin-1-1024x190.png 1024w, https:\/\/agora.xtec.cat\/insvalltenes\/wp-content\/uploads\/usu399\/2025\/07\/orange_nomargin-1-300x56.png 300w, https:\/\/agora.xtec.cat\/insvalltenes\/wp-content\/uploads\/usu399\/2025\/07\/orange_nomargin-1-768x143.png 768w, https:\/\/agora.xtec.cat\/insvalltenes\/wp-content\/uploads\/usu399\/2025\/07\/orange_nomargin-1-1536x285.png 1536w, https:\/\/agora.xtec.cat\/insvalltenes\/wp-content\/uploads\/usu399\/2025\/07\/orange_nomargin-1-2048x380.png 2048w\" sizes=\"auto, (max-width: 1024px) 100vw, 1024px\" \/><\/a><\/figure>\n<\/div>\n\n\n\n<p>Els alumnes interessats en temes de pol\u00edtica internacional, economia, hist\u00f2ria i amb un nivell d&#8217;angl\u00e8s adequat, poden optar per participar en les trobades MUN. En el cas dels alumnes de 2n de batxillerat, la feina que faran els comptar\u00e0 com el seu treball de recerca.<\/p>\n\n\n\n<figure class=\"wp-block-embed is-type-video is-provider-youtube wp-block-embed-youtube wp-embed-aspect-16-9 wp-has-aspect-ratio\"><div class=\"wp-block-embed__wrapper\">\n<div class=\"ast-oembed-container \" style=\"height: 100%;\"><iframe loading=\"lazy\" title=\"Objectiu SET: MUNISH 2015\" width=\"500\" height=\"281\" src=\"https:\/\/www.youtube.com\/embed\/pGUYjmyitqs?feature=oembed\" frameborder=\"0\" allow=\"accelerometer; autoplay; clipboard-write; encrypted-media; gyroscope; picture-in-picture; web-share\" referrerpolicy=\"strict-origin-when-cross-origin\" allowfullscreen><\/iframe><\/div>\n<\/div><\/figure>\n","protected":false},"excerpt":{"rendered":"<p>Qu\u00e8 \u00e9s el MUN? Els MUN (Model United Nations) s\u00f3n simulacions de les Assemblees Generals de les Nacions Unides dutes a terme per estudiants. Van comen\u00e7ar a realitzar-se als Estats Units pocs anys despr\u00e9s de la fundaci\u00f3 de les Nacions Unides, l&#8217;any 1945, per part d&#8217;estudiants universitaris. Actualment, tenen lloc a tot el m\u00f3n, tant [&hellip;]<\/p>\n","protected":false},"author":1,"featured_media":0,"parent":57,"menu_order":0,"comment_status":"closed","ping_status":"closed","template":"","meta":{"_bbp_topic_count":0,"_bbp_reply_count":0,"_bbp_total_topic_count":0,"_bbp_total_reply_count":0,"_bbp_voice_count":0,"_bbp_anonymous_reply_count":0,"_bbp_topic_count_hidden":0,"_bbp_reply_count_hidden":0,"_bbp_forum_subforum_count":0,"site-sidebar-layout":"default","site-content-layout":"","ast-site-content-layout":"default","site-content-style":"default","site-sidebar-style":"default","ast-global-header-display":"","ast-banner-title-visibility":"","ast-main-header-display":"","ast-hfb-above-header-display":"","ast-hfb-below-header-display":"","ast-hfb-mobile-header-display":"","site-post-title":"","ast-breadcrumbs-content":"","ast-featured-img":"","footer-sml-layout":"","theme-transparent-header-meta":"","adv-header-id-meta":"","stick-header-meta":"","header-above-stick-meta":"","header-main-stick-meta":"","header-below-stick-meta":"","astra-migrate-meta-layouts":"set","ast-page-background-enabled":"default","ast-page-background-meta":{"desktop":{"background-color":"var(--ast-global-color-4)","background-image":"","background-repeat":"repeat","background-position":"center center","background-size":"auto","background-attachment":"scroll","background-type":"","background-media":"","overlay-type":"","overlay-color":"","overlay-opacity":"","overlay-gradient":""},"tablet":{"background-color":"","background-image":"","background-repeat":"repeat","background-position":"center center","background-size":"auto","background-attachment":"scroll","background-type":"","background-media":"","overlay-type":"","overlay-color":"","overlay-opacity":"","overlay-gradient":""},"mobile":{"background-color":"","background-image":"","background-repeat":"repeat","background-position":"center center","background-size":"auto","background-attachment":"scroll","background-type":"","background-media":"","overlay-type":"","overlay-color":"","overlay-opacity":"","overlay-gradient":""}},"ast-content-background-meta":{"desktop":{"background-color":"var(--ast-global-color-5)","background-image":"","background-repeat":"repeat","background-position":"center center","background-size":"auto","background-attachment":"scroll","background-type":"","background-media":"","overlay-type":"","overlay-color":"","overlay-opacity":"","overlay-gradient":""},"tablet":{"background-color":"var(--ast-global-color-5)","background-image":"","background-repeat":"repeat","background-position":"center center","background-size":"auto","background-attachment":"scroll","background-type":"","background-media":"","overlay-type":"","overlay-color":"","overlay-opacity":"","overlay-gradient":""},"mobile":{"background-color":"var(--ast-global-color-5)","background-image":"","background-repeat":"repeat","background-position":"center center","background-size":"auto","background-attachment":"scroll","background-type":"","background-media":"","overlay-type":"","overlay-color":"","overlay-opacity":"","overlay-gradient":""}},"footnotes":""},"class_list":["post-1192","page","type-page","status-publish","hentry"],"post_mailing_queue_ids":[],"_links":{"self":[{"href":"https:\/\/agora.xtec.cat\/insvalltenes\/wp-json\/wp\/v2\/pages\/1192","targetHints":{"allow":["GET"]}}],"collection":[{"href":"https:\/\/agora.xtec.cat\/insvalltenes\/wp-json\/wp\/v2\/pages"}],"about":[{"href":"https:\/\/agora.xtec.cat\/insvalltenes\/wp-json\/wp\/v2\/types\/page"}],"author":[{"embeddable":true,"href":"https:\/\/agora.xtec.cat\/insvalltenes\/wp-json\/wp\/v2\/users\/1"}],"replies":[{"embeddable":true,"href":"https:\/\/agora.xtec.cat\/insvalltenes\/wp-json\/wp\/v2\/comments?post=1192"}],"version-history":[{"count":5,"href":"https:\/\/agora.xtec.cat\/insvalltenes\/wp-json\/wp\/v2\/pages\/1192\/revisions"}],"predecessor-version":[{"id":5105,"href":"https:\/\/agora.xtec.cat\/insvalltenes\/wp-json\/wp\/v2\/pages\/1192\/revisions\/5105"}],"up":[{"embeddable":true,"href":"https:\/\/agora.xtec.cat\/insvalltenes\/wp-json\/wp\/v2\/pages\/57"}],"wp:attachment":[{"href":"https:\/\/agora.xtec.cat\/insvalltenes\/wp-json\/wp\/v2\/media?parent=1192"}],"curies":[{"name":"wp","href":"https:\/\/api.w.org\/{rel}","templated":true}]}}