{"id":4684,"date":"2026-01-19T18:09:07","date_gmt":"2026-01-19T17:09:07","guid":{"rendered":"https:\/\/agora.xtec.cat\/insvaleriahaline\/?page_id=4684"},"modified":"2026-01-19T18:54:11","modified_gmt":"2026-01-19T17:54:11","slug":"certificacio-didiomes","status":"publish","type":"page","link":"https:\/\/agora.xtec.cat\/insvaleriahaline\/certificacio-didiomes\/","title":{"rendered":"Certificaci\u00f3 de lleng\u00fces estrangeres"},"content":{"rendered":"<p>L&#8217;institut Val\u00e8ria Halin\u00e9 participa en un programa de c<strong>ertificaci\u00f3 dels coneixements de lleng\u00fces estrangeres<\/strong> en determinats ensenyaments. Aix\u00f2 permet que els nostres alumnes puguin presentar-se a obtenir el nivell B1 i B2 d&#8217;idiomes. Aquesta certificaci\u00f3 implica<strong> treballar amb una EOI<\/strong> de refer\u00e8ncia i poder-ne rebre assessorament. Aix\u00ed mateix, aquells que estudien franc\u00e8s com a segona llengua tamb\u00e9 poden optar a matricular-se del <strong>DELF escolaire<\/strong> per obtenir la certificaci\u00f3 del franc\u00e8s.<\/p>\n<p>Quant als idiomes, i concretament a l&#8217;aprenentatge de l&#8217;angl\u00e8s, el centre t\u00e9 algunes <strong>mat\u00e8ries que es realitzen en angl\u00e8s<\/strong> com per exemple l&#8217;optativa d&#8217;Educaci\u00f3 F\u00edsica <em>Play for fun<\/em> de 1r d&#8217;ESO i la mat\u00e8ria de Cultua i Valors c\u00edvics de 4t d&#8217;ESO.<\/p>\n","protected":false},"excerpt":{"rendered":"<p>L&#8217;institut Val\u00e8ria Halin\u00e9 participa en un programa de certificaci\u00f3 dels coneixements de lleng\u00fces estrangeres en determinats ensenyaments. Aix\u00f2 permet que els nostres alumnes puguin presentar-se a obtenir el nivell B1 i B2 d&#8217;idiomes. Aquesta certificaci\u00f3 implica treballar amb una EOI de refer\u00e8ncia i poder-ne rebre assessorament. Aix\u00ed mateix, aquells que estudien franc\u00e8s com a segona [&hellip;]<\/p>\n","protected":false},"author":1,"featured_media":0,"parent":0,"menu_order":0,"comment_status":"closed","ping_status":"closed","template":"","meta":{"_bbp_topic_count":0,"_bbp_reply_count":0,"_bbp_total_topic_count":0,"_bbp_total_reply_count":0,"_bbp_voice_count":0,"_bbp_anonymous_reply_count":0,"_bbp_topic_count_hidden":0,"_bbp_reply_count_hidden":0,"_bbp_forum_subforum_count":0,"site-sidebar-layout":"default","site-content-layout":"","ast-site-content-layout":"default","site-content-style":"default","site-sidebar-style":"default","ast-global-header-display":"","ast-banner-title-visibility":"","ast-main-header-display":"","ast-hfb-above-header-display":"","ast-hfb-below-header-display":"","ast-hfb-mobile-header-display":"","site-post-title":"","ast-breadcrumbs-content":"","ast-featured-img":"","footer-sml-layout":"","theme-transparent-header-meta":"default","adv-header-id-meta":"","stick-header-meta":"","header-above-stick-meta":"","header-main-stick-meta":"","header-below-stick-meta":"","astra-migrate-meta-layouts":"set","ast-page-background-enabled":"default","ast-page-background-meta":{"desktop":{"background-color":"var(--ast-global-color-4)","background-image":"","background-repeat":"repeat","background-position":"center center","background-size":"auto","background-attachment":"scroll","background-type":"","background-media":"","overlay-type":"","overlay-color":"","overlay-opacity":"","overlay-gradient":""},"tablet":{"background-color":"","background-image":"","background-repeat":"repeat","background-position":"center center","background-size":"auto","background-attachment":"scroll","background-type":"","background-media":"","overlay-type":"","overlay-color":"","overlay-opacity":"","overlay-gradient":""},"mobile":{"background-color":"","background-image":"","background-repeat":"repeat","background-position":"center center","background-size":"auto","background-attachment":"scroll","background-type":"","background-media":"","overlay-type":"","overlay-color":"","overlay-opacity":"","overlay-gradient":""}},"ast-content-background-meta":{"desktop":{"background-color":"var(--ast-global-color-5)","background-image":"","background-repeat":"repeat","background-position":"center center","background-size":"auto","background-attachment":"scroll","background-type":"","background-media":"","overlay-type":"","overlay-color":"","overlay-opacity":"","overlay-gradient":""},"tablet":{"background-color":"var(--ast-global-color-5)","background-image":"","background-repeat":"repeat","background-position":"center center","background-size":"auto","background-attachment":"scroll","background-type":"","background-media":"","overlay-type":"","overlay-color":"","overlay-opacity":"","overlay-gradient":""},"mobile":{"background-color":"var(--ast-global-color-5)","background-image":"","background-repeat":"repeat","background-position":"center center","background-size":"auto","background-attachment":"scroll","background-type":"","background-media":"","overlay-type":"","overlay-color":"","overlay-opacity":"","overlay-gradient":""}},"footnotes":""},"class_list":["post-4684","page","type-page","status-publish","hentry"],"post_mailing_queue_ids":[],"_links":{"self":[{"href":"https:\/\/agora.xtec.cat\/insvaleriahaline\/wp-json\/wp\/v2\/pages\/4684","targetHints":{"allow":["GET"]}}],"collection":[{"href":"https:\/\/agora.xtec.cat\/insvaleriahaline\/wp-json\/wp\/v2\/pages"}],"about":[{"href":"https:\/\/agora.xtec.cat\/insvaleriahaline\/wp-json\/wp\/v2\/types\/page"}],"author":[{"embeddable":true,"href":"https:\/\/agora.xtec.cat\/insvaleriahaline\/wp-json\/wp\/v2\/users\/1"}],"replies":[{"embeddable":true,"href":"https:\/\/agora.xtec.cat\/insvaleriahaline\/wp-json\/wp\/v2\/comments?post=4684"}],"version-history":[{"count":2,"href":"https:\/\/agora.xtec.cat\/insvaleriahaline\/wp-json\/wp\/v2\/pages\/4684\/revisions"}],"predecessor-version":[{"id":4687,"href":"https:\/\/agora.xtec.cat\/insvaleriahaline\/wp-json\/wp\/v2\/pages\/4684\/revisions\/4687"}],"wp:attachment":[{"href":"https:\/\/agora.xtec.cat\/insvaleriahaline\/wp-json\/wp\/v2\/media?parent=4684"}],"curies":[{"name":"wp","href":"https:\/\/api.w.org\/{rel}","templated":true}]}}