{"id":4678,"date":"2026-01-19T17:43:43","date_gmt":"2026-01-19T16:43:43","guid":{"rendered":"https:\/\/agora.xtec.cat\/insvaleriahaline\/?page_id=4678"},"modified":"2026-01-19T17:43:43","modified_gmt":"2026-01-19T16:43:43","slug":"mart-xxi","status":"publish","type":"page","link":"https:\/\/agora.xtec.cat\/insvaleriahaline\/mart-xxi\/","title":{"rendered":"Mart XXI"},"content":{"rendered":"<p>Ja fa uns quants any que el Val\u00e8ria Halin\u00e9 participa al Mart XXI. En aquest projecte un grup d&#8217;alumnes de<strong> 3r d&#8217;ESO<\/strong> forma part del grup d&#8217;investigadors que valora les possibilitats d&#8217;<strong>habitar a Mart<\/strong>. Aquesta enriquidora recerca cient\u00edfica dirigida pels professors de la <strong>UPC de Castelldefels<\/strong> s&#8217;organitza en grups que investiguen\u00a0 l&#8217;aigua, la sostenibilitat, els sensors, les telecomunicions, alimentaci\u00f3&#8230; Acaba sent una setmana estimulant de treball en grup que motiva molt els alumnes per seguir estudiant. Per con\u00e8ixer millor el Mart XXI, cliqueu l&#8217;enlla\u00e7 seg\u00fcent:<\/p>\n<p><a href=\"https:\/\/cbl.upc.edu\/ca\/cienciatec\/activitats\/martxxi\/2\">SABER-NE M\u00c9S DE MART XXI<\/a><\/p>\n","protected":false},"excerpt":{"rendered":"<p>Ja fa uns quants any que el Val\u00e8ria Halin\u00e9 participa al Mart XXI. En aquest projecte un grup d&#8217;alumnes de 3r d&#8217;ESO forma part del grup d&#8217;investigadors que valora les possibilitats d&#8217;habitar a Mart. Aquesta enriquidora recerca cient\u00edfica dirigida pels professors de la UPC de Castelldefels s&#8217;organitza en grups que investiguen\u00a0 l&#8217;aigua, la sostenibilitat, els [&hellip;]<\/p>\n","protected":false},"author":1,"featured_media":0,"parent":0,"menu_order":0,"comment_status":"closed","ping_status":"closed","template":"","meta":{"_bbp_topic_count":0,"_bbp_reply_count":0,"_bbp_total_topic_count":0,"_bbp_total_reply_count":0,"_bbp_voice_count":0,"_bbp_anonymous_reply_count":0,"_bbp_topic_count_hidden":0,"_bbp_reply_count_hidden":0,"_bbp_forum_subforum_count":0,"site-sidebar-layout":"default","site-content-layout":"","ast-site-content-layout":"default","site-content-style":"default","site-sidebar-style":"default","ast-global-header-display":"","ast-banner-title-visibility":"","ast-main-header-display":"","ast-hfb-above-header-display":"","ast-hfb-below-header-display":"","ast-hfb-mobile-header-display":"","site-post-title":"","ast-breadcrumbs-content":"","ast-featured-img":"","footer-sml-layout":"","theme-transparent-header-meta":"default","adv-header-id-meta":"","stick-header-meta":"","header-above-stick-meta":"","header-main-stick-meta":"","header-below-stick-meta":"","astra-migrate-meta-layouts":"set","ast-page-background-enabled":"default","ast-page-background-meta":{"desktop":{"background-color":"var(--ast-global-color-4)","background-image":"","background-repeat":"repeat","background-position":"center center","background-size":"auto","background-attachment":"scroll","background-type":"","background-media":"","overlay-type":"","overlay-color":"","overlay-opacity":"","overlay-gradient":""},"tablet":{"background-color":"","background-image":"","background-repeat":"repeat","background-position":"center center","background-size":"auto","background-attachment":"scroll","background-type":"","background-media":"","overlay-type":"","overlay-color":"","overlay-opacity":"","overlay-gradient":""},"mobile":{"background-color":"","background-image":"","background-repeat":"repeat","background-position":"center center","background-size":"auto","background-attachment":"scroll","background-type":"","background-media":"","overlay-type":"","overlay-color":"","overlay-opacity":"","overlay-gradient":""}},"ast-content-background-meta":{"desktop":{"background-color":"var(--ast-global-color-5)","background-image":"","background-repeat":"repeat","background-position":"center center","background-size":"auto","background-attachment":"scroll","background-type":"","background-media":"","overlay-type":"","overlay-color":"","overlay-opacity":"","overlay-gradient":""},"tablet":{"background-color":"var(--ast-global-color-5)","background-image":"","background-repeat":"repeat","background-position":"center center","background-size":"auto","background-attachment":"scroll","background-type":"","background-media":"","overlay-type":"","overlay-color":"","overlay-opacity":"","overlay-gradient":""},"mobile":{"background-color":"var(--ast-global-color-5)","background-image":"","background-repeat":"repeat","background-position":"center center","background-size":"auto","background-attachment":"scroll","background-type":"","background-media":"","overlay-type":"","overlay-color":"","overlay-opacity":"","overlay-gradient":""}},"footnotes":""},"class_list":["post-4678","page","type-page","status-publish","hentry"],"post_mailing_queue_ids":[],"_links":{"self":[{"href":"https:\/\/agora.xtec.cat\/insvaleriahaline\/wp-json\/wp\/v2\/pages\/4678","targetHints":{"allow":["GET"]}}],"collection":[{"href":"https:\/\/agora.xtec.cat\/insvaleriahaline\/wp-json\/wp\/v2\/pages"}],"about":[{"href":"https:\/\/agora.xtec.cat\/insvaleriahaline\/wp-json\/wp\/v2\/types\/page"}],"author":[{"embeddable":true,"href":"https:\/\/agora.xtec.cat\/insvaleriahaline\/wp-json\/wp\/v2\/users\/1"}],"replies":[{"embeddable":true,"href":"https:\/\/agora.xtec.cat\/insvaleriahaline\/wp-json\/wp\/v2\/comments?post=4678"}],"version-history":[{"count":1,"href":"https:\/\/agora.xtec.cat\/insvaleriahaline\/wp-json\/wp\/v2\/pages\/4678\/revisions"}],"predecessor-version":[{"id":4679,"href":"https:\/\/agora.xtec.cat\/insvaleriahaline\/wp-json\/wp\/v2\/pages\/4678\/revisions\/4679"}],"wp:attachment":[{"href":"https:\/\/agora.xtec.cat\/insvaleriahaline\/wp-json\/wp\/v2\/media?parent=4678"}],"curies":[{"name":"wp","href":"https:\/\/api.w.org\/{rel}","templated":true}]}}