{"id":3797,"date":"2022-06-14T14:26:23","date_gmt":"2022-06-14T12:26:23","guid":{"rendered":"https:\/\/agora.xtec.cat\/insvaleriahaline\/?page_id=3797"},"modified":"2025-07-15T09:23:13","modified_gmt":"2025-07-15T07:23:13","slug":"materials-necessaris-per-a-linici-de-curs","status":"publish","type":"page","link":"https:\/\/agora.xtec.cat\/insvaleriahaline\/materials-necessaris-per-a-linici-de-curs\/","title":{"rendered":"Llibres digitals 2025\/26"},"content":{"rendered":"<p>&nbsp;<\/p>\n<h2>INSTRUCCIONS PER A L\u2019ADQUISICI\u00d3 DELS LLIBRES DIGITALS curs 2025-26<\/h2>\n<p><a href=\"https:\/\/agora.xtec.cat\/insvaleriahaline\/1r-eso-instruccions\/\" target=\"_blank\" rel=\"noopener\">Instruccions 1rESO<\/a><\/p>\n<p><a href=\"https:\/\/agora.xtec.cat\/insvaleriahaline\/2n-eso-instruccions\/\" target=\"_blank\" rel=\"noopener\">Instruccions 2nESO<\/a><\/p>\n<p><a href=\"https:\/\/agora.xtec.cat\/insvaleriahaline\/3r-eso-instruccions\/\" target=\"_blank\" rel=\"noopener\">Instruccions 3rESO<\/a><\/p>\n<p><a href=\"https:\/\/agora.xtec.cat\/insvaleriahaline\/4t-eso-instruccions\/\" target=\"_blank\" rel=\"noopener\">Instruccions 4tESO<\/a><\/p>\n<p>&nbsp;<\/p>\n<p><span style=\"font-weight: 400;\"><strong>PREUS<\/strong> (amb descompte aplicat) DELS LLIBRES DIGITALS + PROJECTES INTERDISCIPLINARIS + QUADERNS DE MAT\u00c8RIES INSTRUMENTALS\u00a0 \u00a0 <strong>2025-26<\/strong><\/span><\/p>\n<table style=\"width: 73.4492%;\">\n<tbody>\n<tr>\n<td style=\"width: 3.77358%;\"><\/td>\n<td style=\"width: 18.57%; text-align: center;\"><span style=\"font-weight: 400;\">LLIBRES TEIDE + Weeras (tothom)<\/span><\/td>\n<td style=\"width: 7.64647%; text-align: center;\"><span style=\"font-weight: 400;\">ANGL\u00c8S (tothom)<\/span><\/td>\n<td style=\"width: 12.0053%; text-align: center;\"><span style=\"font-weight: 400;\">FRANC\u00c8S (optativa)<\/span><\/td>\n<td style=\"width: 13.5848%; text-align: center;\"><span style=\"font-weight: 400;\">ALEMANY (optativa)<\/span><\/td>\n<\/tr>\n<tr>\n<td style=\"width: 3.77358%;\"><span style=\"font-weight: 400;\">1R<\/span><\/td>\n<td style=\"width: 18.57%; text-align: center;\">110\u20ac + 20\u20ac dep\u00f2sit<\/td>\n<td style=\"width: 7.64647%; text-align: center;\">35\u20ac<\/td>\n<td style=\"width: 12.0053%; text-align: center;\">&#8211;<\/td>\n<td style=\"width: 13.5848%; text-align: center;\">&#8211;<\/td>\n<\/tr>\n<tr>\n<td style=\"width: 3.77358%;\"><span style=\"font-weight: 400;\">2N<\/span><\/td>\n<td style=\"width: 18.57%; text-align: center;\">110\u20ac + 20\u20ac dep\u00f2sit<\/td>\n<td style=\"width: 7.64647%; text-align: center;\">35\u20ac<\/td>\n<td style=\"width: 12.0053%; text-align: center;\">16,76\u20ac<\/td>\n<td style=\"width: 13.5848%; text-align: center;\">13,96\u20ac<\/td>\n<\/tr>\n<tr>\n<td style=\"width: 3.77358%;\"><span style=\"font-weight: 400;\">3R<\/span><\/td>\n<td style=\"width: 18.57%; text-align: center;\">110\u20ac<\/td>\n<td style=\"width: 7.64647%; text-align: center;\">35\u20ac<\/td>\n<td style=\"width: 12.0053%; text-align: center;\">16,76\u20ac<\/td>\n<td style=\"width: 13.5848%; text-align: center;\">&#8211;<\/td>\n<\/tr>\n<tr>\n<td style=\"width: 3.77358%;\"><span style=\"font-weight: 400;\">4T<\/span><\/td>\n<td style=\"width: 18.57%; text-align: center;\">110\u20ac<\/td>\n<td style=\"width: 7.64647%; text-align: center;\">35\u20ac<\/td>\n<td style=\"width: 12.0053%; text-align: center;\">16,76\u20ac<\/td>\n<td style=\"width: 13.5848%; text-align: center;\">13,96\u20ac<\/td>\n<\/tr>\n<\/tbody>\n<\/table>\n<ul>\n<li>Weeras \u00e9s la plataforma digital contenidora de les llic\u00e8ncies dels llibres i el programa de gesti\u00f3 i comunicaci\u00f3 amb les fam\u00edlies.<\/li>\n<\/ul>\n<p>*Preus amb descompte<\/p>\n<p><strong>IMPORTANT: el val escolar<\/strong> es pot cedir al centre. A partir del setembre, al mes posterior, de fer la cessi\u00f3 es far\u00e0 reemborsament del val escolar en cas que s&#8217;hagi fet la compra de les llic\u00e8ncies weeras. Data l\u00edmit per cedir els vals escolars al centre educatiu: 19\/09\/25. M\u00e9s informaci\u00f3 sobre el val escolar: <a href=\"https:\/\/valescolar.cat\/\" target=\"_blank\" rel=\"noopener\">https:\/\/valescolar.cat\/\u00a0<\/a><\/p>\n<p>Exemple 1: una fam\u00edlia que fa la compra de les llic\u00e8ncies del weeras i fa la cessi\u00f3 dels vals escolars al juliol, rebr\u00e0 el reemborsament dels vals escolars (30\u20ac o 60\u20ac) al mateix n\u00famero de compte que t\u00e9 associada la targeta que s&#8217;ha fet la compra durant el setembre.<\/p>\n<p>Exemple 2: una fam\u00edlia que fa la compra de les llic\u00e8ncies del weeras i fa la cessi\u00f3 dels vals escolars al setembre, rebr\u00e0 el reemborsament dels vals escolars (30\u20ac o 60\u20ac) al mateix n\u00famero de compte que t\u00e9 associada la targeta que s&#8217;ha fet la compra durant l&#8217;octubre.<\/p>\n","protected":false},"excerpt":{"rendered":"<p>&nbsp; INSTRUCCIONS PER A L\u2019ADQUISICI\u00d3 DELS LLIBRES DIGITALS curs 2025-26 Instruccions 1rESO Instruccions 2nESO Instruccions 3rESO Instruccions 4tESO &nbsp; PREUS (amb descompte aplicat) DELS LLIBRES DIGITALS + PROJECTES INTERDISCIPLINARIS + QUADERNS DE MAT\u00c8RIES INSTRUMENTALS\u00a0 \u00a0 2025-26 LLIBRES TEIDE + Weeras (tothom) ANGL\u00c8S (tothom) FRANC\u00c8S (optativa) ALEMANY (optativa) 1R 110\u20ac + 20\u20ac dep\u00f2sit 35\u20ac &#8211; &#8211; [&hellip;]<\/p>\n","protected":false},"author":1,"featured_media":0,"parent":0,"menu_order":0,"comment_status":"closed","ping_status":"closed","template":"","meta":{"_bbp_topic_count":0,"_bbp_reply_count":0,"_bbp_total_topic_count":0,"_bbp_total_reply_count":0,"_bbp_voice_count":0,"_bbp_anonymous_reply_count":0,"_bbp_topic_count_hidden":0,"_bbp_reply_count_hidden":0,"_bbp_forum_subforum_count":0,"site-sidebar-layout":"default","site-content-layout":"","ast-site-content-layout":"","site-content-style":"default","site-sidebar-style":"default","ast-global-header-display":"","ast-banner-title-visibility":"","ast-main-header-display":"","ast-hfb-above-header-display":"","ast-hfb-below-header-display":"","ast-hfb-mobile-header-display":"","site-post-title":"","ast-breadcrumbs-content":"","ast-featured-img":"","footer-sml-layout":"","theme-transparent-header-meta":"","adv-header-id-meta":"","stick-header-meta":"","header-above-stick-meta":"","header-main-stick-meta":"","header-below-stick-meta":"","astra-migrate-meta-layouts":"default","ast-page-background-enabled":"default","ast-page-background-meta":{"desktop":{"background-color":"var(--ast-global-color-4)","background-image":"","background-repeat":"repeat","background-position":"center center","background-size":"auto","background-attachment":"scroll","background-type":"","background-media":"","overlay-type":"","overlay-color":"","overlay-opacity":"","overlay-gradient":""},"tablet":{"background-color":"","background-image":"","background-repeat":"repeat","background-position":"center center","background-size":"auto","background-attachment":"scroll","background-type":"","background-media":"","overlay-type":"","overlay-color":"","overlay-opacity":"","overlay-gradient":""},"mobile":{"background-color":"","background-image":"","background-repeat":"repeat","background-position":"center center","background-size":"auto","background-attachment":"scroll","background-type":"","background-media":"","overlay-type":"","overlay-color":"","overlay-opacity":"","overlay-gradient":""}},"ast-content-background-meta":{"desktop":{"background-color":"var(--ast-global-color-5)","background-image":"","background-repeat":"repeat","background-position":"center center","background-size":"auto","background-attachment":"scroll","background-type":"","background-media":"","overlay-type":"","overlay-color":"","overlay-opacity":"","overlay-gradient":""},"tablet":{"background-color":"var(--ast-global-color-5)","background-image":"","background-repeat":"repeat","background-position":"center center","background-size":"auto","background-attachment":"scroll","background-type":"","background-media":"","overlay-type":"","overlay-color":"","overlay-opacity":"","overlay-gradient":""},"mobile":{"background-color":"var(--ast-global-color-5)","background-image":"","background-repeat":"repeat","background-position":"center center","background-size":"auto","background-attachment":"scroll","background-type":"","background-media":"","overlay-type":"","overlay-color":"","overlay-opacity":"","overlay-gradient":""}},"footnotes":""},"class_list":["post-3797","page","type-page","status-publish","hentry"],"post_mailing_queue_ids":[],"_links":{"self":[{"href":"https:\/\/agora.xtec.cat\/insvaleriahaline\/wp-json\/wp\/v2\/pages\/3797","targetHints":{"allow":["GET"]}}],"collection":[{"href":"https:\/\/agora.xtec.cat\/insvaleriahaline\/wp-json\/wp\/v2\/pages"}],"about":[{"href":"https:\/\/agora.xtec.cat\/insvaleriahaline\/wp-json\/wp\/v2\/types\/page"}],"author":[{"embeddable":true,"href":"https:\/\/agora.xtec.cat\/insvaleriahaline\/wp-json\/wp\/v2\/users\/1"}],"replies":[{"embeddable":true,"href":"https:\/\/agora.xtec.cat\/insvaleriahaline\/wp-json\/wp\/v2\/comments?post=3797"}],"version-history":[{"count":7,"href":"https:\/\/agora.xtec.cat\/insvaleriahaline\/wp-json\/wp\/v2\/pages\/3797\/revisions"}],"predecessor-version":[{"id":4561,"href":"https:\/\/agora.xtec.cat\/insvaleriahaline\/wp-json\/wp\/v2\/pages\/3797\/revisions\/4561"}],"wp:attachment":[{"href":"https:\/\/agora.xtec.cat\/insvaleriahaline\/wp-json\/wp\/v2\/media?parent=3797"}],"curies":[{"name":"wp","href":"https:\/\/api.w.org\/{rel}","templated":true}]}}