{"id":3379,"date":"2021-05-20T09:27:46","date_gmt":"2021-05-20T07:27:46","guid":{"rendered":"https:\/\/agora.xtec.cat\/insvaleriahaline\/?page_id=3379"},"modified":"2025-06-20T14:01:39","modified_gmt":"2025-06-20T12:01:39","slug":"matriculacio","status":"publish","type":"page","link":"https:\/\/agora.xtec.cat\/insvaleriahaline\/matriculacio\/","title":{"rendered":"Matriculaci\u00f3"},"content":{"rendered":"<h3><strong>Matriculaci\u00f3 curs 25\/26<\/strong><\/h3>\n<h5>1.- Matriculaci\u00f3 <span style=\"text-decoration: underline;\">alumnat nou<\/span> al centre:\u00a0<a href=\"https:\/\/agora.xtec.cat\/insvaleriahaline\/secretaria\/matricula-alumnat-nou-al-centre-assignacio\/\" target=\"_blank\" rel=\"noopener\">enlla\u00e7 per seguir les instruccions:<\/a>\u00a0<a href=\"https:\/\/agora.xtec.cat\/insvaleriahaline\/secretaria\/matricula-alumnat-nou-al-centre-assignacio\/\" target=\"_blank\" rel=\"noopener\">https:\/\/agora.xtec.cat\/insvaleriahaline\/secretaria\/matricula-alumnat-nou-al-centre-assignacio\/<\/a><\/h5>\n<h4><\/h4>\n<p>&nbsp;<\/p>\n<h4><strong>2.- <span style=\"text-decoration: underline;\">Matriculaci\u00f3 per continu\u00eftat: alumnat que \u00e9s del centre i es matricula pel proper curs<\/span><\/strong><\/h4>\n<p>Passos a realitzar per formalitzar la matriculaci\u00f3 del curs 25\/26:<\/p>\n<p><strong>1.-<\/strong> Realitzar el formulari de matriculaci\u00f3 en el <a href=\"https:\/\/docs.google.com\/forms\/d\/e\/1FAIpQLSd71NbTanW7wHYEWgjYYzMd94u6cMARojWoqOfmY9-yWILBfQ\/viewform?usp=sharing&amp;ouid=107544568183682022819\" target=\"_blank\" rel=\"noopener\"><strong><u>seg\u00fcent enlla\u00e7<\/u><\/strong><\/a> (data l\u00edmit: 3\/07\/25).<\/p>\n<p><strong>2.-<\/strong> Realitzar el pagament de la <strong><span style=\"text-decoration: underline;\"><a href=\"https:\/\/insvaleria.tpvweb.com\/categoria-servei\/quotes\/\" target=\"_blank\" rel=\"noopener\">quota de material<\/a><\/span><\/strong> i de l&#8217;AFA del curs 25\/26 (data l\u00edmit: 3\/07\/25).<\/p>\n<p><strong>3.-<\/strong> Consulta a la p\u00e0gina web del centre els <a href=\"https:\/\/agora.xtec.cat\/insvaleriahaline\/materials-necessaris-per-a-linici-de-curs\/\" target=\"_blank\" rel=\"noopener\"><span style=\"text-decoration: underline;\"><strong>materials necessaris<\/strong><\/span><\/a> (materials espec\u00edfics i llibres digitals) per l\u2019inici del curs i que no estan inclosos en la present quota: properament es publicaran a la web del centre). El val escolar el podeu cedir al centre i, posteriorment, es far\u00e0 el seu reemborsament en cas de comprar les llic\u00e8ncies weeras.<\/p>\n<p><strong>4.-<\/strong> Exclusivament, l&#8217;alumnat de <strong>3rESO<\/strong>:<\/p>\n<p>Portar <strong>a l\u2019administraci\u00f3<\/strong> del centre la seg\u00fcent documentaci\u00f3 -o enviar al mail: <a href=\"mailto:administracio@insvaleria.cat\">administracio@insvaleria.cat<\/a> (data l\u00edmit: 3\/07\/25)<\/p>\n<p style=\"padding-left: 40px;\">\u00a0 \u00a0 \u00a0 \u00a0 \u00a0&#8211; Fotografia actual tipus carnet<\/p>\n<p style=\"padding-left: 80px;\">&#8211; Fotoc\u00f2pia del DNI. Si es renova al llarg del curs, s\u2019ha de portar la respectiva fotoc\u00f2pia. \u00c9s molt important per gestionar la finalitzaci\u00f3 dels estudis obligatoris al final de curs.<\/p>\n<ul>\n<li><strong>Inici de les classes<\/strong>: 8\/09\/25 (durant el juliol es publicar\u00e0 l&#8217;horari a la web del centre)<\/li>\n<li><strong>Pagament de les sortides<\/strong> curriculars i de les sortides amb pernocta i\/o l\u00fadiques (el preu varia en funci\u00f3 del nivell educatiu). Disponible a la botiga virtual del centre (p\u00e0gina web). La data aproximada de pagament ser\u00e0 durant el primer trimestre (aproximadament octubre-novembre).<\/li>\n<\/ul>\n<p>&nbsp;<\/p>\n<p>Si teniu algun dubte o necessiteu ajuda, podeu enviar un mail a l&#8217;administraci\u00f3 del centre (administracio@insvaleria.cat) o trucar al centre i preguntar per Merc\u00e8 Bellosta, l&#8217;administrativa del centre (93.636.34.41)<\/p>\n","protected":false},"excerpt":{"rendered":"<p>Matriculaci\u00f3 curs 25\/26 1.- Matriculaci\u00f3 alumnat nou al centre:\u00a0enlla\u00e7 per seguir les instruccions:\u00a0https:\/\/agora.xtec.cat\/insvaleriahaline\/secretaria\/matricula-alumnat-nou-al-centre-assignacio\/ &nbsp; 2.- Matriculaci\u00f3 per continu\u00eftat: alumnat que \u00e9s del centre i es matricula pel proper curs Passos a realitzar per formalitzar la matriculaci\u00f3 del curs 25\/26: 1.- Realitzar el formulari de matriculaci\u00f3 en el seg\u00fcent enlla\u00e7 (data l\u00edmit: 3\/07\/25). 2.- Realitzar el [&hellip;]<\/p>\n","protected":false},"author":1,"featured_media":0,"parent":0,"menu_order":0,"comment_status":"closed","ping_status":"closed","template":"","meta":{"_bbp_topic_count":0,"_bbp_reply_count":0,"_bbp_total_topic_count":0,"_bbp_total_reply_count":0,"_bbp_voice_count":0,"_bbp_anonymous_reply_count":0,"_bbp_topic_count_hidden":0,"_bbp_reply_count_hidden":0,"_bbp_forum_subforum_count":0,"site-sidebar-layout":"default","site-content-layout":"","ast-site-content-layout":"","site-content-style":"default","site-sidebar-style":"default","ast-global-header-display":"","ast-banner-title-visibility":"","ast-main-header-display":"","ast-hfb-above-header-display":"","ast-hfb-below-header-display":"","ast-hfb-mobile-header-display":"","site-post-title":"","ast-breadcrumbs-content":"","ast-featured-img":"","footer-sml-layout":"","theme-transparent-header-meta":"","adv-header-id-meta":"","stick-header-meta":"","header-above-stick-meta":"","header-main-stick-meta":"","header-below-stick-meta":"","astra-migrate-meta-layouts":"default","ast-page-background-enabled":"default","ast-page-background-meta":{"desktop":{"background-color":"var(--ast-global-color-4)","background-image":"","background-repeat":"repeat","background-position":"center center","background-size":"auto","background-attachment":"scroll","background-type":"","background-media":"","overlay-type":"","overlay-color":"","overlay-opacity":"","overlay-gradient":""},"tablet":{"background-color":"","background-image":"","background-repeat":"repeat","background-position":"center center","background-size":"auto","background-attachment":"scroll","background-type":"","background-media":"","overlay-type":"","overlay-color":"","overlay-opacity":"","overlay-gradient":""},"mobile":{"background-color":"","background-image":"","background-repeat":"repeat","background-position":"center center","background-size":"auto","background-attachment":"scroll","background-type":"","background-media":"","overlay-type":"","overlay-color":"","overlay-opacity":"","overlay-gradient":""}},"ast-content-background-meta":{"desktop":{"background-color":"var(--ast-global-color-5)","background-image":"","background-repeat":"repeat","background-position":"center center","background-size":"auto","background-attachment":"scroll","background-type":"","background-media":"","overlay-type":"","overlay-color":"","overlay-opacity":"","overlay-gradient":""},"tablet":{"background-color":"var(--ast-global-color-5)","background-image":"","background-repeat":"repeat","background-position":"center center","background-size":"auto","background-attachment":"scroll","background-type":"","background-media":"","overlay-type":"","overlay-color":"","overlay-opacity":"","overlay-gradient":""},"mobile":{"background-color":"var(--ast-global-color-5)","background-image":"","background-repeat":"repeat","background-position":"center center","background-size":"auto","background-attachment":"scroll","background-type":"","background-media":"","overlay-type":"","overlay-color":"","overlay-opacity":"","overlay-gradient":""}},"footnotes":""},"class_list":["post-3379","page","type-page","status-publish","hentry"],"post_mailing_queue_ids":[],"_links":{"self":[{"href":"https:\/\/agora.xtec.cat\/insvaleriahaline\/wp-json\/wp\/v2\/pages\/3379","targetHints":{"allow":["GET"]}}],"collection":[{"href":"https:\/\/agora.xtec.cat\/insvaleriahaline\/wp-json\/wp\/v2\/pages"}],"about":[{"href":"https:\/\/agora.xtec.cat\/insvaleriahaline\/wp-json\/wp\/v2\/types\/page"}],"author":[{"embeddable":true,"href":"https:\/\/agora.xtec.cat\/insvaleriahaline\/wp-json\/wp\/v2\/users\/1"}],"replies":[{"embeddable":true,"href":"https:\/\/agora.xtec.cat\/insvaleriahaline\/wp-json\/wp\/v2\/comments?post=3379"}],"version-history":[{"count":7,"href":"https:\/\/agora.xtec.cat\/insvaleriahaline\/wp-json\/wp\/v2\/pages\/3379\/revisions"}],"predecessor-version":[{"id":4475,"href":"https:\/\/agora.xtec.cat\/insvaleriahaline\/wp-json\/wp\/v2\/pages\/3379\/revisions\/4475"}],"wp:attachment":[{"href":"https:\/\/agora.xtec.cat\/insvaleriahaline\/wp-json\/wp\/v2\/media?parent=3379"}],"curies":[{"name":"wp","href":"https:\/\/api.w.org\/{rel}","templated":true}]}}