{"id":1028,"date":"2017-05-18T12:48:19","date_gmt":"2017-05-18T10:48:19","guid":{"rendered":"http:\/\/agora.xtec.cat\/insvaleriahaline\/?page_id=1028"},"modified":"2019-10-11T10:35:33","modified_gmt":"2019-10-11T08:35:33","slug":"perfil-del-contractant","status":"publish","type":"page","link":"https:\/\/agora.xtec.cat\/insvaleriahaline\/secretaria\/perfil-del-contractant\/","title":{"rendered":"Perfil del contractant"},"content":{"rendered":"<p>Anunci pel qual es fa p\u00fablica la licitaci\u00f3 d&#8217;un contracte del servei de neteja.<\/p>\n<p>Exp:01\/17<\/p>\n<p>Data l\u00edmit de presentaci\u00f3: dia 15 de novembre 2017 a les 14.00h<\/p>\n<p>&nbsp;<\/p>\n<p>&nbsp;<\/p>\n<p>&nbsp;<\/p>\n<p><a href=\"https:\/\/drive.google.com\/file\/d\/0ByfjU1qgG65oODREMlFKUkV6NEk\/view?usp=sharing\"><img loading=\"lazy\" decoding=\"async\" class=\"alignnone size-thumbnail wp-image-1029\" src=\"http:\/\/agora.xtec.cat\/insvaleriahaline\/wp-content\/uploads\/usu1263\/2017\/05\/download-150x150.gif\" alt=\"Prescripcions t\u00e8cniques\" width=\"150\" height=\"150\" \/>A<\/a>NUNCI PEL QUAL ES FA P\u00daBLICA LA LICITACI\u00d3 D&#8217;UN CONTRACTE DE SERVEIS. Exp 01\/17<\/p>\n<p>&nbsp;<\/p>\n<p class=\"alignnone\"><a href=\"https:\/\/drive.google.com\/file\/d\/0ByfjU1qgG65oLThOQ0dsQmFpTzQ\/view?usp=sharing\"><img loading=\"lazy\" decoding=\"async\" class=\"alignnone size-thumbnail wp-image-1029\" src=\"http:\/\/agora.xtec.cat\/insvaleriahaline\/wp-content\/uploads\/usu1263\/2017\/05\/download-150x150.gif\" alt=\"Prescripcions t\u00e8cniques\" width=\"150\" height=\"150\" \/><\/a>PRESCRIPCIONS T\u00c8CNIQUES<\/p>\n<p>&nbsp;<\/p>\n<p><a href=\"https:\/\/drive.google.com\/file\/d\/0ByfjU1qgG65oTDBMMGpxYy1idEU\/view?usp=sharing\"><img loading=\"lazy\" decoding=\"async\" class=\"alignnone size-thumbnail wp-image-1029\" src=\"http:\/\/agora.xtec.cat\/insvaleriahaline\/wp-content\/uploads\/usu1263\/2017\/05\/download-150x150.gif\" alt=\"Prescripcions t\u00e8cniques\" width=\"150\" height=\"150\" \/><\/a>\u00a0 PLEC DE CL\u00c0USULES ADMINISTRATIVES DEL CONTRACTE DE SERVEI<\/p>\n<p>&nbsp;<\/p>\n<p><a href=\"https:\/\/drive.google.com\/file\/d\/0ByfjU1qgG65oaldpVjRhbVZsYXM\/view?usp=sharing\"><img loading=\"lazy\" decoding=\"async\" class=\"alignnone size-thumbnail wp-image-1029\" src=\"http:\/\/agora.xtec.cat\/insvaleriahaline\/wp-content\/uploads\/usu1263\/2017\/05\/download-150x150.gif\" alt=\"Prescripcions t\u00e8cniques\" width=\"150\" height=\"150\" \/><\/a>\u00a0 RESOLUCI\u00d3 INICI EXPEDIENT<\/p>\n<p>&nbsp;<\/p>\n<p>&nbsp;<\/p>\n<p>&nbsp;<\/p>\n<p><a href=\"https:\/\/drive.google.com\/file\/d\/0ByfjU1qgG65oQV9zNlVlaEJtNFU\/view?usp=sharing\"><img loading=\"lazy\" decoding=\"async\" class=\"alignnone size-thumbnail wp-image-1029\" src=\"http:\/\/agora.xtec.cat\/insvaleriahaline\/wp-content\/uploads\/usu1263\/2017\/05\/download-150x150.gif\" alt=\"Prescripcions t\u00e8cniques\" width=\"150\" height=\"150\" \/><\/a>\u00a0\u00a0CALENDARI PREVIST<\/p>\n<p>&nbsp;<\/p>\n<p>&nbsp;<\/p>\n<p>&nbsp;<\/p>\n<p>&nbsp;<\/p>\n<p><a href=\"https:\/\/drive.google.com\/file\/d\/1Od1huF4o011XqrXAz6ocOgzlxOWPXQDl\/view?usp=sharing\"><img loading=\"lazy\" decoding=\"async\" class=\"alignnone size-thumbnail wp-image-1029\" src=\"http:\/\/agora.xtec.cat\/insvaleriahaline\/wp-content\/uploads\/usu1263\/2017\/05\/download-150x150.gif\" alt=\"Prescripcions t\u00e8cniques\" width=\"150\" height=\"150\" \/><\/a>\u00a0\u00a0INFORME T\u00c8CNIC DE LICITACI\u00d3 DE NETEJA<\/p>\n<p>&nbsp;<\/p>\n<p>&nbsp;<\/p>\n<p>&nbsp;<\/p>\n<p><a href=\"https:\/\/drive.google.com\/file\/d\/1FdTDU4KlqUGM8-C8GlhAb4n0xA9djbX2\/view?usp=sharing\"><img loading=\"lazy\" decoding=\"async\" class=\"alignnone size-thumbnail wp-image-1029\" src=\"http:\/\/agora.xtec.cat\/insvaleriahaline\/wp-content\/uploads\/usu1263\/2017\/05\/download-150x150.gif\" alt=\"Prescripcions t\u00e8cniques\" width=\"150\" height=\"150\" \/><\/a>\u00a0\u00a0QUADRE DE PUNTUACIONS<\/p>\n<p>&nbsp;<\/p>\n<p>&nbsp;<\/p>\n<p><a href=\"https:\/\/drive.google.com\/file\/d\/1CEa4oTpSr2em_RwqF9Ss053-P2PYYqhd\/view?usp=sharing\"><img loading=\"lazy\" decoding=\"async\" class=\"alignnone size-thumbnail wp-image-1029\" src=\"http:\/\/agora.xtec.cat\/insvaleriahaline\/wp-content\/uploads\/usu1263\/2017\/05\/download-150x150.gif\" alt=\"Prescripcions t\u00e8cniques\" width=\"150\" height=\"150\" \/>R<\/a>ESOLUCI\u00d3 D&#8217;ADJUDICACI\u00d3 DEL CONTRACTE DE SERVEIS DE NETEJA<\/p>\n<p>&nbsp;<\/p>\n<p>&nbsp;<\/p>\n<p><a href=\"https:\/\/drive.google.com\/file\/d\/13WxsR9fOj5fWejaMAujRRuSwM9Rb6ERj\/view?usp=sharing\"><img loading=\"lazy\" decoding=\"async\" class=\"alignnone size-thumbnail wp-image-1029\" src=\"http:\/\/agora.xtec.cat\/insvaleriahaline\/wp-content\/uploads\/usu1263\/2017\/05\/download-150x150.gif\" alt=\"Prescripcions t\u00e8cniques\" width=\"150\" height=\"150\" \/><\/a>FORMALITZACI\u00d3 DEL CONTRACTE DEL SERVEI DE NETEJA<\/p>\n<p>&nbsp;<\/p>\n","protected":false},"excerpt":{"rendered":"<p>Anunci pel qual es fa p\u00fablica la licitaci\u00f3 d&#8217;un contracte del servei de neteja. Exp:01\/17 Data l\u00edmit de presentaci\u00f3: dia 15 de novembre 2017 a les 14.00h &nbsp; &nbsp; &nbsp; ANUNCI PEL QUAL ES FA P\u00daBLICA LA LICITACI\u00d3 D&#8217;UN CONTRACTE DE SERVEIS. Exp 01\/17 &nbsp; PRESCRIPCIONS T\u00c8CNIQUES &nbsp; \u00a0 PLEC DE CL\u00c0USULES ADMINISTRATIVES DEL CONTRACTE [&hellip;]<\/p>\n","protected":false},"author":8,"featured_media":0,"parent":81,"menu_order":0,"comment_status":"closed","ping_status":"closed","template":"page-templates\/side-menu.php","meta":{"_bbp_topic_count":0,"_bbp_reply_count":0,"_bbp_total_topic_count":0,"_bbp_total_reply_count":0,"_bbp_voice_count":0,"_bbp_anonymous_reply_count":0,"_bbp_topic_count_hidden":0,"_bbp_reply_count_hidden":0,"_bbp_forum_subforum_count":0,"site-sidebar-layout":"default","site-content-layout":"","ast-site-content-layout":"","site-content-style":"default","site-sidebar-style":"default","ast-global-header-display":"","ast-banner-title-visibility":"","ast-main-header-display":"","ast-hfb-above-header-display":"","ast-hfb-below-header-display":"","ast-hfb-mobile-header-display":"","site-post-title":"","ast-breadcrumbs-content":"","ast-featured-img":"","footer-sml-layout":"","theme-transparent-header-meta":"","adv-header-id-meta":"","stick-header-meta":"","header-above-stick-meta":"","header-main-stick-meta":"","header-below-stick-meta":"","astra-migrate-meta-layouts":"default","ast-page-background-enabled":"default","ast-page-background-meta":{"desktop":{"background-color":"var(--ast-global-color-4)","background-image":"","background-repeat":"repeat","background-position":"center center","background-size":"auto","background-attachment":"scroll","background-type":"","background-media":"","overlay-type":"","overlay-color":"","overlay-opacity":"","overlay-gradient":""},"tablet":{"background-color":"","background-image":"","background-repeat":"repeat","background-position":"center center","background-size":"auto","background-attachment":"scroll","background-type":"","background-media":"","overlay-type":"","overlay-color":"","overlay-opacity":"","overlay-gradient":""},"mobile":{"background-color":"","background-image":"","background-repeat":"repeat","background-position":"center center","background-size":"auto","background-attachment":"scroll","background-type":"","background-media":"","overlay-type":"","overlay-color":"","overlay-opacity":"","overlay-gradient":""}},"ast-content-background-meta":{"desktop":{"background-color":"var(--ast-global-color-5)","background-image":"","background-repeat":"repeat","background-position":"center center","background-size":"auto","background-attachment":"scroll","background-type":"","background-media":"","overlay-type":"","overlay-color":"","overlay-opacity":"","overlay-gradient":""},"tablet":{"background-color":"var(--ast-global-color-5)","background-image":"","background-repeat":"repeat","background-position":"center center","background-size":"auto","background-attachment":"scroll","background-type":"","background-media":"","overlay-type":"","overlay-color":"","overlay-opacity":"","overlay-gradient":""},"mobile":{"background-color":"var(--ast-global-color-5)","background-image":"","background-repeat":"repeat","background-position":"center center","background-size":"auto","background-attachment":"scroll","background-type":"","background-media":"","overlay-type":"","overlay-color":"","overlay-opacity":"","overlay-gradient":""}},"footnotes":""},"class_list":["post-1028","page","type-page","status-publish","hentry"],"post_mailing_queue_ids":[],"_links":{"self":[{"href":"https:\/\/agora.xtec.cat\/insvaleriahaline\/wp-json\/wp\/v2\/pages\/1028","targetHints":{"allow":["GET"]}}],"collection":[{"href":"https:\/\/agora.xtec.cat\/insvaleriahaline\/wp-json\/wp\/v2\/pages"}],"about":[{"href":"https:\/\/agora.xtec.cat\/insvaleriahaline\/wp-json\/wp\/v2\/types\/page"}],"author":[{"embeddable":true,"href":"https:\/\/agora.xtec.cat\/insvaleriahaline\/wp-json\/wp\/v2\/users\/8"}],"replies":[{"embeddable":true,"href":"https:\/\/agora.xtec.cat\/insvaleriahaline\/wp-json\/wp\/v2\/comments?post=1028"}],"version-history":[{"count":4,"href":"https:\/\/agora.xtec.cat\/insvaleriahaline\/wp-json\/wp\/v2\/pages\/1028\/revisions"}],"predecessor-version":[{"id":1471,"href":"https:\/\/agora.xtec.cat\/insvaleriahaline\/wp-json\/wp\/v2\/pages\/1028\/revisions\/1471"}],"up":[{"embeddable":true,"href":"https:\/\/agora.xtec.cat\/insvaleriahaline\/wp-json\/wp\/v2\/pages\/81"}],"wp:attachment":[{"href":"https:\/\/agora.xtec.cat\/insvaleriahaline\/wp-json\/wp\/v2\/media?parent=1028"}],"curies":[{"name":"wp","href":"https:\/\/api.w.org\/{rel}","templated":true}]}}