{"id":195,"date":"2014-09-22T10:39:39","date_gmt":"2014-09-22T10:39:39","guid":{"rendered":"http:\/\/agora.xtec.cat\/instorreforta\/?page_id=195"},"modified":"2022-05-19T23:31:54","modified_gmt":"2022-05-19T21:31:54","slug":"estudis","status":"publish","type":"page","link":"https:\/\/agora.xtec.cat\/instorreforta\/linstitut\/estudis\/","title":{"rendered":"Estudis"},"content":{"rendered":"<h3 class=\"entry-title\" style=\"font-weight: 400; color: #087eb6;\">Impartim al centre<\/h3>\n<ul style=\"list-style-type: square;\">\n<li>4 l\u00ednies d\u2019ESO<\/li>\n<li>2 l\u00ednies de BATModalitats de BAT<br \/>\na)\u00a0\u00a0 \u00a0Ci\u00e8ncies i Tecnologia<br \/>\nb)\u00a0\u00a0 \u00a0Humanitats i Ci\u00e8ncies Socials<\/li>\n<\/ul>\n<header class=\"entry-header\" style=\"color: #444444;\">\n<h3 class=\"entry-title\" style=\"font-weight: 400; color: #087eb6;\"><span style=\"color: #3366ff;\">Altres serveis del centre<br \/>\n<\/span><\/h3>\n<\/header>\n<ul style=\"list-style-type: square;\">\n<li style=\"text-align: left;\"><strong><span style=\"color: #003366;\">MEDIEM PER CONVIURE<\/span>\u00a0\u00a0<\/strong><br \/>\nAconseguim arribar a acords en la resoluci\u00f3 de possibles conflictes gr\u00e0cies a mediaci\u00f3 escolar per part del professorat i de l\u2019alumnat implicat.<\/li>\n<li style=\"text-align: left;\"><strong><span style=\"color: #003366;\">TIS (T\u00e8cnica en Integraci\u00f3 Social)\u00a0\u00a0 \u00a0<\/span><\/strong><br \/>\nServei de suport per a alumnat amb dificultats socioeducatives i assessorament a les seves fam\u00edlies.<\/li>\n<li style=\"text-align: left;\"><strong><span style=\"color: #003366;\">OBERTS A EUROPA\u00a0\u00a0<\/span>\u00a0 <\/strong><br \/>\nIntervenim en el Programa Comenius, projecte pioner en intercanvi d\u2019experi\u00e8ncies i coneixements de lleng\u00fces a nivell europeu, que permet viatjar el nostre alumnat arreu d\u2019Europa.<\/li>\n<li style=\"text-align: left;\"><strong><span style=\"color: #3366ff;\"><span style=\"color: #003366;\">CUIDEM LA SALUT\u00a0<\/span><\/span><span style=\"color: #3366ff;\">\u00a0 \u00a0<\/span><\/strong><br \/>\nIncloem en el Programa Dynamis aquell alumnat susceptible de seguir un control de pes i d\u2019alimentaci\u00f3.<\/li>\n<li style=\"text-align: left;\"><strong><span style=\"color: #003366;\">RESPECTEM LA NATURA\u00a0<\/span><\/strong><br \/>\nL\u2019hort i el jard\u00ed, un espai educatiu i de relaci\u00f3. Posem en pr\u00e0ctica estrat\u00e8gies de gesti\u00f3, organitzaci\u00f3, relaci\u00f3 i participaci\u00f3.<\/li>\n<li style=\"text-align: left;\"><span style=\"color: #003366;\"><strong>PARTICIPEM EN ACTIVITATS ESPORTIVES\u00a0\u00a0 \u00a0\u00a0\u00a0 \u00a0<\/strong><\/span><br \/>\nL\u2019Associaci\u00f3 Escolar Esportiva gestiona les activitats esportives i dinamitza l\u2019hora de pati organitzant competicions diverses.<\/li>\n<li style=\"text-align: left;\"><strong><span style=\"color: #003366;\">REBEM EL SUPORT DE L\u2019AMPA\u00a0\u00a0 \u00a0<\/span><\/strong><br \/>\nS\u2019encarreguen del Programa de Reutilitzaci\u00f3 de Llibres i de l\u2019organitzaci\u00f3 d\u2019activitats extraescolars i cursos adre\u00e7ats a pares i mares.<\/li>\n<\/ul>\n<p style=\"text-align: left;\">\n","protected":false},"excerpt":{"rendered":"<p>Impartim al centre<\/p>\n<ul style=\"list-style-type: square;\">\n<li>4 l\u00ednies d\u2019ESO<\/li>\n<li>2 l\u00ednies de BATModalitats de BAT<br \/>\na)\u00a0\u00a0 \u00a0Ci\u00e8ncies i Tecnologia<br \/>\nb)\u00a0\u00a0 \u00a0Humanitats i Ci\u00e8ncies Socials<\/li>\n<\/ul>\n<p>Altres serveis del centre<\/p>\n<ul style=\"list-style-type: square;\">\n<li style=\"text-align: left;\">MEDIEM PER CONVIURE\u00a0\u00a0<br \/>\nAconseguim arribar a acords en la resoluci\u00f3 de possibles conflictes gr\u00e0cies a mediaci\u00f3 escolar per part del professorat&hellip;  <a href=\"https:\/\/agora.xtec.cat\/instorreforta\/linstitut\/estudis\/\" title=\"Read Estudis\">Llegeix m\u00e9s\u00bb<\/a><\/p>\n","protected":false},"author":1,"featured_media":0,"parent":19,"menu_order":0,"comment_status":"closed","ping_status":"closed","template":"page-templates\/side-menu.php","meta":{"_bbp_topic_count":0,"_bbp_reply_count":0,"_bbp_total_topic_count":0,"_bbp_total_reply_count":0,"_bbp_voice_count":0,"_bbp_anonymous_reply_count":0,"_bbp_topic_count_hidden":0,"_bbp_reply_count_hidden":0,"_bbp_forum_subforum_count":0,"footnotes":""},"class_list":["post-195","page","type-page","status-publish","hentry"],"post_mailing_queue_ids":[],"_links":{"self":[{"href":"https:\/\/agora.xtec.cat\/instorreforta\/wp-json\/wp\/v2\/pages\/195","targetHints":{"allow":["GET"]}}],"collection":[{"href":"https:\/\/agora.xtec.cat\/instorreforta\/wp-json\/wp\/v2\/pages"}],"about":[{"href":"https:\/\/agora.xtec.cat\/instorreforta\/wp-json\/wp\/v2\/types\/page"}],"author":[{"embeddable":true,"href":"https:\/\/agora.xtec.cat\/instorreforta\/wp-json\/wp\/v2\/users\/1"}],"replies":[{"embeddable":true,"href":"https:\/\/agora.xtec.cat\/instorreforta\/wp-json\/wp\/v2\/comments?post=195"}],"version-history":[{"count":3,"href":"https:\/\/agora.xtec.cat\/instorreforta\/wp-json\/wp\/v2\/pages\/195\/revisions"}],"predecessor-version":[{"id":302,"href":"https:\/\/agora.xtec.cat\/instorreforta\/wp-json\/wp\/v2\/pages\/195\/revisions\/302"}],"up":[{"embeddable":true,"href":"https:\/\/agora.xtec.cat\/instorreforta\/wp-json\/wp\/v2\/pages\/19"}],"wp:attachment":[{"href":"https:\/\/agora.xtec.cat\/instorreforta\/wp-json\/wp\/v2\/media?parent=195"}],"curies":[{"name":"wp","href":"https:\/\/api.w.org\/{rel}","templated":true}]}}