{"id":19,"date":"2014-09-17T14:56:56","date_gmt":"2014-09-17T14:56:56","guid":{"rendered":"http:\/\/agora.xtec.cat\/instorredemalla\/?page_id=19"},"modified":"2017-07-09T19:53:17","modified_gmt":"2017-07-09T17:53:17","slug":"linstitut","status":"publish","type":"page","link":"https:\/\/agora.xtec.cat\/instorredemalla\/linstitut\/","title":{"rendered":"L&#8217;institut"},"content":{"rendered":"<div class=\"text\">\n<p style=\"text-align: justify;\" align=\"left\">Som un centre p\u00fablic d\u2019Educaci\u00f3 Secund\u00e0ria amb ESO, batxillerat, cicles formatius de grau mitj\u00e0 i superior i curs de preparaci\u00f3 per a la incorporaci\u00f3 als cicles formatius de grau superior.<\/p>\n<p>El centre fonamenta els seus valors en la qualitat de l&#8217;ensenyament, l&#8217;equitat, el treball en equip, la toler\u00e0ncia i la pau.<a href=\"http:\/\/www20.gencat.cat\/portal\/site\/Educacio\/menuitem.a735c8413184c341c65d3082b0c0e1a0\/?vgnextoid=7535f2da8c305110VgnVCM1000000b0c1e0aRCRD&amp;vgnextchannel=7535f2da8c305110VgnVCM1000000b0c1e0aRCRD&amp;vgnextfmt=default&amp;contentid=7f2bc6277775b210VgnVCM1000008d0c1e0aRCRD\"><br \/>\n<\/a>Aspectes a\u00a0destacar:<\/p>\n<ul>\n<li>Assessorament psicopedag\u00f2gic amb especialistes propis del centre i \u00a0assessorament\u00a0 extern (EAP)<\/li>\n<li>Grups flexibles de lleng\u00fces, matem\u00e0tiques i angl\u00e8s(GFI) a l\u2019ESO<\/li>\n<li>Unitat de suport a l&#8217;educaci\u00f3 especial (USEE) amb psicopedagoga i educadora<\/li>\n<li>Formaci\u00f3 en centres de treball a cicles formatius<\/li>\n<li>Festa de l\u2019excel\u00b7l\u00e8ncia per a alumnes destacats pel seu esfor\u00e7 i millora<\/li>\n<li>Viatges fi de curs a Roma i Dublin per a Batxillerat<\/li>\n<li>Estada ling\u00fc\u00edstica a Regne Unit per 4t d&#8217;ESO<\/li>\n<li>Viatge a Fran\u00e7a per a 2n i 3r d&#8217;ESO<\/li>\n<li>Col\u00f2nies a 1r d&#8217;ESO<\/li>\n<li>Celebracions de Carnestoltes i Sant Jordi<\/li>\n<li>Festes de promoci\u00f3 de 4t d\u2019ESO, 2n de Batxillerat i\u00a0 CFGS<\/li>\n<\/ul>\n<\/div>\n<div><\/div>\n","protected":false},"excerpt":{"rendered":"<p>Som un centre p\u00fablic d\u2019Educaci\u00f3 Secund\u00e0ria amb ESO, batxillerat, cicles formatius de grau mitj\u00e0 i superior i curs de preparaci\u00f3 per a la incorporaci\u00f3 als cicles formatius de grau superior. El centre fonamenta els seus valors en la qualitat de l&#8217;ensenyament, l&#8217;equitat, el treball en equip, la toler\u00e0ncia i la pau. Aspectes a\u00a0destacar: Assessorament psicopedag\u00f2gic [&hellip;]<\/p>\n","protected":false},"author":1,"featured_media":0,"parent":0,"menu_order":0,"comment_status":"closed","ping_status":"closed","template":"page-templates\/side-menu.php","meta":{"_bbp_topic_count":0,"_bbp_reply_count":0,"_bbp_total_topic_count":0,"_bbp_total_reply_count":0,"_bbp_voice_count":0,"_bbp_anonymous_reply_count":0,"_bbp_topic_count_hidden":0,"_bbp_reply_count_hidden":0,"_bbp_forum_subforum_count":0,"site-sidebar-layout":"default","site-content-layout":"","ast-site-content-layout":"","site-content-style":"default","site-sidebar-style":"default","ast-global-header-display":"","ast-banner-title-visibility":"","ast-main-header-display":"","ast-hfb-above-header-display":"","ast-hfb-below-header-display":"","ast-hfb-mobile-header-display":"","site-post-title":"","ast-breadcrumbs-content":"","ast-featured-img":"","footer-sml-layout":"","theme-transparent-header-meta":"","adv-header-id-meta":"","stick-header-meta":"","header-above-stick-meta":"","header-main-stick-meta":"","header-below-stick-meta":"","astra-migrate-meta-layouts":"default","ast-page-background-enabled":"default","ast-page-background-meta":{"desktop":{"background-color":"var(--ast-global-color-4)","background-image":"","background-repeat":"repeat","background-position":"center center","background-size":"auto","background-attachment":"scroll","background-type":"","background-media":"","overlay-type":"","overlay-color":"","overlay-opacity":"","overlay-gradient":""},"tablet":{"background-color":"","background-image":"","background-repeat":"repeat","background-position":"center center","background-size":"auto","background-attachment":"scroll","background-type":"","background-media":"","overlay-type":"","overlay-color":"","overlay-opacity":"","overlay-gradient":""},"mobile":{"background-color":"","background-image":"","background-repeat":"repeat","background-position":"center center","background-size":"auto","background-attachment":"scroll","background-type":"","background-media":"","overlay-type":"","overlay-color":"","overlay-opacity":"","overlay-gradient":""}},"ast-content-background-meta":{"desktop":{"background-color":"var(--ast-global-color-5)","background-image":"","background-repeat":"repeat","background-position":"center center","background-size":"auto","background-attachment":"scroll","background-type":"","background-media":"","overlay-type":"","overlay-color":"","overlay-opacity":"","overlay-gradient":""},"tablet":{"background-color":"var(--ast-global-color-5)","background-image":"","background-repeat":"repeat","background-position":"center center","background-size":"auto","background-attachment":"scroll","background-type":"","background-media":"","overlay-type":"","overlay-color":"","overlay-opacity":"","overlay-gradient":""},"mobile":{"background-color":"var(--ast-global-color-5)","background-image":"","background-repeat":"repeat","background-position":"center center","background-size":"auto","background-attachment":"scroll","background-type":"","background-media":"","overlay-type":"","overlay-color":"","overlay-opacity":"","overlay-gradient":""}},"footnotes":""},"class_list":["post-19","page","type-page","status-publish","hentry"],"post_mailing_queue_ids":[],"_links":{"self":[{"href":"https:\/\/agora.xtec.cat\/instorredemalla\/wp-json\/wp\/v2\/pages\/19","targetHints":{"allow":["GET"]}}],"collection":[{"href":"https:\/\/agora.xtec.cat\/instorredemalla\/wp-json\/wp\/v2\/pages"}],"about":[{"href":"https:\/\/agora.xtec.cat\/instorredemalla\/wp-json\/wp\/v2\/types\/page"}],"author":[{"embeddable":true,"href":"https:\/\/agora.xtec.cat\/instorredemalla\/wp-json\/wp\/v2\/users\/1"}],"replies":[{"embeddable":true,"href":"https:\/\/agora.xtec.cat\/instorredemalla\/wp-json\/wp\/v2\/comments?post=19"}],"version-history":[{"count":3,"href":"https:\/\/agora.xtec.cat\/instorredemalla\/wp-json\/wp\/v2\/pages\/19\/revisions"}],"predecessor-version":[{"id":1867,"href":"https:\/\/agora.xtec.cat\/instorredemalla\/wp-json\/wp\/v2\/pages\/19\/revisions\/1867"}],"wp:attachment":[{"href":"https:\/\/agora.xtec.cat\/instorredemalla\/wp-json\/wp\/v2\/media?parent=19"}],"curies":[{"name":"wp","href":"https:\/\/api.w.org\/{rel}","templated":true}]}}