{"id":5076,"date":"2026-04-14T13:18:36","date_gmt":"2026-04-14T11:18:36","guid":{"rendered":"https:\/\/agora.xtec.cat\/instorrasibages\/?page_id=5076"},"modified":"2026-04-14T13:18:36","modified_gmt":"2026-04-14T11:18:36","slug":"titols-batxillerat","status":"publish","type":"page","link":"https:\/\/agora.xtec.cat\/instorrasibages\/secretaria\/titols-batxillerat\/","title":{"rendered":"Expedici\u00f3 de t\u00edtols actuals de batxillerat"},"content":{"rendered":"<p class=\"s3\"><span class=\"s4\" style=\"font-size: 16px; -webkit-text-size-adjust: 100%;\">Des<\/span><span class=\"s4\" style=\"font-size: 16px; -webkit-text-size-adjust: 100%;\"> del 5 de maig de 2025, per sol\u00b7licitar el t\u00edtol cal que <\/span><span class=\"s4\" style=\"font-size: 16px; -webkit-text-size-adjust: 100%;\">els alumnes <\/span><span class=\"s4\" style=\"font-size: 16px; -webkit-text-size-adjust: 100%;\">entreu al seg\u00fcent enlla\u00e7: <\/span><a style=\"font-size: 16px; -webkit-text-size-adjust: 100%;\" href=\"https:\/\/web.gencat.cat\/ca\/tramits\/tramits-temes\/titols-academics-no-universitaris?category=742b7874-a82c-11e3-a972-000c29052e2c\"><span class=\"s5\">Tramitaci\u00f3 de t\u00edtols ac<\/span><span class=\"s5\">a<\/span><span class=\"s5\">d\u00e8mics i professionals no universitaris<\/span><\/a><\/p>\n<p class=\"s6\"><span class=\"s7\">IMPORTANT: <\/span><\/p>\n<div class=\"s10\"><span class=\"s8\">\u2022 <\/span><span class=\"s4\">Abans de fer el tr\u00e0mit<\/span><span class=\"s4\"> heu de<\/span><span class=\"s4\"> lleg<\/span><span class=\"s4\">ir<\/span><span class=\"s4\"> detingudament tota la informaci\u00f3 dels passos<\/span><span class=\"s4\"> a seguir<\/span><span class=\"s4\"> clicant <\/span><a href=\"https:\/\/tramits.gencat.cat\/web\/shared\/OVT\/Departaments\/ENS\/TramitOVT\/tramitacio-titols\/sollicitud-primera-expedicio.pdf\"><span class=\"s9\">aq<\/span><span class=\"s9\">u<\/span><span class=\"s9\">\u00ed<\/span><\/a><\/div>\n<div class=\"s10\"><span class=\"s8\">\u2022 <\/span><span class=\"s4\">Un cop hagis pagat la taxa, haur\u00e0s d\u2019<\/span><span class=\"s4\">enviar-nos<\/span><span class=\"s4\"> al <\/span><span class=\"s4\">correu <\/span><a href=\"mailto:pas.secretaria@instorrasibages.cat\">pas.secretaria@instorrasibages.cat<\/a> <span class=\"s4\">el resguard de la sol\u00b7licitud i el resguard de pagament<\/span><span class=\"s4\">. <\/span><\/div>\n<div class=\"s10\"><span class=\"s8\">\u2022 <\/span><span class=\"s4\">Quan <\/span><span class=\"s4\">el pagament <\/span><span class=\"s4\">s\u2019hagi conciliat, que triga entre 24 i 48 hores, podr<\/span><span class=\"s4\">em <\/span><span class=\"s4\">descarregar-te el resguard del teu t\u00edtol<\/span><span class=\"s4\"> i gestionar-ho per poder enviar-vos el resguard oficial del t\u00edtol.<\/span><\/div>\n<p class=\"s11\">\n","protected":false},"excerpt":{"rendered":"<p>Des del 5 de maig de 2025, per sol\u00b7licitar el t\u00edtol cal que els alumnes entreu al seg\u00fcent enlla\u00e7: Tramitaci\u00f3 de t\u00edtols acad\u00e8mics i professionals no universitaris IMPORTANT: \u2022 Abans de fer el tr\u00e0mit heu de llegir detingudament tota la informaci\u00f3 dels passos a seguir clicant aqu\u00ed \u2022 Un cop hagis pagat la taxa, haur\u00e0s [&hellip;]<\/p>\n","protected":false},"author":1,"featured_media":0,"parent":81,"menu_order":0,"comment_status":"closed","ping_status":"closed","template":"","meta":{"_bbp_topic_count":0,"_bbp_reply_count":0,"_bbp_total_topic_count":0,"_bbp_total_reply_count":0,"_bbp_voice_count":0,"_bbp_anonymous_reply_count":0,"_bbp_topic_count_hidden":0,"_bbp_reply_count_hidden":0,"_bbp_forum_subforum_count":0,"site-sidebar-layout":"default","site-content-layout":"","ast-site-content-layout":"default","site-content-style":"default","site-sidebar-style":"default","ast-global-header-display":"","ast-banner-title-visibility":"","ast-main-header-display":"","ast-hfb-above-header-display":"","ast-hfb-below-header-display":"","ast-hfb-mobile-header-display":"","site-post-title":"","ast-breadcrumbs-content":"","ast-featured-img":"","footer-sml-layout":"","theme-transparent-header-meta":"default","adv-header-id-meta":"","stick-header-meta":"","header-above-stick-meta":"","header-main-stick-meta":"","header-below-stick-meta":"","astra-migrate-meta-layouts":"set","ast-page-background-enabled":"default","ast-page-background-meta":{"desktop":{"background-color":"var(--ast-global-color-4)","background-image":"","background-repeat":"repeat","background-position":"center center","background-size":"auto","background-attachment":"scroll","background-type":"","background-media":"","overlay-type":"","overlay-color":"","overlay-opacity":"","overlay-gradient":""},"tablet":{"background-color":"","background-image":"","background-repeat":"repeat","background-position":"center center","background-size":"auto","background-attachment":"scroll","background-type":"","background-media":"","overlay-type":"","overlay-color":"","overlay-opacity":"","overlay-gradient":""},"mobile":{"background-color":"","background-image":"","background-repeat":"repeat","background-position":"center center","background-size":"auto","background-attachment":"scroll","background-type":"","background-media":"","overlay-type":"","overlay-color":"","overlay-opacity":"","overlay-gradient":""}},"ast-content-background-meta":{"desktop":{"background-color":"var(--ast-global-color-5)","background-image":"","background-repeat":"repeat","background-position":"center center","background-size":"auto","background-attachment":"scroll","background-type":"","background-media":"","overlay-type":"","overlay-color":"","overlay-opacity":"","overlay-gradient":""},"tablet":{"background-color":"var(--ast-global-color-5)","background-image":"","background-repeat":"repeat","background-position":"center center","background-size":"auto","background-attachment":"scroll","background-type":"","background-media":"","overlay-type":"","overlay-color":"","overlay-opacity":"","overlay-gradient":""},"mobile":{"background-color":"var(--ast-global-color-5)","background-image":"","background-repeat":"repeat","background-position":"center center","background-size":"auto","background-attachment":"scroll","background-type":"","background-media":"","overlay-type":"","overlay-color":"","overlay-opacity":"","overlay-gradient":""}},"footnotes":""},"class_list":["post-5076","page","type-page","status-publish","hentry"],"post_mailing_queue_ids":[],"_links":{"self":[{"href":"https:\/\/agora.xtec.cat\/instorrasibages\/wp-json\/wp\/v2\/pages\/5076","targetHints":{"allow":["GET"]}}],"collection":[{"href":"https:\/\/agora.xtec.cat\/instorrasibages\/wp-json\/wp\/v2\/pages"}],"about":[{"href":"https:\/\/agora.xtec.cat\/instorrasibages\/wp-json\/wp\/v2\/types\/page"}],"author":[{"embeddable":true,"href":"https:\/\/agora.xtec.cat\/instorrasibages\/wp-json\/wp\/v2\/users\/1"}],"replies":[{"embeddable":true,"href":"https:\/\/agora.xtec.cat\/instorrasibages\/wp-json\/wp\/v2\/comments?post=5076"}],"version-history":[{"count":2,"href":"https:\/\/agora.xtec.cat\/instorrasibages\/wp-json\/wp\/v2\/pages\/5076\/revisions"}],"predecessor-version":[{"id":5079,"href":"https:\/\/agora.xtec.cat\/instorrasibages\/wp-json\/wp\/v2\/pages\/5076\/revisions\/5079"}],"up":[{"embeddable":true,"href":"https:\/\/agora.xtec.cat\/instorrasibages\/wp-json\/wp\/v2\/pages\/81"}],"wp:attachment":[{"href":"https:\/\/agora.xtec.cat\/instorrasibages\/wp-json\/wp\/v2\/media?parent=5076"}],"curies":[{"name":"wp","href":"https:\/\/api.w.org\/{rel}","templated":true}]}}