{"id":4011,"date":"2023-02-15T10:55:44","date_gmt":"2023-02-15T09:55:44","guid":{"rendered":"https:\/\/agora.xtec.cat\/instorrasibages\/?page_id=4011"},"modified":"2026-02-26T10:16:57","modified_gmt":"2026-02-26T09:16:57","slug":"proves-geso","status":"publish","type":"page","link":"https:\/\/agora.xtec.cat\/instorrasibages\/convocatories-extraordinaries\/proves-geso\/","title":{"rendered":"Proves per obtenir el t\u00edtol de graduat en ESO (majors de 18 anys)"},"content":{"rendered":"<p style=\"text-align: left;\">Els alumnes que no obtenen el t\u00edtol de graduat en educaci\u00f3 secund\u00e0ria obligat\u00f2ria (ESO) en finalitzar l&#8217;etapa es poden presentar a les proves que el mes de mar\u00e7 de cada any organitzen els\u00a0centres educatius; a\u00a0cada centre es constitueix una junta d&#8217;avaluaci\u00f3 formada per professors de quart d&#8217;ESO i presidida pel cap d&#8217;estudis.<\/p>\n<h3>Requisits<\/h3>\n<p>Es poden presentar a la prova les persones que compleixen els\u00a0<strong>requisits<\/strong>\u00a0seg\u00fcents:<\/p>\n<ol>\n<li>Tenir 18 anys o complir-los dins l&#8217;any natural de la prova. Tamb\u00e9 s&#8217;hi poden presentar amb 17 anys o complir-los dins l&#8217;any natural de la prova si es troben en alguna d&#8217;aquestes situacions (cal presentar la documentaci\u00f3 que ho acrediti):\n<ul>\n<li>tenir un contracte laboral que els impedeixi d&#8217;assistir al centre educatiu en r\u00e8gim ordinari,<\/li>\n<li>trobar-se en proc\u00e9s d&#8217;obtenir un perm\u00eds de treball o<\/li>\n<li>ser esportista d&#8217;alt rendiment.<\/li>\n<\/ul>\n<\/li>\n<li>Haver finalitzat l&#8217;ESO sense obtenir el t\u00edtol.<\/li>\n<li>Haver finalitzat l&#8217;ESO durant un dels 2 cursos anteriors al qual es presentin a les proves.<\/li>\n<\/ol>\n<p>En aplicaci\u00f3 d&#8217;aquests requisits, queden exclosos de les proves els alumnes inscrits per repetir quart d&#8217;ESO en el present curs.<\/p>\n<div class=\"col-sm-12\">\n<div class=\"inform_relacionada\">\n<h3>Criteris d&#8217;avaluaci\u00f3 de les proves per a majors de 18 anys<\/h3>\n<table style=\"border-collapse: collapse; width: 100%; height: 221px;\">\n<tbody>\n<tr style=\"height: 32px;\">\n<td style=\"width: 33.3333%; text-align: center; height: 32px;\"><strong>Mat\u00e8ries comunes de 4t<\/strong><\/td>\n<td style=\"width: 33.3333%; text-align: center; height: 32px;\"><strong>Mat\u00e8ries optatives de 4t<\/strong><\/td>\n<td style=\"width: 33.3333%; text-align: center; height: 32px;\"><strong>Mat\u00e8ries comunes d&#8217;altres cursos<\/strong><\/td>\n<\/tr>\n<tr style=\"height: 189px; background-color: #ffffff;\">\n<td style=\"width: 33.3333%; text-align: center; height: 189px;\"><a href=\"https:\/\/drive.google.com\/file\/d\/1D6uSwOVwm7k55irWSwacp2ulS_y1sJxs\/view?usp=sharing\"><span style=\"font-size: 16px; background-color: #ffffff;\">Llengua catalana i literatura<\/span><\/a><br style=\"font-size: 16px; background-color: #ffffff;\" \/><a href=\"https:\/\/drive.google.com\/file\/d\/1QokVkUL12A7TjZV7I4dSY5Dc3lPw4UUb\/view?usp=drive_link\"><span style=\"font-size: 16px; background-color: #ffffff;\">Llengua castellana i literatura<\/span><\/a><br style=\"font-size: 16px; background-color: #ffffff;\" \/><a href=\"https:\/\/drive.google.com\/file\/d\/1ep-4D68vJatO5stYH3myAyRQTT5qlIY8\/view?usp=drive_link\"><span style=\"font-size: 16px; background-color: #ffffff;\">Llengua estrangera: angl\u00e8s<\/span><\/a><br style=\"font-size: 16px; background-color: #ffffff;\" \/><a href=\"https:\/\/drive.google.com\/file\/d\/11KeAR0YCrXoE_cD6546KXMJp--V_JSmd\/view?usp=drive_link\"><span style=\"font-size: 16px; background-color: #ffffff;\">Ci\u00e8ncies socials<\/span><\/a><br style=\"font-size: 16px; background-color: #ffffff;\" \/><a href=\"https:\/\/drive.google.com\/file\/d\/1niD1lHD-sLnnyEBV4CMFWXvnPEyj2yec\/view?usp=drive_link\"><span style=\"font-size: 16px; background-color: #ffffff;\">Matem\u00e0tiques<\/span><\/a><br style=\"font-size: 16px; background-color: #ffffff;\" \/><a href=\"https:\/\/drive.google.com\/file\/d\/1LjasNxA1JKWPe-w5OaQU0GXSO3KtgJga\/view?usp=drive_link\"><span style=\"font-size: 16px; background-color: #ffffff;\">Educaci\u00f3 f\u00edsica<\/span><\/a><br style=\"font-size: 16px; background-color: #ffffff;\" \/><a href=\"https:\/\/drive.google.com\/file\/d\/1y98GK3fgb9RYXwpW8xYwVyaN3snGj4J7\/view?usp=sharing\"><span style=\"font-size: 16px; background-color: #ffffff;\">Ed. en valors c\u00edvics i \u00e8tics<\/span><\/a><\/td>\n<td style=\"width: 33.3333%; text-align: center; height: 189px;\"><a style=\"font-size: 16px;\" href=\"https:\/\/drive.google.com\/file\/d\/19wnrc0ncFmmrLpaFU2ZqQDhkumjirlXL\/view?usp=drive_link\">Biologia i geologia<\/a><br \/>\n<a style=\"font-size: 16px; background-color: #ffffff;\" href=\"https:\/\/drive.google.com\/file\/d\/19IbGOa1lOQzLphwq-si-WSu-KGSvd2z-\/view?usp=drive_link\">F\u00edsica i qu\u00edmica<\/a><br \/>\n<a href=\"https:\/\/drive.google.com\/file\/d\/1keHn1jgCdrJRmeKhzQqssDZ5gPKQU-EL\/view?usp=drive_link\"><span style=\"font-size: 16px; background-color: #ffffff;\">Tecnologia<\/span><\/a><br \/>\n<a href=\"https:\/\/drive.google.com\/file\/d\/1PjXuK1zANAss10o1LNn1ZCm8p-Az4OLb\/view?usp=sharing\"><span style=\"font-size: 16px; background-color: #ffffff;\">Digitalitzaci\u00f3<\/span><\/a><br \/>\n<a href=\"https:\/\/drive.google.com\/file\/d\/1XKLXEEqedH5cl_POUU3iUwxWWiu3UIam\/view?usp=sharing\"><span style=\"font-size: 16px; background-color: #ffffff;\">Llat\u00ed<\/span><\/a><br \/>\n<a style=\"font-size: 16px; background-color: #ffffff;\" href=\"https:\/\/drive.google.com\/file\/d\/1ga4FXoSxVRW3naC2zBwuq5_QALW456zt\/view?usp=drive_link\">Filosofia<\/a><br \/>\n<a href=\"https:\/\/drive.google.com\/file\/d\/1uAvY7eLu_21xmibArQFTFifmvVSVu8l9\/view?usp=drive_link\"><span style=\"font-size: 16px; background-color: #ffffff;\">Economia b\u00e0sica<\/span><\/a><br \/>\n<span style=\"font-size: 16px; background-color: #ffffff;\">Franc\u00e8s<br \/>\n<\/span><a href=\"https:\/\/drive.google.com\/file\/d\/1cbtpDwvXnRxztojQNK0ATgXj6rlXE6Rz\/view?usp=drive_link\"><span style=\"font-size: 16px; background-color: #ffffff;\">M\u00fasica<\/span><\/a><br \/>\n<span style=\"font-size: 16px; background-color: #ffffff;\"><span style=\"font-size: 16px; background-color: #ffffff;\">Expressi\u00f3 art\u00edstica<br \/>\n<\/span><\/span><a href=\"https:\/\/drive.google.com\/file\/d\/1HzrpT7ZZcxSZMIB6AQTmv--qVGK0_as1\/view?usp=sharing\">Religi\u00f3 cat\u00f2lica<\/a><\/td>\n<td style=\"width: 33.3333%; text-align: center; height: 189px;\"><a href=\"https:\/\/drive.google.com\/file\/d\/1zuMUsiWutZEUzmbNuGMPXbk391NR4bme\/view?usp=drive_link\"><span style=\"font-size: 16px; background-color: #ffffff;\">M\u00fasica (2n)<\/span><\/a><br style=\"font-size: 16px; background-color: #ffffff;\" \/><a style=\"font-size: 16px; background-color: #ffffff;\" href=\"https:\/\/drive.google.com\/file\/d\/1iFfa13V0s078qGGBQcg_3VFPj5GK1c2I\/view?usp=drive_link\">Biologia i geologia (3r)<\/a><br style=\"font-size: 16px; background-color: #ffffff;\" \/><a style=\"font-size: 16px; background-color: #ffffff;\" href=\"https:\/\/drive.google.com\/file\/d\/1JJkxJGH4qdSFL4i79g70VcKDDXhvQYy4\/view?usp=drive_link\">F\u00edsica i qu\u00edmica (3r)<\/a><br style=\"font-size: 16px; background-color: #ffffff;\" \/><a href=\"https:\/\/drive.google.com\/file\/d\/1T45YWZbmxkhBTLrrus_ART3enX9KCnV_\/view?usp=drive_link\"><span style=\"font-size: 16px; background-color: #ffffff;\">Tecnologia (3r)<\/span><\/a><br style=\"font-size: 16px; background-color: #ffffff;\" \/><a href=\"https:\/\/drive.google.com\/file\/d\/121sLOGT5oqF9IqnErogMSbyHFL0iSXZJ\/view?usp=drive_link\"><span style=\"font-size: 16px; background-color: #ffffff;\">Ed. pl\u00e0stica, visual i audiovisual (3r)<\/span><\/a><\/td>\n<\/tr>\n<\/tbody>\n<\/table>\n<h3>Calendari de les proves de per a majors de 18 anys del curs 2025-2026<\/h3>\n<table style=\"border-collapse: collapse; width: 81.8034%; height: 636px;\">\n<tbody>\n<tr style=\"height: 32px;\">\n<td style=\"width: 30.4102%; height: 32px;\"><strong>Dia<\/strong><\/td>\n<td style=\"width: 10.6645%; height: 32px;\"><strong>Hora<\/strong><\/td>\n<td style=\"width: 35.702%; height: 32px;\"><strong>Mat\u00e8ria<\/strong><\/td>\n<\/tr>\n<tr style=\"height: 32px;\">\n<td style=\"width: 30.4102%; height: 236px;\" rowspan=\"4\">dimarts 3 de mar\u00e7 de 2026<\/td>\n<td style=\"width: 10.6645%; height: 32px;\">8.30 h<\/td>\n<td style=\"width: 35.702%; height: 32px;\">F\u00edsica i qu\u00edmica<\/td>\n<\/tr>\n<tr style=\"height: 48px;\">\n<td style=\"width: 10.6645%; height: 10px;\">9.30 h<\/td>\n<td style=\"width: 35.702%; height: 10px;\">Filosofia<br \/>\nDigitalitzaci\u00f3<\/td>\n<\/tr>\n<tr style=\"height: 82px;\">\n<td style=\"width: 10.6645%; height: 82px;\">10.30 h<\/td>\n<td style=\"width: 35.702%; height: 82px;\">Educaci\u00f3 f\u00edsica<\/td>\n<\/tr>\n<tr style=\"height: 112px;\">\n<td style=\"width: 10.6645%; height: 112px;\">12 h<\/td>\n<td style=\"width: 35.702%; height: 112px;\">Educaci\u00f3 en valors c\u00edvics i \u00e8tics<\/td>\n<\/tr>\n<tr style=\"height: 48px;\">\n<td style=\"width: 30.4102%; height: 112px;\" rowspan=\"3\">dimecres 4 de mar\u00e7 de 2026<\/td>\n<td style=\"width: 10.6645%; height: 48px;\">9.30 h<\/td>\n<td style=\"width: 35.702%; height: 48px;\">Ci\u00e8ncies socials<\/td>\n<\/tr>\n<tr style=\"height: 32px;\">\n<td style=\"width: 10.6645%; height: 32px;\">10.30 h<\/td>\n<td style=\"width: 35.702%; height: 32px;\">Llengua castellana i literatura<\/td>\n<\/tr>\n<tr style=\"height: 32px;\">\n<td style=\"width: 10.6645%; height: 32px;\">12 h<\/td>\n<td style=\"width: 35.702%; height: 32px;\">Matem\u00e0tiques<\/td>\n<\/tr>\n<tr style=\"height: 32px;\">\n<td style=\"width: 30.4102%; height: 96px;\" rowspan=\"4\">dijous 5 de mar\u00e7 de 2026<\/td>\n<td style=\"width: 10.6645%; height: 32px;\">9.30 h<\/td>\n<td style=\"width: 35.702%; height: 32px;\">Biologia i geologia<\/td>\n<\/tr>\n<tr style=\"height: 32px;\">\n<td style=\"width: 10.6645%; height: 32px;\">10.30 h<\/td>\n<td style=\"width: 35.702%; height: 32px;\">Llengua anglesa<\/td>\n<\/tr>\n<tr style=\"height: 32px;\">\n<td style=\"width: 10.6645%; height: 32px;\">12 h<\/td>\n<td style=\"width: 35.702%; height: 32px;\">Llat\u00ed<br \/>\nTecnologia<\/td>\n<\/tr>\n<tr>\n<td style=\"width: 10.6645%;\">13 h<\/td>\n<td style=\"width: 35.702%;\">Economia b\u00e0sica<\/td>\n<\/tr>\n<tr style=\"height: 32px;\">\n<td style=\"width: 30.4102%; height: 64px;\" rowspan=\"2\">divendres 6 de mar\u00e7 de 2026<\/td>\n<td style=\"width: 10.6645%; height: 32px;\">9.30 h<\/td>\n<td style=\"width: 35.702%; height: 32px;\">Llengua catalana i literatura<\/td>\n<\/tr>\n<tr style=\"height: 32px;\">\n<td style=\"width: 10.6645%; height: 32px;\">12 h<\/td>\n<td style=\"width: 35.702%; height: 32px;\">M\u00fasica<\/td>\n<\/tr>\n<\/tbody>\n<\/table>\n<\/div>\n<\/div>\n<div>\n<h3>Normativa de refer\u00e8ncia<\/h3>\n<p><a title=\"Ves al DOGC\" href=\"https:\/\/dogc.gencat.cat\/ca\/document-del-dogc\/?documentId=991146\" target=\"_blank\" rel=\"noopener\">Resoluci\u00f3\u00a0EDU\/2730\/2024<\/a>, de 16 de juliol, per la qual es regula la convocat\u00f2ria anual de la prova per a l&#8217;obtenci\u00f3 del t\u00edtol de graduat o graduada en educaci\u00f3 secund\u00e0ria obligat\u00f2ria per a l&#8217;alumnat que no l&#8217;hagi obtingut en finalitzar l&#8217;etapa esmentada.\u200b\u200b\u200b<\/p>\n<p><a title=\"Ves al web\" href=\"https:\/\/portaljuridic.gencat.cat\/eli\/es-ct\/d\/2022\/09\/27\/175\" target=\"_blank\" rel=\"noopener\" data-cke-saved-href=\"https:\/\/portaljuridic.gencat.cat\/eli\/es-ct\/d\/2022\/09\/27\/175\">Decret 175\/2022<\/a>, de 27 de setembre, d&#8217;ordenaci\u00f3 dels ensenyaments de l&#8217;educaci\u00f3 b\u00e0sica.\u200b<\/p>\n<\/div>\n","protected":false},"excerpt":{"rendered":"<p>Els alumnes que no obtenen el t\u00edtol de graduat en educaci\u00f3 secund\u00e0ria obligat\u00f2ria (ESO) en finalitzar l&#8217;etapa es poden presentar a les proves que el mes de mar\u00e7 de cada any organitzen els\u00a0centres educatius; a\u00a0cada centre es constitueix una junta d&#8217;avaluaci\u00f3 formada per professors de quart d&#8217;ESO i presidida pel cap d&#8217;estudis. Requisits Es poden [&hellip;]<\/p>\n","protected":false},"author":1,"featured_media":0,"parent":1501,"menu_order":3,"comment_status":"closed","ping_status":"closed","template":"","meta":{"_bbp_topic_count":0,"_bbp_reply_count":0,"_bbp_total_topic_count":0,"_bbp_total_reply_count":0,"_bbp_voice_count":0,"_bbp_anonymous_reply_count":0,"_bbp_topic_count_hidden":0,"_bbp_reply_count_hidden":0,"_bbp_forum_subforum_count":0,"site-sidebar-layout":"default","site-content-layout":"","ast-site-content-layout":"default","site-content-style":"default","site-sidebar-style":"default","ast-global-header-display":"","ast-banner-title-visibility":"","ast-main-header-display":"","ast-hfb-above-header-display":"","ast-hfb-below-header-display":"","ast-hfb-mobile-header-display":"","site-post-title":"","ast-breadcrumbs-content":"","ast-featured-img":"","footer-sml-layout":"","theme-transparent-header-meta":"default","adv-header-id-meta":"","stick-header-meta":"","header-above-stick-meta":"","header-main-stick-meta":"","header-below-stick-meta":"","astra-migrate-meta-layouts":"set","ast-page-background-enabled":"default","ast-page-background-meta":{"desktop":{"background-color":"var(--ast-global-color-4)","background-image":"","background-repeat":"repeat","background-position":"center center","background-size":"auto","background-attachment":"scroll","background-type":"","background-media":"","overlay-type":"","overlay-color":"","overlay-opacity":"","overlay-gradient":""},"tablet":{"background-color":"","background-image":"","background-repeat":"repeat","background-position":"center center","background-size":"auto","background-attachment":"scroll","background-type":"","background-media":"","overlay-type":"","overlay-color":"","overlay-opacity":"","overlay-gradient":""},"mobile":{"background-color":"","background-image":"","background-repeat":"repeat","background-position":"center center","background-size":"auto","background-attachment":"scroll","background-type":"","background-media":"","overlay-type":"","overlay-color":"","overlay-opacity":"","overlay-gradient":""}},"ast-content-background-meta":{"desktop":{"background-color":"var(--ast-global-color-5)","background-image":"","background-repeat":"repeat","background-position":"center center","background-size":"auto","background-attachment":"scroll","background-type":"","background-media":"","overlay-type":"","overlay-color":"","overlay-opacity":"","overlay-gradient":""},"tablet":{"background-color":"var(--ast-global-color-5)","background-image":"","background-repeat":"repeat","background-position":"center center","background-size":"auto","background-attachment":"scroll","background-type":"","background-media":"","overlay-type":"","overlay-color":"","overlay-opacity":"","overlay-gradient":""},"mobile":{"background-color":"var(--ast-global-color-5)","background-image":"","background-repeat":"repeat","background-position":"center center","background-size":"auto","background-attachment":"scroll","background-type":"","background-media":"","overlay-type":"","overlay-color":"","overlay-opacity":"","overlay-gradient":""}},"footnotes":""},"class_list":["post-4011","page","type-page","status-publish","hentry"],"post_mailing_queue_ids":[],"_links":{"self":[{"href":"https:\/\/agora.xtec.cat\/instorrasibages\/wp-json\/wp\/v2\/pages\/4011","targetHints":{"allow":["GET"]}}],"collection":[{"href":"https:\/\/agora.xtec.cat\/instorrasibages\/wp-json\/wp\/v2\/pages"}],"about":[{"href":"https:\/\/agora.xtec.cat\/instorrasibages\/wp-json\/wp\/v2\/types\/page"}],"author":[{"embeddable":true,"href":"https:\/\/agora.xtec.cat\/instorrasibages\/wp-json\/wp\/v2\/users\/1"}],"replies":[{"embeddable":true,"href":"https:\/\/agora.xtec.cat\/instorrasibages\/wp-json\/wp\/v2\/comments?post=4011"}],"version-history":[{"count":6,"href":"https:\/\/agora.xtec.cat\/instorrasibages\/wp-json\/wp\/v2\/pages\/4011\/revisions"}],"predecessor-version":[{"id":5031,"href":"https:\/\/agora.xtec.cat\/instorrasibages\/wp-json\/wp\/v2\/pages\/4011\/revisions\/5031"}],"up":[{"embeddable":true,"href":"https:\/\/agora.xtec.cat\/instorrasibages\/wp-json\/wp\/v2\/pages\/1501"}],"wp:attachment":[{"href":"https:\/\/agora.xtec.cat\/instorrasibages\/wp-json\/wp\/v2\/media?parent=4011"}],"curies":[{"name":"wp","href":"https:\/\/api.w.org\/{rel}","templated":true}]}}