{"id":3965,"date":"2023-01-20T00:43:35","date_gmt":"2023-01-19T23:43:35","guid":{"rendered":"https:\/\/agora.xtec.cat\/instorrasibages\/?page_id=3965"},"modified":"2024-03-22T12:48:05","modified_gmt":"2024-03-22T11:48:05","slug":"asseguranca-escolar","status":"publish","type":"page","link":"https:\/\/agora.xtec.cat\/instorrasibages\/secretaria\/asseguranca-escolar\/","title":{"rendered":"Asseguran\u00e7a escolar"},"content":{"rendered":"<table class=\"irtramite\" summary=\"Taula en qu\u00e8 es mostra informaci\u00f3 sobre la prestaci\u00f3 d'asseguran\u00e7a escolar\">\n<tbody>\n<tr>\n<th scope=\"row\">Objecte:<\/th>\n<td>\u00c9s una <strong>Asseguran\u00e7a que protegeix als estudiants<\/strong>, menors de 28 anys, que cursen estudis oficials des de\u00a0 3r d&#8217;\u00a0Educaci\u00f3 Secund\u00e0ria Obligat\u00f2ria (ESO), fins el final del 3r cicle universitari,\u00a0 mitjan\u00e7ant prestacions sanit\u00e0ries i econ\u00f2miques, en cas de malaltia\u00a0, accident escolar\u00a0i infortuni familiar.<\/td>\n<\/tr>\n<tr>\n<th scope=\"row\">Causants:<\/th>\n<td>L&#8217;<strong>estudiant<\/strong><\/td>\n<\/tr>\n<tr>\n<th scope=\"row\">Prestacions:<\/th>\n<td>\n<ul class=\"irdivjust\">\n<li><strong>Accident escolar<\/strong>: assist\u00e8ncia m\u00e8dica i farmac\u00e8utica, indemnitzacions econ\u00f2miques per incapacitat i despeses de sepeli<strong>.<\/strong><\/li>\n<li><strong>Malaltia<\/strong>: Assist\u00e8ncia m\u00e8dica, assist\u00e8ncia\u00a0farmac\u00e8utica i\u00a0despeses de sepeli.\u00a0Inclou la cirurgia general, neuropsiquiatria, tocologia, tuberculosi pulmonar i \u00f2ssia.\u00a0En determinats casos es poden atorgar prestacions de fisioter\u00e0pia, quimioter\u00e0pia, radioter\u00e0pia, cobaltoter\u00e0pia \u00a0i cirurgia maxil\u00b7lofacial.<\/li>\n<li><strong>Infortuni familiar<\/strong>: Prestaci\u00f3 econ\u00f2mica per\u00a0defunci\u00f3 del cap de fam\u00edlia o\u00a0 ru\u00efna familiar.<\/li>\n<\/ul>\n<\/td>\n<\/tr>\n<tr>\n<th scope=\"row\">Beneficiaris:<\/th>\n<td>\n<p class=\"irdivjust\">El beneficiari de les prestacions de l&#8217;asseguran\u00e7a escolar \u00e9s l&#8217;<strong>estudiant<\/strong>, tret de les indemnitzacions per defunci\u00f3 per accident o malaltia, els destinataris de les quals s\u00f3n els familiars.<\/p>\n<p class=\"irdivder\"><a href=\"https:\/\/www.seg-social.es\/wps\/portal\/wss\/internet\/Trabajadores\/PrestacionesPensionesTrabajadores\/28622\/28623#28626\">M\u00e9s informaci\u00f3 <span class=\"oculta_texto\">sobre beneficiaris<\/span><\/a><\/p>\n<\/td>\n<\/tr>\n<tr>\n<th scope=\"row\">Requisits:<\/th>\n<td>\n<ul>\n<li>\n<div class=\"irdivjust\">Tenir menys de 28 anys, ser espanyol o estranger i tenir la resid\u00e8ncia legal a l&#8217;Estat espanyol.<\/div>\n<\/li>\n<li>\n<div class=\"irdivjust\">Estar matriculat als estudis inclosos a l&#8217;asseguran\u00e7a i haver abonat la quota.<\/div>\n<\/li>\n<li>\n<div class=\"irdivjust\">\n<p>Acreditar un any d&#8217;asseguran\u00e7a.<\/p>\n<p>Aquest darrer requisit no s&#8217;exigeix per a les prestacions derivades d&#8217;accident escolar, infortuni familiar i tocologia ni als estudiantes que l&#8217;any anterior hagin cursat 2n d&#8217;ESO, educaci\u00f3 especial o que hagin continuat els seus estudis a l&#8217;estranger.<\/p>\n<\/div>\n<\/li>\n<\/ul>\n<p class=\"irdivder\"><a href=\"https:\/\/www.seg-social.es\/wps\/portal\/wss\/internet\/Trabajadores\/PrestacionesPensionesTrabajadores\/28622\/28623#28630\">M\u00e9s informaci\u00f3 <span class=\"oculta_texto\">sobre requisits\u00a0<\/span><\/a><\/p>\n<\/td>\n<\/tr>\n<tr>\n<th scope=\"row\">Quanties \/ pagaments \/ efectes:<\/th>\n<td>Diverses <a href=\"https:\/\/www.seg-social.es\/wps\/portal\/wss\/internet\/Trabajadores\/PrestacionesPensionesTrabajadores\/28622\/28635\">quanties<\/a>\u00a0 segons la prestaci\u00f3.<\/p>\n<p>El pagament de les prestacions econ\u00f2miques pot ser <strong>pagament directe<\/strong> a l&#8217;entitat financera que tingui assignada la direcci\u00f3 provincial de l&#8217;<acronym lang=\"es\" title=\"Institut Nacional de la Seguretat Social\">INSS<\/acronym>\u00a0 <strong>o per transfer\u00e8ncia<\/strong> a l&#8217;entitat financera que s&#8217;hagi elegit a la sol\u00b7licitud.<\/td>\n<\/tr>\n<tr>\n<th scope=\"row\">Duraci\u00f3:<\/th>\n<td>Segons els tipus de prestaci\u00f3,\u00a0 la durada varia.<\/td>\n<\/tr>\n<tr>\n<th scope=\"row\">Terminis:<\/th>\n<td>El termini per sol\u00b7licitar\u00a0les prestacions derivades d&#8217;accident escolar \u00e9s d&#8217;\u00a0un any.<\/p>\n<p>El termini per sol\u00b7licitar\u00a0 despeses de sepeli, infortuni familiar\u00a0\u00a0i d&#8217;altres prestacions econ\u00f2miques \u00e9s\u00a0de\u00a0cinc anys.<\/p>\n<p>El reconeixement o denegaci\u00f3 de les prestacions de l&#8217;Asseguran\u00e7a escolar es rsoldran i notificaran en un termini m\u00e0xim de\u00a090 dies.<\/td>\n<\/tr>\n<tr>\n<th scope=\"row\">Denegaci\u00f3 \/ extinci\u00f3:<\/th>\n<td>El director provincial de l&#8217;INSS dicta resoluci\u00f3 en la qual concedeix o denega la prestaci\u00f3 sol\u00b7licitada.<\/td>\n<\/tr>\n<tr>\n<th scope=\"row\">Impresos:<\/th>\n<td><a href=\"https:\/\/www.seg-social.es\/wps\/portal\/wss\/internet\/Pensionistas\/Servicios\/34887\/40968\/41107\">Sol\u00b7licitud de prestaci\u00f3 de l&#8217;asseguran\u00e7a escolar<\/a><\/td>\n<\/tr>\n<tr>\n<th scope=\"row\">Documentaci\u00f3:<\/th>\n<td>\n<ul class=\"irdivjust\">\n<li><acronym lang=\"es\" title=\"Document Nacional d'Identitat\">DNI<\/acronym>\u00a0 o llibre de fam\u00edlia.\u00a0Document acreditatiu de la identitat,\u00a0per als estrangers<\/li>\n<li>Estudiants no universitaris: certificat del centre destudis<\/li>\n<li>Estudiants universitaris: resguard de l&#8217;impr\u00e8s de matr\u00edcula<\/li>\n<li>Documentaci\u00f3 espec\u00edfica per a\u00a0 cada prestaci\u00f3<\/li>\n<\/ul>\n<p class=\"irdivder\"><a href=\"https:\/\/www.seg-social.es\/wps\/portal\/wss\/internet\/Trabajadores\/PrestacionesPensionesTrabajadores\/28622\/28851#28854\">M\u00e9s informaci\u00f3 <span class=\"oculta_texto\">sobre documentaci\u00f3<\/span><\/a><\/p>\n<\/td>\n<\/tr>\n<tr>\n<th scope=\"row\">On es tramita:<\/th>\n<td>A qualsevol <a href=\"https:\/\/www.seg-social.es\/wps\/portal\/wss\/internet\/OficinaSeguridadSocial\/\" target=\"_blank\" rel=\"noopener\">centre d&#8217;atenci\u00f3 i informaci\u00f3 de la Seguretat Social<\/a><\/td>\n<\/tr>\n<tr>\n<th scope=\"row\">Entitat competent:<\/th>\n<td>El reconeixement del dret\u00a0i pagament de les prestacions \u00e9s compet\u00e8ncia de la direcci\u00f3 provincial de l&#8217;\u00a0<a lang=\"es\" href=\"https:\/\/www.seg-social.es\/wps\/portal\/wss\/internet\/OficinaSeguridadSocial\/\" target=\"_blank\" rel=\"noopener\" hreflang=\"es\">Institut Nacional de la Seguretat Social (INSS)<\/a> on s&#8217;hagi presentat la sol\u00b7licitud. En el cas de les prestacions sanit\u00e0ries la responsabilitat recau en la direcci\u00f3 provincial de l&#8217;INSS de la prov\u00edncia on s&#8217;hagi prestat l&#8217;assist\u00e8ncia sanit\u00e0ria.<\/td>\n<\/tr>\n<tr>\n<th scope=\"row\">Altres dades d&#8217;inter\u00e8s:<\/th>\n<td>\n<ul>\n<li>\n<div><a href=\"https:\/\/www.seg-social.es\/wps\/portal\/wss\/internet\/Trabajadores\/PrestacionesPensionesTrabajadores\/28622\/28641\">Incompatibilitats <\/a><\/div>\n<\/li>\n<li>\n<div><a href=\"https:\/\/www.seg-social.es\/wps\/portal\/wss\/internet\/Trabajadores\/PrestacionesPensionesTrabajadores\/28622\/28635\/28650\">Prestacions per accident escolar<\/a><\/div>\n<\/li>\n<li>\n<div><a href=\"https:\/\/www.seg-social.es\/wps\/portal\/wss\/internet\/Trabajadores\/PrestacionesPensionesTrabajadores\/28622\/28635\/28653\">Prestacions per malaltia<\/a><\/div>\n<\/li>\n<li>\n<div><a href=\"https:\/\/www.seg-social.es\/wps\/portal\/wss\/internet\/Trabajadores\/PrestacionesPensionesTrabajadores\/28622\/28635\/28656\">Prestacions per infortuni familiar<\/a><\/div>\n<\/li>\n<\/ul>\n<\/td>\n<\/tr>\n<\/tbody>\n<\/table>\n<p>M\u00e9s informaci\u00f3: <a href=\"https:\/\/www.seg-social.es\/wps\/portal\/wss\/internet\/InformacionUtil\/44539\/45073?changeLanguage=ca\">https:\/\/www.seg-social.es\/wps\/portal\/wss\/internet\/InformacionUtil\/44539\/45073?changeLanguage=ca<\/a><\/p>\n<p>&nbsp;<\/p>\n","protected":false},"excerpt":{"rendered":"<p>Objecte: \u00c9s una Asseguran\u00e7a que protegeix als estudiants, menors de 28 anys, que cursen estudis oficials des de\u00a0 3r d&#8217;\u00a0Educaci\u00f3 Secund\u00e0ria Obligat\u00f2ria (ESO), fins el final del 3r cicle universitari,\u00a0 mitjan\u00e7ant prestacions sanit\u00e0ries i econ\u00f2miques, en cas de malaltia\u00a0, accident escolar\u00a0i infortuni familiar. Causants: L&#8217;estudiant Prestacions: Accident escolar: assist\u00e8ncia m\u00e8dica i farmac\u00e8utica, indemnitzacions econ\u00f2miques per [&hellip;]<\/p>\n","protected":false},"author":1,"featured_media":0,"parent":81,"menu_order":3,"comment_status":"closed","ping_status":"closed","template":"page-templates\/side-menu.php","meta":{"_bbp_topic_count":0,"_bbp_reply_count":0,"_bbp_total_topic_count":0,"_bbp_total_reply_count":0,"_bbp_voice_count":0,"_bbp_anonymous_reply_count":0,"_bbp_topic_count_hidden":0,"_bbp_reply_count_hidden":0,"_bbp_forum_subforum_count":0,"site-sidebar-layout":"default","site-content-layout":"","ast-site-content-layout":"","site-content-style":"default","site-sidebar-style":"default","ast-global-header-display":"","ast-banner-title-visibility":"","ast-main-header-display":"","ast-hfb-above-header-display":"","ast-hfb-below-header-display":"","ast-hfb-mobile-header-display":"","site-post-title":"","ast-breadcrumbs-content":"","ast-featured-img":"","footer-sml-layout":"","theme-transparent-header-meta":"","adv-header-id-meta":"","stick-header-meta":"","header-above-stick-meta":"","header-main-stick-meta":"","header-below-stick-meta":"","astra-migrate-meta-layouts":"default","ast-page-background-enabled":"default","ast-page-background-meta":{"desktop":{"background-color":"var(--ast-global-color-4)","background-image":"","background-repeat":"repeat","background-position":"center center","background-size":"auto","background-attachment":"scroll","background-type":"","background-media":"","overlay-type":"","overlay-color":"","overlay-opacity":"","overlay-gradient":""},"tablet":{"background-color":"","background-image":"","background-repeat":"repeat","background-position":"center center","background-size":"auto","background-attachment":"scroll","background-type":"","background-media":"","overlay-type":"","overlay-color":"","overlay-opacity":"","overlay-gradient":""},"mobile":{"background-color":"","background-image":"","background-repeat":"repeat","background-position":"center center","background-size":"auto","background-attachment":"scroll","background-type":"","background-media":"","overlay-type":"","overlay-color":"","overlay-opacity":"","overlay-gradient":""}},"ast-content-background-meta":{"desktop":{"background-color":"var(--ast-global-color-5)","background-image":"","background-repeat":"repeat","background-position":"center center","background-size":"auto","background-attachment":"scroll","background-type":"","background-media":"","overlay-type":"","overlay-color":"","overlay-opacity":"","overlay-gradient":""},"tablet":{"background-color":"var(--ast-global-color-5)","background-image":"","background-repeat":"repeat","background-position":"center center","background-size":"auto","background-attachment":"scroll","background-type":"","background-media":"","overlay-type":"","overlay-color":"","overlay-opacity":"","overlay-gradient":""},"mobile":{"background-color":"var(--ast-global-color-5)","background-image":"","background-repeat":"repeat","background-position":"center center","background-size":"auto","background-attachment":"scroll","background-type":"","background-media":"","overlay-type":"","overlay-color":"","overlay-opacity":"","overlay-gradient":""}},"footnotes":""},"class_list":["post-3965","page","type-page","status-publish","hentry"],"post_mailing_queue_ids":[],"_links":{"self":[{"href":"https:\/\/agora.xtec.cat\/instorrasibages\/wp-json\/wp\/v2\/pages\/3965","targetHints":{"allow":["GET"]}}],"collection":[{"href":"https:\/\/agora.xtec.cat\/instorrasibages\/wp-json\/wp\/v2\/pages"}],"about":[{"href":"https:\/\/agora.xtec.cat\/instorrasibages\/wp-json\/wp\/v2\/types\/page"}],"author":[{"embeddable":true,"href":"https:\/\/agora.xtec.cat\/instorrasibages\/wp-json\/wp\/v2\/users\/1"}],"replies":[{"embeddable":true,"href":"https:\/\/agora.xtec.cat\/instorrasibages\/wp-json\/wp\/v2\/comments?post=3965"}],"version-history":[{"count":2,"href":"https:\/\/agora.xtec.cat\/instorrasibages\/wp-json\/wp\/v2\/pages\/3965\/revisions"}],"predecessor-version":[{"id":3968,"href":"https:\/\/agora.xtec.cat\/instorrasibages\/wp-json\/wp\/v2\/pages\/3965\/revisions\/3968"}],"up":[{"embeddable":true,"href":"https:\/\/agora.xtec.cat\/instorrasibages\/wp-json\/wp\/v2\/pages\/81"}],"wp:attachment":[{"href":"https:\/\/agora.xtec.cat\/instorrasibages\/wp-json\/wp\/v2\/media?parent=3965"}],"curies":[{"name":"wp","href":"https:\/\/api.w.org\/{rel}","templated":true}]}}