{"id":1400,"date":"2019-02-17T19:36:20","date_gmt":"2019-02-17T18:36:20","guid":{"rendered":"http:\/\/agora.xtec.cat\/instorrasibages\/?page_id=1400"},"modified":"2019-02-17T19:54:08","modified_gmt":"2019-02-17T18:54:08","slug":"espai-virtual-daprenentatge","status":"publish","type":"page","link":"https:\/\/agora.xtec.cat\/instorrasibages\/serveis-digitals\/espai-virtual-daprenentatge\/","title":{"rendered":"Espai Virtual d&#8217;Aprenentatge (EVA)"},"content":{"rendered":"<p>Un dels objectius del nostre Institut \u00e9s millorar les compet\u00e8ncies digitals del nostre alumnat, en sintonia amb les tend\u00e8ncies de la societat actual.<br \/>\n\u00c9s per aix\u00f2 que hem posat en marxa un Espai Virtual d&#8217;Aprenentatge (EVA) amb qu\u00e8 cada alumne\/a disposar\u00e0 d\u2019un compte d&#8217;usuari\/\u00e0ria.<br \/>\nL\u2019EVA \u00e9s:<br \/>\n\u25cf Una intranet on cada alumne\/a queda identificat amb un nom d&#8217;usuari\/\u00e0ria i una contrasenya, totalment \u00fanics i verificats.<br \/>\n\u25cf Un entorn segur, exclusiu i d\u2019acc\u00e9s restringit per a la comunitat educativa de l\u2019Institut, controlat per la coordinaci\u00f3 inform\u00e0tica del nostre centre i amb la garantia de la tecnologia Google. No s\u2019utilitza cap dada personal amb finalitat comercial.<br \/>\n\u25cf Un espai en qu\u00e8 l&#8217;alumne\/a, amb l\u2019orientaci\u00f3 del seu professorat, tindr\u00e0 acc\u00e9s a un seguit d&#8217;eines i continguts digitals que li permetran millorar el seu aprenentatge i fer-ne un seguiment m\u00e9s acurat: correu electr\u00f2nic, entorns de treball col\u00b7laboratiu, arxiu i tramesa de documents, etc.<br \/>\nA m\u00e9s,\u00a0 les fam\u00edlies, hi podran accedir mitjan\u00e7ant el mateix nom d\u2019usuari\/\u00e0ria i la contrasenya personals de l\u2019alumne\/a, per poder fer un seguiment del seu proc\u00e9s d\u2019aprenentatge.<\/p>\n<p>Per tal que l&#8217;alumnat pugui fer \u00fas d&#8217;aquest espai d&#8217;aprenentatge, les fam\u00edlies han de signar <a href=\"https:\/\/drive.google.com\/open?id=1AzKiahNAltBsxVZcviJKdBt-XM_BzD7J\">aquest perm\u00eds.<\/a><\/p>\n","protected":false},"excerpt":{"rendered":"<p>Un dels objectius del nostre Institut \u00e9s millorar les compet\u00e8ncies digitals del nostre alumnat, en sintonia amb les tend\u00e8ncies de la societat actual. \u00c9s per aix\u00f2 que hem posat en marxa un Espai Virtual d&#8217;Aprenentatge (EVA) amb qu\u00e8 cada alumne\/a disposar\u00e0 d\u2019un compte d&#8217;usuari\/\u00e0ria. L\u2019EVA \u00e9s: \u25cf Una intranet on cada alumne\/a queda identificat amb [&hellip;]<\/p>\n","protected":false},"author":1,"featured_media":0,"parent":1396,"menu_order":0,"comment_status":"closed","ping_status":"closed","template":"page-templates\/side-menu.php","meta":{"_bbp_topic_count":0,"_bbp_reply_count":0,"_bbp_total_topic_count":0,"_bbp_total_reply_count":0,"_bbp_voice_count":0,"_bbp_anonymous_reply_count":0,"_bbp_topic_count_hidden":0,"_bbp_reply_count_hidden":0,"_bbp_forum_subforum_count":0,"site-sidebar-layout":"default","site-content-layout":"","ast-site-content-layout":"","site-content-style":"default","site-sidebar-style":"default","ast-global-header-display":"","ast-banner-title-visibility":"","ast-main-header-display":"","ast-hfb-above-header-display":"","ast-hfb-below-header-display":"","ast-hfb-mobile-header-display":"","site-post-title":"","ast-breadcrumbs-content":"","ast-featured-img":"","footer-sml-layout":"","theme-transparent-header-meta":"","adv-header-id-meta":"","stick-header-meta":"","header-above-stick-meta":"","header-main-stick-meta":"","header-below-stick-meta":"","astra-migrate-meta-layouts":"default","ast-page-background-enabled":"default","ast-page-background-meta":{"desktop":{"background-color":"var(--ast-global-color-4)","background-image":"","background-repeat":"repeat","background-position":"center center","background-size":"auto","background-attachment":"scroll","background-type":"","background-media":"","overlay-type":"","overlay-color":"","overlay-opacity":"","overlay-gradient":""},"tablet":{"background-color":"","background-image":"","background-repeat":"repeat","background-position":"center center","background-size":"auto","background-attachment":"scroll","background-type":"","background-media":"","overlay-type":"","overlay-color":"","overlay-opacity":"","overlay-gradient":""},"mobile":{"background-color":"","background-image":"","background-repeat":"repeat","background-position":"center center","background-size":"auto","background-attachment":"scroll","background-type":"","background-media":"","overlay-type":"","overlay-color":"","overlay-opacity":"","overlay-gradient":""}},"ast-content-background-meta":{"desktop":{"background-color":"var(--ast-global-color-5)","background-image":"","background-repeat":"repeat","background-position":"center center","background-size":"auto","background-attachment":"scroll","background-type":"","background-media":"","overlay-type":"","overlay-color":"","overlay-opacity":"","overlay-gradient":""},"tablet":{"background-color":"var(--ast-global-color-5)","background-image":"","background-repeat":"repeat","background-position":"center center","background-size":"auto","background-attachment":"scroll","background-type":"","background-media":"","overlay-type":"","overlay-color":"","overlay-opacity":"","overlay-gradient":""},"mobile":{"background-color":"var(--ast-global-color-5)","background-image":"","background-repeat":"repeat","background-position":"center center","background-size":"auto","background-attachment":"scroll","background-type":"","background-media":"","overlay-type":"","overlay-color":"","overlay-opacity":"","overlay-gradient":""}},"footnotes":""},"class_list":["post-1400","page","type-page","status-publish","hentry"],"post_mailing_queue_ids":[],"_links":{"self":[{"href":"https:\/\/agora.xtec.cat\/instorrasibages\/wp-json\/wp\/v2\/pages\/1400","targetHints":{"allow":["GET"]}}],"collection":[{"href":"https:\/\/agora.xtec.cat\/instorrasibages\/wp-json\/wp\/v2\/pages"}],"about":[{"href":"https:\/\/agora.xtec.cat\/instorrasibages\/wp-json\/wp\/v2\/types\/page"}],"author":[{"embeddable":true,"href":"https:\/\/agora.xtec.cat\/instorrasibages\/wp-json\/wp\/v2\/users\/1"}],"replies":[{"embeddable":true,"href":"https:\/\/agora.xtec.cat\/instorrasibages\/wp-json\/wp\/v2\/comments?post=1400"}],"version-history":[{"count":3,"href":"https:\/\/agora.xtec.cat\/instorrasibages\/wp-json\/wp\/v2\/pages\/1400\/revisions"}],"predecessor-version":[{"id":1405,"href":"https:\/\/agora.xtec.cat\/instorrasibages\/wp-json\/wp\/v2\/pages\/1400\/revisions\/1405"}],"up":[{"embeddable":true,"href":"https:\/\/agora.xtec.cat\/instorrasibages\/wp-json\/wp\/v2\/pages\/1396"}],"wp:attachment":[{"href":"https:\/\/agora.xtec.cat\/instorrasibages\/wp-json\/wp\/v2\/media?parent=1400"}],"curies":[{"name":"wp","href":"https:\/\/api.w.org\/{rel}","templated":true}]}}