{"id":1266,"date":"2019-02-06T08:49:14","date_gmt":"2019-02-06T07:49:14","guid":{"rendered":"http:\/\/agora.xtec.cat\/instorrasibages\/?page_id=1266"},"modified":"2021-09-10T13:50:44","modified_gmt":"2021-09-10T11:50:44","slug":"documents-del-centre","status":"publish","type":"page","link":"https:\/\/agora.xtec.cat\/instorrasibages\/documents-del-centre\/","title":{"rendered":"Documents del centre"},"content":{"rendered":"<ol>\n<li><a href=\"https:\/\/drive.google.com\/file\/d\/1L9hE7YJnXLPqOQRSVrqnWyrdp-fw0fsd\/view\">Projecte educatiu de centre (PEC)<\/a><\/li>\n<li><a href=\"https:\/\/drive.google.com\/file\/d\/1ofsct9OsCezamcBtr0H2Jv46ZPhagNSZ\/view\">Normes d&#8217;organitzaci\u00f3 i funcionament del centre (NOFC)<\/a><\/li>\n<li><a href=\"https:\/\/drive.google.com\/file\/d\/1E7PDtl8r4s__-GkZzGt2cyb1UGebYARD\/view?usp=sharing\">Projecte ling\u00fc\u00edstic<\/a><\/li>\n<li><a href=\"https:\/\/agora.xtec.cat\/instorrasibages\/wp-content\/uploads\/usu1556\/2019\/02\/image-1.jpg\">Carta de comprom\u00eds educatiu<\/a><\/li>\n<li><a href=\"https:\/\/drive.google.com\/file\/d\/1wtapw3XU_53z6rxaheNPVsOV52XllxAA\/view?usp=sharing\">Justificant de faltes d&#8217;assist\u00e8ncia<\/a><\/li>\n<li><a href=\"http:\/\/agora.xtec.cat\/instorrasibages\/linstitut\/documents-del-centre\/criterisdavaluacio\/\">Criteris d&#8217;avaluaci\u00f3 dels departaments<\/a><\/li>\n<li><a href=\"https:\/\/drive.google.com\/file\/d\/1jVHdQfWkv8BIxrH3JoAY6Uu_YVmgmB7E\/view?usp=sharing\">Projecte de conviv\u00e8ncia<\/a><\/li>\n<li><a href=\"https:\/\/drive.google.com\/file\/d\/1MHzP1voCckYOndVt0jK4wBP6LfI7F1Zu\/view?usp=sharing\">Pla d&#8217;obertura de centre 2021-2022<\/a><\/li>\n<\/ol>\n","protected":false},"excerpt":{"rendered":"<p>Projecte educatiu de centre (PEC) Normes d&#8217;organitzaci\u00f3 i funcionament del centre (NOFC) Projecte ling\u00fc\u00edstic Carta de comprom\u00eds educatiu Justificant de faltes d&#8217;assist\u00e8ncia Criteris d&#8217;avaluaci\u00f3 dels departaments Projecte de conviv\u00e8ncia Pla d&#8217;obertura de centre 2021-2022<\/p>\n","protected":false},"author":1,"featured_media":0,"parent":0,"menu_order":0,"comment_status":"closed","ping_status":"closed","template":"page-templates\/side-menu.php","meta":{"_bbp_topic_count":0,"_bbp_reply_count":0,"_bbp_total_topic_count":0,"_bbp_total_reply_count":0,"_bbp_voice_count":0,"_bbp_anonymous_reply_count":0,"_bbp_topic_count_hidden":0,"_bbp_reply_count_hidden":0,"_bbp_forum_subforum_count":0,"site-sidebar-layout":"default","site-content-layout":"","ast-site-content-layout":"","site-content-style":"default","site-sidebar-style":"default","ast-global-header-display":"","ast-banner-title-visibility":"","ast-main-header-display":"","ast-hfb-above-header-display":"","ast-hfb-below-header-display":"","ast-hfb-mobile-header-display":"","site-post-title":"","ast-breadcrumbs-content":"","ast-featured-img":"","footer-sml-layout":"","theme-transparent-header-meta":"","adv-header-id-meta":"","stick-header-meta":"","header-above-stick-meta":"","header-main-stick-meta":"","header-below-stick-meta":"","astra-migrate-meta-layouts":"default","ast-page-background-enabled":"default","ast-page-background-meta":{"desktop":{"background-color":"var(--ast-global-color-4)","background-image":"","background-repeat":"repeat","background-position":"center center","background-size":"auto","background-attachment":"scroll","background-type":"","background-media":"","overlay-type":"","overlay-color":"","overlay-opacity":"","overlay-gradient":""},"tablet":{"background-color":"","background-image":"","background-repeat":"repeat","background-position":"center center","background-size":"auto","background-attachment":"scroll","background-type":"","background-media":"","overlay-type":"","overlay-color":"","overlay-opacity":"","overlay-gradient":""},"mobile":{"background-color":"","background-image":"","background-repeat":"repeat","background-position":"center center","background-size":"auto","background-attachment":"scroll","background-type":"","background-media":"","overlay-type":"","overlay-color":"","overlay-opacity":"","overlay-gradient":""}},"ast-content-background-meta":{"desktop":{"background-color":"var(--ast-global-color-5)","background-image":"","background-repeat":"repeat","background-position":"center center","background-size":"auto","background-attachment":"scroll","background-type":"","background-media":"","overlay-type":"","overlay-color":"","overlay-opacity":"","overlay-gradient":""},"tablet":{"background-color":"var(--ast-global-color-5)","background-image":"","background-repeat":"repeat","background-position":"center center","background-size":"auto","background-attachment":"scroll","background-type":"","background-media":"","overlay-type":"","overlay-color":"","overlay-opacity":"","overlay-gradient":""},"mobile":{"background-color":"var(--ast-global-color-5)","background-image":"","background-repeat":"repeat","background-position":"center center","background-size":"auto","background-attachment":"scroll","background-type":"","background-media":"","overlay-type":"","overlay-color":"","overlay-opacity":"","overlay-gradient":""}},"footnotes":""},"class_list":["post-1266","page","type-page","status-publish","hentry"],"post_mailing_queue_ids":[],"_links":{"self":[{"href":"https:\/\/agora.xtec.cat\/instorrasibages\/wp-json\/wp\/v2\/pages\/1266","targetHints":{"allow":["GET"]}}],"collection":[{"href":"https:\/\/agora.xtec.cat\/instorrasibages\/wp-json\/wp\/v2\/pages"}],"about":[{"href":"https:\/\/agora.xtec.cat\/instorrasibages\/wp-json\/wp\/v2\/types\/page"}],"author":[{"embeddable":true,"href":"https:\/\/agora.xtec.cat\/instorrasibages\/wp-json\/wp\/v2\/users\/1"}],"replies":[{"embeddable":true,"href":"https:\/\/agora.xtec.cat\/instorrasibages\/wp-json\/wp\/v2\/comments?post=1266"}],"version-history":[{"count":4,"href":"https:\/\/agora.xtec.cat\/instorrasibages\/wp-json\/wp\/v2\/pages\/1266\/revisions"}],"predecessor-version":[{"id":4817,"href":"https:\/\/agora.xtec.cat\/instorrasibages\/wp-json\/wp\/v2\/pages\/1266\/revisions\/4817"}],"wp:attachment":[{"href":"https:\/\/agora.xtec.cat\/instorrasibages\/wp-json\/wp\/v2\/media?parent=1266"}],"curies":[{"name":"wp","href":"https:\/\/api.w.org\/{rel}","templated":true}]}}