{"id":1058,"date":"2018-11-14T11:34:09","date_gmt":"2018-11-14T10:34:09","guid":{"rendered":"http:\/\/agora.xtec.cat\/instorrasibages\/?page_id=1058"},"modified":"2024-03-07T09:44:58","modified_gmt":"2024-03-07T08:44:58","slug":"sortides","status":"publish","type":"page","link":"https:\/\/agora.xtec.cat\/instorrasibages\/estudis-activitats\/sortides\/","title":{"rendered":"Sortides"},"content":{"rendered":"<p style=\"text-align: justify;\">Enguany hem lliurat una autoritzaci\u00f3 d\u2019inici de curs en la qual, a cada nivell, les fam\u00edlies donen el consentiment per a l\u2019assist\u00e8ncia a les sortides previstes i aprovades en el Consell escolar del passat 15 d\u2019octubre. Algunes sortides no tenen data confirmada, per\u00f2 l\u2019autoritzaci\u00f3 ser\u00e0 v\u00e0lida. Quan el professorat que organitza les sortides entregui algun document amb dades m\u00e9s concretes de les sortides, el podran consultar al calendari de l&#8217;institut, que poden veure clicant a la icona &#8220;agenda&#8221; a la part dreta de la cap\u00e7alera d&#8217;aquesta p\u00e0gina web.<\/p>\n<p style=\"text-align: justify;\">A m\u00e9s, en el cas que no es pugui assistir a alguna d\u2019aquestes sortides, tampoc no hi ha problema: ser\u00e0 el professorat que les organitza qui en controli els participants.<\/p>\n<p>Poden consultar les sortides i esdeveniments del centre al <strong><a href=\"https:\/\/agora.xtec.cat\/instorrasibages\/calendar\/calendari2018-2019\/\">calendari<\/a><\/strong>.<\/p>\n","protected":false},"excerpt":{"rendered":"<p>Enguany hem lliurat una autoritzaci\u00f3 d\u2019inici de curs en la qual, a cada nivell, les fam\u00edlies donen el consentiment per a l\u2019assist\u00e8ncia a les sortides previstes i aprovades en el Consell escolar del passat 15 d\u2019octubre. Algunes sortides no tenen data confirmada, per\u00f2 l\u2019autoritzaci\u00f3 ser\u00e0 v\u00e0lida. Quan el professorat que organitza les sortides entregui algun [&hellip;]<\/p>\n","protected":false},"author":1,"featured_media":0,"parent":3024,"menu_order":0,"comment_status":"closed","ping_status":"closed","template":"page-templates\/side-menu.php","meta":{"_bbp_topic_count":0,"_bbp_reply_count":0,"_bbp_total_topic_count":0,"_bbp_total_reply_count":0,"_bbp_voice_count":0,"_bbp_anonymous_reply_count":0,"_bbp_topic_count_hidden":0,"_bbp_reply_count_hidden":0,"_bbp_forum_subforum_count":0,"site-sidebar-layout":"default","site-content-layout":"","ast-site-content-layout":"","site-content-style":"default","site-sidebar-style":"default","ast-global-header-display":"","ast-banner-title-visibility":"","ast-main-header-display":"","ast-hfb-above-header-display":"","ast-hfb-below-header-display":"","ast-hfb-mobile-header-display":"","site-post-title":"","ast-breadcrumbs-content":"","ast-featured-img":"","footer-sml-layout":"","theme-transparent-header-meta":"","adv-header-id-meta":"","stick-header-meta":"","header-above-stick-meta":"","header-main-stick-meta":"","header-below-stick-meta":"","astra-migrate-meta-layouts":"default","ast-page-background-enabled":"default","ast-page-background-meta":{"desktop":{"background-color":"var(--ast-global-color-4)","background-image":"","background-repeat":"repeat","background-position":"center center","background-size":"auto","background-attachment":"scroll","background-type":"","background-media":"","overlay-type":"","overlay-color":"","overlay-opacity":"","overlay-gradient":""},"tablet":{"background-color":"","background-image":"","background-repeat":"repeat","background-position":"center center","background-size":"auto","background-attachment":"scroll","background-type":"","background-media":"","overlay-type":"","overlay-color":"","overlay-opacity":"","overlay-gradient":""},"mobile":{"background-color":"","background-image":"","background-repeat":"repeat","background-position":"center center","background-size":"auto","background-attachment":"scroll","background-type":"","background-media":"","overlay-type":"","overlay-color":"","overlay-opacity":"","overlay-gradient":""}},"ast-content-background-meta":{"desktop":{"background-color":"var(--ast-global-color-5)","background-image":"","background-repeat":"repeat","background-position":"center center","background-size":"auto","background-attachment":"scroll","background-type":"","background-media":"","overlay-type":"","overlay-color":"","overlay-opacity":"","overlay-gradient":""},"tablet":{"background-color":"var(--ast-global-color-5)","background-image":"","background-repeat":"repeat","background-position":"center center","background-size":"auto","background-attachment":"scroll","background-type":"","background-media":"","overlay-type":"","overlay-color":"","overlay-opacity":"","overlay-gradient":""},"mobile":{"background-color":"var(--ast-global-color-5)","background-image":"","background-repeat":"repeat","background-position":"center center","background-size":"auto","background-attachment":"scroll","background-type":"","background-media":"","overlay-type":"","overlay-color":"","overlay-opacity":"","overlay-gradient":""}},"footnotes":""},"class_list":["post-1058","page","type-page","status-publish","hentry"],"post_mailing_queue_ids":[],"_links":{"self":[{"href":"https:\/\/agora.xtec.cat\/instorrasibages\/wp-json\/wp\/v2\/pages\/1058","targetHints":{"allow":["GET"]}}],"collection":[{"href":"https:\/\/agora.xtec.cat\/instorrasibages\/wp-json\/wp\/v2\/pages"}],"about":[{"href":"https:\/\/agora.xtec.cat\/instorrasibages\/wp-json\/wp\/v2\/types\/page"}],"author":[{"embeddable":true,"href":"https:\/\/agora.xtec.cat\/instorrasibages\/wp-json\/wp\/v2\/users\/1"}],"replies":[{"embeddable":true,"href":"https:\/\/agora.xtec.cat\/instorrasibages\/wp-json\/wp\/v2\/comments?post=1058"}],"version-history":[{"count":5,"href":"https:\/\/agora.xtec.cat\/instorrasibages\/wp-json\/wp\/v2\/pages\/1058\/revisions"}],"predecessor-version":[{"id":4443,"href":"https:\/\/agora.xtec.cat\/instorrasibages\/wp-json\/wp\/v2\/pages\/1058\/revisions\/4443"}],"up":[{"embeddable":true,"href":"https:\/\/agora.xtec.cat\/instorrasibages\/wp-json\/wp\/v2\/pages\/3024"}],"wp:attachment":[{"href":"https:\/\/agora.xtec.cat\/instorrasibages\/wp-json\/wp\/v2\/media?parent=1058"}],"curies":[{"name":"wp","href":"https:\/\/api.w.org\/{rel}","templated":true}]}}