{"id":302,"date":"2015-10-26T13:18:56","date_gmt":"2015-10-26T12:18:56","guid":{"rendered":"https:\/\/agora.xtec.cat\/institutsants\/?page_id=302"},"modified":"2023-04-25T12:15:25","modified_gmt":"2023-04-25T10:15:25","slug":"departaments","status":"publish","type":"page","link":"https:\/\/agora.xtec.cat\/institutsants\/projecte-educatiu\/departaments\/","title":{"rendered":"Departaments"},"content":{"rendered":"<p><!-- Google tag (gtag.js) --><a href=\"https:\/\/agora.xtec.cat\/institutsants\/wp-content\/uploads\/usu118\/2023\/04\/depart.jpg\"><img loading=\"lazy\" decoding=\"async\" class=\"size-full wp-image-21925 aligncenter\" src=\"https:\/\/agora.xtec.cat\/institutsants\/wp-content\/uploads\/usu118\/2023\/04\/depart.jpg\" alt=\"Departaments\" width=\"600\" height=\"338\" srcset=\"https:\/\/agora.xtec.cat\/institutsants\/wp-content\/uploads\/usu118\/2023\/04\/depart.jpg 600w, https:\/\/agora.xtec.cat\/institutsants\/wp-content\/uploads\/usu118\/2023\/04\/depart-300x169.jpg 300w\" sizes=\"auto, (max-width: 600px) 100vw, 600px\" \/><\/a><br \/>\n<script async src=\"https:\/\/www.googletagmanager.com\/gtag\/js?id=G-0FVEBCZ89K\"><\/script><br \/>\n<script>\n  window.dataLayer = window.dataLayer || [];\n  function gtag(){dataLayer.push(arguments);}\n  gtag('js', new Date());<\/p>\n<p>  gtag('config', 'G-0FVEBCZ89K');<\/p>\n<p><\/script><br \/>\nEls departaments did\u00e0ctics en un institut tenen la funci\u00f3 principal de coordinar i organitzar l&#8217;ensenyament i l&#8217;aprenentatge en les diferents \u00e0rees curriculars. Aquests departaments estan formats pels professors de cada mat\u00e8ria (matem\u00e0tiques, catal\u00e0, &#8230;) i tenen com a objectiu millorar la qualitat de l&#8217;ensenyament i l&#8217;aprenentatge dels estudiants.<\/p>\n<p>Entre les funcions espec\u00edfiques dels departaments did\u00e0ctics es troben:<\/p>\n<ol>\n<li>Planificar el curr\u00edculum i els programes d&#8217;ensenyament de cada mat\u00e8ria.<\/li>\n<li>Coordinar l&#8217;elaboraci\u00f3 i aplicaci\u00f3 de les avaluacions i ex\u00e0mens.<\/li>\n<li>Establir objectius i criteris d&#8217;avaluaci\u00f3 per a cada curs.<\/li>\n<li>Organitzar activitats i recursos per millorar l&#8217;ensenyament i l&#8217;aprenentatge.<\/li>\n<li>Facilitar l&#8217;intercanvi d&#8217;idees i bones pr\u00e0ctiques entre els professors de la mateixa \u00e0rea curricular.<\/li>\n<li>Avaluar i actualitzar peri\u00f2dicament els materials i recursos did\u00e0ctics utilitzats en cada \u00e0rea.<\/li>\n<li>Establir criteris i protocols per al seguiment i atenci\u00f3 a la diversitat de l&#8217;alumnat.<\/li>\n<li>Coordinar la implementaci\u00f3 de programes i projectes espec\u00edfics en l&#8217;\u00e0rea.<\/li>\n<\/ol>\n<p>\u00c9s per tot aix\u00f2 que els departaments did\u00e0ctics s\u00f3n un element clau en l&#8217;organitzaci\u00f3 i millora de l&#8217;ensenyament i l&#8217;aprenentatge en un institut, ja que permeten una planificaci\u00f3 i coordinaci\u00f3 efica\u00e7 dels continguts i recursos did\u00e0ctics de cada \u00e0rea curricular.<\/p>\n","protected":false},"excerpt":{"rendered":"<p><a href=\"https:\/\/agora.xtec.cat\/institutsants\/wp-content\/uploads\/usu118\/2023\/04\/depart.jpg\"><\/a><\/p>\n<p>Els departaments did\u00e0ctics en un institut tenen la funci\u00f3 principal de coordinar i organitzar l&#8217;ensenyament i l&#8217;aprenentatge en les diferents \u00e0rees curriculars. Aquests departaments estan formats pels professors de cada mat\u00e8ria (matem\u00e0tiques, catal\u00e0, &#8230;) i tenen com a objectiu millorar la qualitat de l&#8217;ensenyament&hellip;  <a href=\"https:\/\/agora.xtec.cat\/institutsants\/projecte-educatiu\/departaments\/\" title=\"Read Departaments\">Llegeix m\u00e9s\u00bb<\/a><\/p>\n","protected":false},"author":5,"featured_media":0,"parent":57,"menu_order":0,"comment_status":"closed","ping_status":"closed","template":"","meta":{"_bbp_topic_count":0,"_bbp_reply_count":0,"_bbp_total_topic_count":0,"_bbp_total_reply_count":0,"_bbp_voice_count":0,"_bbp_anonymous_reply_count":0,"_bbp_topic_count_hidden":0,"_bbp_reply_count_hidden":0,"_bbp_forum_subforum_count":0,"footnotes":""},"class_list":["post-302","page","type-page","status-publish","hentry"],"post_mailing_queue_ids":[],"_links":{"self":[{"href":"https:\/\/agora.xtec.cat\/institutsants\/wp-json\/wp\/v2\/pages\/302","targetHints":{"allow":["GET"]}}],"collection":[{"href":"https:\/\/agora.xtec.cat\/institutsants\/wp-json\/wp\/v2\/pages"}],"about":[{"href":"https:\/\/agora.xtec.cat\/institutsants\/wp-json\/wp\/v2\/types\/page"}],"author":[{"embeddable":true,"href":"https:\/\/agora.xtec.cat\/institutsants\/wp-json\/wp\/v2\/users\/5"}],"replies":[{"embeddable":true,"href":"https:\/\/agora.xtec.cat\/institutsants\/wp-json\/wp\/v2\/comments?post=302"}],"version-history":[{"count":4,"href":"https:\/\/agora.xtec.cat\/institutsants\/wp-json\/wp\/v2\/pages\/302\/revisions"}],"predecessor-version":[{"id":21926,"href":"https:\/\/agora.xtec.cat\/institutsants\/wp-json\/wp\/v2\/pages\/302\/revisions\/21926"}],"up":[{"embeddable":true,"href":"https:\/\/agora.xtec.cat\/institutsants\/wp-json\/wp\/v2\/pages\/57"}],"wp:attachment":[{"href":"https:\/\/agora.xtec.cat\/institutsants\/wp-json\/wp\/v2\/media?parent=302"}],"curies":[{"name":"wp","href":"https:\/\/api.w.org\/{rel}","templated":true}]}}