{"id":22095,"date":"2023-06-07T13:04:20","date_gmt":"2023-06-07T11:04:20","guid":{"rendered":"https:\/\/agora.xtec.cat\/institutsants\/?page_id=22095"},"modified":"2023-06-07T13:10:23","modified_gmt":"2023-06-07T11:10:23","slug":"documents-de-consulta","status":"publish","type":"page","link":"https:\/\/agora.xtec.cat\/institutsants\/estrategia-digital-de-centre\/cultura-digital\/documents-de-consulta\/","title":{"rendered":"Documents de consulta"},"content":{"rendered":"<p dir=\"ltr\">DOCUMENTS DE REFER\u00c8NCIA<\/p>\n<table style=\"border-collapse: collapse; width: 100%;\">\n<tbody>\n<tr>\n<td style=\"width: 25%;\"><a href=\"https:\/\/agora.xtec.cat\/institutsants\/wp-content\/uploads\/usu118\/2023\/06\/1.png\"><img loading=\"lazy\" decoding=\"async\" class=\"size-full wp-image-22096 aligncenter\" src=\"https:\/\/agora.xtec.cat\/institutsants\/wp-content\/uploads\/usu118\/2023\/06\/1.png\" alt=\"\" width=\"277\" height=\"277\" srcset=\"https:\/\/agora.xtec.cat\/institutsants\/wp-content\/uploads\/usu118\/2023\/06\/1.png 277w, https:\/\/agora.xtec.cat\/institutsants\/wp-content\/uploads\/usu118\/2023\/06\/1-150x150.png 150w\" sizes=\"auto, (max-width: 277px) 100vw, 277px\" \/><\/a><\/p>\n<p dir=\"ltr\" style=\"text-align: center;\">\n<\/td>\n<td style=\"width: 25%;\"><a href=\"https:\/\/agora.xtec.cat\/institutsants\/wp-content\/uploads\/usu118\/2023\/06\/2.png\"><img loading=\"lazy\" decoding=\"async\" class=\"size-full wp-image-22097 aligncenter\" src=\"https:\/\/agora.xtec.cat\/institutsants\/wp-content\/uploads\/usu118\/2023\/06\/2.png\" alt=\"\" width=\"280\" height=\"281\" srcset=\"https:\/\/agora.xtec.cat\/institutsants\/wp-content\/uploads\/usu118\/2023\/06\/2.png 280w, https:\/\/agora.xtec.cat\/institutsants\/wp-content\/uploads\/usu118\/2023\/06\/2-150x150.png 150w\" sizes=\"auto, (max-width: 280px) 100vw, 280px\" \/><\/a><\/p>\n<p dir=\"ltr\" style=\"text-align: center;\">\n<\/td>\n<td style=\"width: 25%;\"><a href=\"https:\/\/agora.xtec.cat\/institutsants\/wp-content\/uploads\/usu118\/2023\/06\/3.png\"><img loading=\"lazy\" decoding=\"async\" class=\"alignnone size-full wp-image-22098\" src=\"https:\/\/agora.xtec.cat\/institutsants\/wp-content\/uploads\/usu118\/2023\/06\/3.png\" alt=\"\" width=\"276\" height=\"277\" srcset=\"https:\/\/agora.xtec.cat\/institutsants\/wp-content\/uploads\/usu118\/2023\/06\/3.png 276w, https:\/\/agora.xtec.cat\/institutsants\/wp-content\/uploads\/usu118\/2023\/06\/3-150x150.png 150w\" sizes=\"auto, (max-width: 276px) 100vw, 276px\" \/><\/a><\/p>\n<p dir=\"ltr\" style=\"text-align: center;\">\n<\/td>\n<td style=\"width: 25%;\"><a href=\"https:\/\/agora.xtec.cat\/institutsants\/wp-content\/uploads\/usu118\/2023\/06\/4.png\"><img loading=\"lazy\" decoding=\"async\" class=\"alignnone size-full wp-image-22099\" src=\"https:\/\/agora.xtec.cat\/institutsants\/wp-content\/uploads\/usu118\/2023\/06\/4.png\" alt=\"\" width=\"270\" height=\"280\" \/><\/a><\/p>\n<p dir=\"ltr\" style=\"text-align: center;\">\n<\/td>\n<\/tr>\n<tr>\n<td style=\"width: 25%;\">\n<p style=\"text-align: center;\"><a href=\"https:\/\/educacio.gencat.cat\/web\/.content\/home\/departament\/publicacions\/colleccions\/pla-educacio-digital\/pla-educacio-digital-catalunya\/pla-educacio-digital.pdf\">PLA D&#8217;EDUCACI\u00d3 DIGITAL DE CATALUNYA<\/a><\/p>\n<\/td>\n<td style=\"width: 25%;\">\n<p style=\"text-align: center;\"><a href=\"https:\/\/educacio.gencat.cat\/web\/.content\/home\/departament\/publicacions\/colleccions\/pla-educacio-digital\/estrategia-digital-centre\/estrategia-digital-centre.pdf\">ESTRAT\u00c8GIA DIGITAL DE CENTRE<\/a><\/p>\n<\/td>\n<td style=\"width: 25%;\">\n<p style=\"text-align: center;\"><a href=\"https:\/\/educacio.gencat.cat\/web\/.content\/home\/departament\/publicacions\/colleccions\/pla-educacio-digital\/funcions-comissio-estrategia-digital-centre\/funcions-comissio-estrategia-digital-centre.pdf\">FUNCIONS I ORGANITZACI\u00d3 DE LA COMISSI\u00d3 D&#8217;ESTRAT\u00c8GIA DIGITAL<\/a><\/p>\n<\/td>\n<td style=\"width: 25%;\">\n<p style=\"text-align: center;\"><a href=\"https:\/\/educacio.gencat.cat\/web\/.content\/home\/departament\/publicacions\/colleccions\/pla-educacio-digital\/funcions-comissio-estrategia-digital-centre\/funcions-comissio-estrategia-digital-centre.pdf\">ORIENTACIONS PER LA COORDINACI\u00d3 DIGITAL<\/a><\/p>\n<\/td>\n<\/tr>\n<\/tbody>\n<\/table>\n<table style=\"border-collapse: collapse; width: 100%;\">\n<tbody>\n<tr>\n<td style=\"width: 100%; background-color: #f5e9e9;\">\n<p dir=\"ltr\" style=\"text-align: center;\">DOCUMENTS DE CONSULTA &#8211; Compet\u00e8ncia Digital Docent<\/p>\n<\/td>\n<\/tr>\n<\/tbody>\n<\/table>\n<table style=\"border-collapse: collapse; width: 100%;\">\n<tbody>\n<tr>\n<td style=\"width: 33.3333%;\"><a href=\"https:\/\/agora.xtec.cat\/institutsants\/wp-content\/uploads\/usu118\/2023\/06\/5.png\"><img loading=\"lazy\" decoding=\"async\" class=\"alignnone size-full wp-image-22101\" src=\"https:\/\/agora.xtec.cat\/institutsants\/wp-content\/uploads\/usu118\/2023\/06\/5.png\" alt=\"\" width=\"335\" height=\"375\" srcset=\"https:\/\/agora.xtec.cat\/institutsants\/wp-content\/uploads\/usu118\/2023\/06\/5.png 335w, https:\/\/agora.xtec.cat\/institutsants\/wp-content\/uploads\/usu118\/2023\/06\/5-268x300.png 268w\" sizes=\"auto, (max-width: 335px) 100vw, 335px\" \/><\/a><\/td>\n<td style=\"width: 33.3333%;\"><a href=\"https:\/\/agora.xtec.cat\/institutsants\/wp-content\/uploads\/usu118\/2023\/06\/6.png\"><img loading=\"lazy\" decoding=\"async\" class=\"alignnone size-full wp-image-22102\" src=\"https:\/\/agora.xtec.cat\/institutsants\/wp-content\/uploads\/usu118\/2023\/06\/6.png\" alt=\"\" width=\"383\" height=\"384\" srcset=\"https:\/\/agora.xtec.cat\/institutsants\/wp-content\/uploads\/usu118\/2023\/06\/6.png 383w, https:\/\/agora.xtec.cat\/institutsants\/wp-content\/uploads\/usu118\/2023\/06\/6-300x300.png 300w, https:\/\/agora.xtec.cat\/institutsants\/wp-content\/uploads\/usu118\/2023\/06\/6-150x150.png 150w\" sizes=\"auto, (max-width: 383px) 100vw, 383px\" \/><\/a><\/td>\n<td style=\"width: 33.3333%;\"><a href=\"https:\/\/agora.xtec.cat\/institutsants\/wp-content\/uploads\/usu118\/2023\/06\/7.png\"><img loading=\"lazy\" decoding=\"async\" class=\"alignnone size-full wp-image-22103\" src=\"https:\/\/agora.xtec.cat\/institutsants\/wp-content\/uploads\/usu118\/2023\/06\/7.png\" alt=\"\" width=\"348\" height=\"357\" srcset=\"https:\/\/agora.xtec.cat\/institutsants\/wp-content\/uploads\/usu118\/2023\/06\/7.png 348w, https:\/\/agora.xtec.cat\/institutsants\/wp-content\/uploads\/usu118\/2023\/06\/7-292x300.png 292w\" sizes=\"auto, (max-width: 348px) 100vw, 348px\" \/><\/a><\/td>\n<\/tr>\n<tr>\n<td style=\"width: 33.3333%;\">\n<p dir=\"ltr\" style=\"text-align: center;\"><a href=\"https:\/\/educacio.gencat.cat\/web\/.content\/home\/departament\/publicacions\/monografies\/competencia-digital-docent\/competencia-digital-docent.pdf\">Compet\u00e8ncia Digital Docent<\/a><\/p>\n<\/td>\n<td style=\"width: 33.3333%;\">\n<p dir=\"ltr\" style=\"text-align: center;\"><a href=\"https:\/\/projectes.xtec.cat\/edc-suport\/wp-content\/uploads\/usu2435\/2021\/07\/Guia_pla_acollida_digital.pdf\">Pla d&#8217;Acollida Digital<\/a><\/p>\n<p dir=\"ltr\" style=\"text-align: center;\"><a href=\"https:\/\/youtu.be\/tNCbHDz7TDs\">V\u00eddeo explicatiu cultura digital<\/a><\/p>\n<\/td>\n<td style=\"width: 33.3333%;\">\n<p dir=\"ltr\" style=\"text-align: center;\"><a href=\"https:\/\/drive.google.com\/file\/d\/1ZV-u6ndf1Cnrm6A8VcX6I375AWfAxf95\/view\">Preguntes SELFIE<\/a><\/p>\n<\/td>\n<\/tr>\n<\/tbody>\n<\/table>\n","protected":false},"excerpt":{"rendered":"<p>DOCUMENTS DE REFER\u00c8NCIA<\/p>\n<p><a href=\"https:\/\/agora.xtec.cat\/institutsants\/wp-content\/uploads\/usu118\/2023\/06\/1.png\"><\/a><\/p>\n<p><a href=\"https:\/\/agora.xtec.cat\/institutsants\/wp-content\/uploads\/usu118\/2023\/06\/2.png\"><\/a><\/p>\n<p><a href=\"https:\/\/agora.xtec.cat\/institutsants\/wp-content\/uploads\/usu118\/2023\/06\/3.png\"><\/a><\/p>\n<p><a href=\"https:\/\/agora.xtec.cat\/institutsants\/wp-content\/uploads\/usu118\/2023\/06\/4.png\"><\/a><\/p>\n<p><a href=\"https:\/\/educacio.gencat.cat\/web\/.content\/home\/departament\/publicacions\/colleccions\/pla-educacio-digital\/pla-educacio-digital-catalunya\/pla-educacio-digital.pdf\">PLA D&#8217;EDUCACI\u00d3 DIGITAL DE CATALUNYA<\/a><\/p>\n<p><a href=\"https:\/\/educacio.gencat.cat\/web\/.content\/home\/departament\/publicacions\/colleccions\/pla-educacio-digital\/estrategia-digital-centre\/estrategia-digital-centre.pdf\">ESTRAT\u00c8GIA DIGITAL DE CENTRE<\/a><\/p>\n<p><a href=\"https:\/\/educacio.gencat.cat\/web\/.content\/home\/departament\/publicacions\/colleccions\/pla-educacio-digital\/funcions-comissio-estrategia-digital-centre\/funcions-comissio-estrategia-digital-centre.pdf\">FUNCIONS I ORGANITZACI\u00d3 DE LA COMISSI\u00d3 D&#8217;ESTRAT\u00c8GIA DIGITAL<\/a><\/p>\n<p><a href=\"https:\/\/educacio.gencat.cat\/web\/.content\/home\/departament\/publicacions\/colleccions\/pla-educacio-digital\/funcions-comissio-estrategia-digital-centre\/funcions-comissio-estrategia-digital-centre.pdf\">ORIENTACIONS PER LA COORDINACI\u00d3 DIGITAL<\/a><\/p>\n<p>DOCUMENTS DE CONSULTA &#8211; Compet\u00e8ncia Digital Docent<\/p>\n<p><a href=\"https:\/\/agora.xtec.cat\/institutsants\/wp-content\/uploads\/usu118\/2023\/06\/5.png\"><\/a><br \/>\n<a href=\"https:\/\/agora.xtec.cat\/institutsants\/wp-content\/uploads\/usu118\/2023\/06\/6.png\"><\/a><br \/>\n<a href=\"https:\/\/agora.xtec.cat\/institutsants\/wp-content\/uploads\/usu118\/2023\/06\/7.png\"><\/a><\/p>\n<p><a href=\"https:\/\/educacio.gencat.cat\/web\/.content\/home\/departament\/publicacions\/monografies\/competencia-digital-docent\/competencia-digital-docent.pdf\">Compet\u00e8ncia Digital Docent<\/a><\/p>\n<p><a href=\"https:\/\/projectes.xtec.cat\/edc-suport\/wp-content\/uploads\/usu2435\/2021\/07\/Guia_pla_acollida_digital.pdf\">Pla d&#8217;Acollida Digital<\/a><br \/>\n<a href=\"https:\/\/youtu.be\/tNCbHDz7TDs\">V\u00eddeo&hellip;  <a href=\"https:\/\/agora.xtec.cat\/institutsants\/estrategia-digital-de-centre\/cultura-digital\/documents-de-consulta\/\" title=\"Read Documents de consulta\">Llegeix m\u00e9s\u00bb<\/a><\/p>\n","protected":false},"author":5,"featured_media":0,"parent":21501,"menu_order":0,"comment_status":"closed","ping_status":"closed","template":"","meta":{"_bbp_topic_count":0,"_bbp_reply_count":0,"_bbp_total_topic_count":0,"_bbp_total_reply_count":0,"_bbp_voice_count":0,"_bbp_anonymous_reply_count":0,"_bbp_topic_count_hidden":0,"_bbp_reply_count_hidden":0,"_bbp_forum_subforum_count":0,"footnotes":""},"class_list":["post-22095","page","type-page","status-publish","hentry"],"post_mailing_queue_ids":[],"_links":{"self":[{"href":"https:\/\/agora.xtec.cat\/institutsants\/wp-json\/wp\/v2\/pages\/22095","targetHints":{"allow":["GET"]}}],"collection":[{"href":"https:\/\/agora.xtec.cat\/institutsants\/wp-json\/wp\/v2\/pages"}],"about":[{"href":"https:\/\/agora.xtec.cat\/institutsants\/wp-json\/wp\/v2\/types\/page"}],"author":[{"embeddable":true,"href":"https:\/\/agora.xtec.cat\/institutsants\/wp-json\/wp\/v2\/users\/5"}],"replies":[{"embeddable":true,"href":"https:\/\/agora.xtec.cat\/institutsants\/wp-json\/wp\/v2\/comments?post=22095"}],"version-history":[{"count":3,"href":"https:\/\/agora.xtec.cat\/institutsants\/wp-json\/wp\/v2\/pages\/22095\/revisions"}],"predecessor-version":[{"id":22105,"href":"https:\/\/agora.xtec.cat\/institutsants\/wp-json\/wp\/v2\/pages\/22095\/revisions\/22105"}],"up":[{"embeddable":true,"href":"https:\/\/agora.xtec.cat\/institutsants\/wp-json\/wp\/v2\/pages\/21501"}],"wp:attachment":[{"href":"https:\/\/agora.xtec.cat\/institutsants\/wp-json\/wp\/v2\/media?parent=22095"}],"curies":[{"name":"wp","href":"https:\/\/api.w.org\/{rel}","templated":true}]}}