{"id":46,"date":"2014-09-17T16:53:45","date_gmt":"2014-09-17T16:53:45","guid":{"rendered":"http:\/\/agora.xtec.cat\/institutsantpol\/\/?page_id=46"},"modified":"2024-09-26T12:26:04","modified_gmt":"2024-09-26T10:26:04","slug":"organigrama","status":"publish","type":"page","link":"https:\/\/agora.xtec.cat\/institutsantpol\/institut\/organigrama\/","title":{"rendered":"Organigrama"},"content":{"rendered":"<p><a href=\"https:\/\/agora.xtec.cat\/institutsantpol\/wp-content\/uploads\/usu293\/2024\/09\/Organigrama-INS-SANT-POL-2425-1.png\" target=\"_blank\" rel=\"noopener\"><img loading=\"lazy\" decoding=\"async\" class=\"alignleft size-full wp-image-20529\" src=\"https:\/\/agora.xtec.cat\/institutsantpol\/wp-content\/uploads\/usu293\/2024\/09\/Organigrama-INS-SANT-POL-2425-1.png\" alt=\"\" width=\"1234\" height=\"932\" srcset=\"https:\/\/agora.xtec.cat\/institutsantpol\/wp-content\/uploads\/usu293\/2024\/09\/Organigrama-INS-SANT-POL-2425-1.png 1234w, https:\/\/agora.xtec.cat\/institutsantpol\/wp-content\/uploads\/usu293\/2024\/09\/Organigrama-INS-SANT-POL-2425-1-300x227.png 300w, https:\/\/agora.xtec.cat\/institutsantpol\/wp-content\/uploads\/usu293\/2024\/09\/Organigrama-INS-SANT-POL-2425-1-1024x773.png 1024w, https:\/\/agora.xtec.cat\/institutsantpol\/wp-content\/uploads\/usu293\/2024\/09\/Organigrama-INS-SANT-POL-2425-1-768x580.png 768w, https:\/\/agora.xtec.cat\/institutsantpol\/wp-content\/uploads\/usu293\/2024\/09\/Organigrama-INS-SANT-POL-2425-1-200x150.png 200w\" sizes=\"auto, (max-width: 1234px) 100vw, 1234px\" \/><\/a><\/p>\n<p><strong>Director<br \/>\n<\/strong><a href=\"https:\/\/drive.google.com\/file\/d\/0ByNbIu2aBwGVZktuOFRVX3dienlaNV85cUFDRzhTeklnaW8w\/view?usp=sharing\">ENRIC ABADAL<\/a><br \/>\n<a href=\"mailto:enric.abadal@institutsantpol.cat\" target=\"_blank\" rel=\"noopener noreferrer\">enric.abadal@institutsantpol.cat<\/a><\/p>\n<p><strong>Cap d&#8217;estudis<br \/>\n<\/strong><a href=\"https:\/\/drive.google.com\/file\/d\/1WCTdk2JOVlEyGGqGF5O3wAGf1bj3xgwX\/view?usp=sharing\" target=\"_blank\" rel=\"noopener noreferrer\">B\u00c0RBARA ROVIRA<\/a><br \/>\n<a href=\"mailto:barbara.rovira@institutsantpol.cat\">barbara.rovira@institutsantpol.cat<\/a><\/p>\n<p><strong>Coordinadora Pedag\u00f2gica<\/strong><br \/>\nROSER SOL\u00c9<br \/>\n<a href=\"mailto:roser.sole@institutsantpol.cat\">roser.sole@institutsantpol.cat<\/a><\/p>\n<p><strong>Secret\u00e0ria\u00a0<\/strong><br \/>\n<a href=\"https:\/\/drive.google.com\/file\/d\/1GANkCuLGuXQKXkIEHrBkjX5J1-bMxqio\/view?usp=sharing\" target=\"_blank\" rel=\"noopener noreferrer\">LU BANT\u00cd<\/a><br \/>\n<a href=\"mailto:lu.banti@institutsantpol.cat\">lu.banti@institutsantpol.cat<\/a><\/p>\n<p><strong>Caps d&#8217;\u00e0mbit<\/strong><br \/>\nAnna Armengol (\u00c0mbit Cient\u00edfic-Tecnol\u00f2gic)<br \/>\n<a href=\"mailto:anna.armengol@institutsantpol.cat\" target=\"_blank\" rel=\"noopener\">anna.armengol@institutsantpol.cat<\/a><\/p>\n<p>Adri\u00e0 Santacreu (\u00c0mbit Matem\u00e0tic)<br \/>\n<a href=\"mailto:adria.santacreu@institutsantpol.cat\">adria.santacreu@institutsantpol.cat<\/a><\/p>\n<p>Pau Arona (\u00e0mbit art\u00edstic)<br \/>\n<a href=\"mailto:pau.arona@institutsantpol.cat\">pau.arona@institutsantpol.cat<\/a><\/p>\n<p>Esther Fabrellas (\u00c0mbit ling\u00fc\u00edstic)<br \/>\n<a href=\"mailto:esther.fabrellas@institutsantpol.cat\">esther.fabrellas@institutsantpol.cat<\/a><\/p>\n<p>\u00c0ngela Puche (\u00c0mbit lleng\u00fces estrangeres)<br \/>\n<a href=\"mailto:esther.fabrellas@institutsantpol.cat\">angela.puche@institutsantpol.ca<\/a><\/p>\n<p><strong>Coordinadors ESO i BAT<\/strong><br \/>\nRoser Sol\u00e9 (1 ESO)<br \/>\n<a href=\"mailto:roser.sole@institutsantpol.cat\">roser.sole@institutsantpol.cat<\/a><\/p>\n<p>N\u00faria Raurell (2 ESO)<br \/>\n<a href=\"mailto:nuria.raurell@institutsantpol.cat\">nuria.raurell@institutsantpol.cat<\/a><\/p>\n<p>Lorena Andrades (3 ESO)<br \/>\n<a href=\"mailto:neus.casajuana@institutsantpol.cat\" target=\"_blank\" rel=\"noopener\">lorena.andrades@institutsantpol.cat<\/a><\/p>\n<p>Eva S\u00e1nchez (4 ESO)<br \/>\n<a href=\"mailto:eva.sanchez@institutsantpol.cat\">eva.sanchez@institutsantpol.cat<\/a><\/p>\n<p>Estel Mart\u00ed (Batxillerat)<br \/>\n<a href=\"estel.marti@institutsantpol.cat\" target=\"_blank\" rel=\"noopener\">estel.marti@institutsantpol.cat<\/a><\/p>\n<p><strong>Coordinador COCOBE, Coeducaci\u00f3, Conviv\u00e8ncia i Benestar Emocional<\/strong><br \/>\nIvan de Fez<br \/>\n<a href=\"mailto:iva.defez@institutsantpol.cat\">iva.defez@institutsantpol.cat<\/a><\/p>\n<p><strong>Coordinadora Riscos<br \/>\n<\/strong>Laura L\u00f3pez<br \/>\n<a href=\"mailto:laura.lopez@institutsantpol.cat\">laura.lopez@institutsantpol.cat<\/a><\/p>\n<p><strong>Coordinadora Servei comunitari<\/strong><br \/>\nTamara Gonz\u00e1lez<br \/>\n<a href=\"mailto:tamara.gonzalez@institutsantpol.cat\">tamara.gonzalez<span class=\"\">@institutsantpol.ca<\/span>t<\/a><\/p>\n<p><strong>Coordinaci\u00f3 LIC<\/strong><br \/>\nRosa Aragay<br \/>\n<a href=\"mailto:rosa.aragay@institutsantpol.cat\" target=\"_blank\" rel=\"noopener noreferrer\">rosa.aragay@institutsantpol.cat@institutsantpol.cat<\/a><\/p>\n<p><strong>Coordinador TAC<\/strong><br \/>\nAlberto S\u00e1nchez<br \/>\n<a href=\"mailto:alberto.sanchez@institutsantpol.cat\">alberto.sanchez@institutsantpol.cat<\/a><\/p>\n<p><strong>Comunicaci\u00f3 + EDC<\/strong><br \/>\nAnna Armengol<br \/>\n<a href=\"mailto:anna.armengol@institutsantpol.cat\">anna.armengol@institutsantpol.cat@institutsantpol.cat<\/a><\/p>\n<p><strong>Coordinador Additio + EDC<\/strong><br \/>\nDavid Esquinas<br \/>\n<a href=\"david.esquinas@institutsantpol.cat\">david.esquinas<span class=\"\"><span class=\"\">@institutsantpol.cat<\/span><\/span><\/a><\/p>\n<p><strong>Responsable material + esdeveniments<\/strong><br \/>\nYasmina Garcia<br \/>\n<a href=\"mailto:yasmina.garcia@institutsantpol.cat\">yasmina.garcia@institutsantpol.cat<\/a><\/p>\n<p><strong>Coordinaci\u00f3 de Sortides<\/strong><br \/>\nLaura Chac\u00f3n<br \/>\n<a href=\"mailto:laura.chacon@institutsantpol.cat\">laura.chacon@institutsantpol.cat<\/a><\/p>\n","protected":false},"excerpt":{"rendered":"<p><a href=\"https:\/\/agora.xtec.cat\/institutsantpol\/wp-content\/uploads\/usu293\/2024\/09\/Organigrama-INS-SANT-POL-2425-1.png\" target=\"_blank\" rel=\"noopener\"><\/a><br \/>\nDirector<br \/>\n<a href=\"https:\/\/drive.google.com\/file\/d\/0ByNbIu2aBwGVZktuOFRVX3dienlaNV85cUFDRzhTeklnaW8w\/view?usp=sharing\">ENRIC ABADAL<\/a><br \/>\n<a href=\"mailto:enric.abadal@institutsantpol.cat\" target=\"_blank\" rel=\"noopener noreferrer\">enric.abadal@institutsantpol.cat<\/a><br \/>\nCap d&#8217;estudis<br \/>\n<a href=\"https:\/\/drive.google.com\/file\/d\/1WCTdk2JOVlEyGGqGF5O3wAGf1bj3xgwX\/view?usp=sharing\" target=\"_blank\" rel=\"noopener noreferrer\">B\u00c0RBARA ROVIRA<\/a><br \/>\n<a href=\"mailto:barbara.rovira@institutsantpol.cat\">barbara.rovira@institutsantpol.cat<\/a><br \/>\nCoordinadora Pedag\u00f2gica<br \/>\nROSER SOL\u00c9<br \/>\n<a href=\"mailto:roser.sole@institutsantpol.cat\">roser.sole@institutsantpol.cat<\/a><br \/>\nSecret\u00e0ria\u00a0<br \/>\n<a href=\"https:\/\/drive.google.com\/file\/d\/1GANkCuLGuXQKXkIEHrBkjX5J1-bMxqio\/view?usp=sharing\" target=\"_blank\" rel=\"noopener noreferrer\">LU BANT\u00cd<\/a><br \/>\n<a href=\"mailto:lu.banti@institutsantpol.cat\">lu.banti@institutsantpol.cat<\/a><br \/>\nCaps d&#8217;\u00e0mbit<br \/>\nAnna Armengol (\u00c0mbit Cient\u00edfic-Tecnol\u00f2gic)<br \/>\n<a href=\"mailto:anna.armengol@institutsantpol.cat\" target=\"_blank\" rel=\"noopener\">anna.armengol@institutsantpol.cat<\/a><br \/>\nAdri\u00e0 Santacreu (\u00c0mbit Matem\u00e0tic)<br \/>\n<a href=\"mailto:adria.santacreu@institutsantpol.cat\">adria.santacreu@institutsantpol.cat<\/a><br \/>\nPau Arona (\u00e0mbit art\u00edstic)<br \/>\n<a href=\"mailto:pau.arona@institutsantpol.cat\">pau.arona@institutsantpol.cat<\/a><br \/>\nEsther Fabrellas (\u00c0mbit ling\u00fc\u00edstic)<br \/>\n<a href=\"mailto:esther.fabrellas@institutsantpol.cat\">esther.fabrellas@institutsantpol.cat<\/a><br \/>\n\u00c0ngela&hellip;  <a href=\"https:\/\/agora.xtec.cat\/institutsantpol\/institut\/organigrama\/\" title=\"Read Organigrama\">Llegeix m\u00e9s\u00bb<\/a><\/p>\n","protected":false},"author":1,"featured_media":0,"parent":19,"menu_order":50,"comment_status":"closed","ping_status":"closed","template":"page-templates\/side-menu.php","meta":{"_bbp_topic_count":0,"_bbp_reply_count":0,"_bbp_total_topic_count":0,"_bbp_total_reply_count":0,"_bbp_voice_count":0,"_bbp_anonymous_reply_count":0,"_bbp_topic_count_hidden":0,"_bbp_reply_count_hidden":0,"_bbp_forum_subforum_count":0,"footnotes":""},"class_list":["post-46","page","type-page","status-publish","hentry"],"post_mailing_queue_ids":[],"_links":{"self":[{"href":"https:\/\/agora.xtec.cat\/institutsantpol\/wp-json\/wp\/v2\/pages\/46","targetHints":{"allow":["GET"]}}],"collection":[{"href":"https:\/\/agora.xtec.cat\/institutsantpol\/wp-json\/wp\/v2\/pages"}],"about":[{"href":"https:\/\/agora.xtec.cat\/institutsantpol\/wp-json\/wp\/v2\/types\/page"}],"author":[{"embeddable":true,"href":"https:\/\/agora.xtec.cat\/institutsantpol\/wp-json\/wp\/v2\/users\/1"}],"replies":[{"embeddable":true,"href":"https:\/\/agora.xtec.cat\/institutsantpol\/wp-json\/wp\/v2\/comments?post=46"}],"version-history":[{"count":7,"href":"https:\/\/agora.xtec.cat\/institutsantpol\/wp-json\/wp\/v2\/pages\/46\/revisions"}],"predecessor-version":[{"id":20530,"href":"https:\/\/agora.xtec.cat\/institutsantpol\/wp-json\/wp\/v2\/pages\/46\/revisions\/20530"}],"up":[{"embeddable":true,"href":"https:\/\/agora.xtec.cat\/institutsantpol\/wp-json\/wp\/v2\/pages\/19"}],"wp:attachment":[{"href":"https:\/\/agora.xtec.cat\/institutsantpol\/wp-json\/wp\/v2\/media?parent=46"}],"curies":[{"name":"wp","href":"https:\/\/api.w.org\/{rel}","templated":true}]}}