{"id":3065,"date":"2024-07-12T14:30:39","date_gmt":"2024-07-12T12:30:39","guid":{"rendered":"https:\/\/agora.xtec.cat\/institutraspall\/?page_id=3065"},"modified":"2024-07-24T00:57:05","modified_gmt":"2024-07-23T22:57:05","slug":"oferta-educativa","status":"publish","type":"page","link":"https:\/\/agora.xtec.cat\/institutraspall\/oferta-educativa\/","title":{"rendered":"Oferta educativa"},"content":{"rendered":"<p>La nostra oferta formativa \u00e9s:<\/p>\n<ul>\n<li>Educaci\u00f3 Secund\u00e0ria Obligat\u00f2ria<\/li>\n<li><span style=\"font-family: inherit; font-size: 1em;\">Batxillerat &#8211; Modalitats:<\/span>\n<ul style=\"list-style-type: disc;\">\n<li><span style=\"font-family: inherit; font-size: 1em;\">Ci\u00e8ncies i tecnologia<\/span><\/li>\n<li><span style=\"font-family: inherit; font-size: 1em;\"> Humanitats i ci\u00e8ncies socials<\/span><\/li>\n<\/ul>\n<\/li>\n<li>Batxibac<\/li>\n<\/ul>\n<p>Dins del curr\u00edculum de batxillerat oferim la possibilitat de fer el cr\u00e8dit d\u2019Estada a l\u2019empresa amb pr\u00e0ctiques a empreses de la comarca.<\/p>\n<p>Hi ha la possibilitat d\u2019ampliar l\u2019oferta formativa del batxillerat cursant alguna mat\u00e8ria on-line a l\u2019IOC (Institut Obert de Catalunya).<\/p>\n<p>&nbsp;<\/p>\n","protected":false},"excerpt":{"rendered":"<p>La nostra oferta formativa \u00e9s: Educaci\u00f3 Secund\u00e0ria Obligat\u00f2ria Batxillerat &#8211; Modalitats: Ci\u00e8ncies i tecnologia Humanitats i ci\u00e8ncies socials Batxibac Dins del curr\u00edculum de batxillerat oferim la possibilitat de fer el cr\u00e8dit d\u2019Estada a l\u2019empresa amb pr\u00e0ctiques a empreses de la comarca. Hi ha la possibilitat d\u2019ampliar l\u2019oferta formativa del batxillerat cursant alguna mat\u00e8ria on-line a [&hellip;]<\/p>\n","protected":false},"author":1,"featured_media":0,"parent":0,"menu_order":20,"comment_status":"closed","ping_status":"closed","template":"page-templates\/side-menu.php","meta":{"_bbp_topic_count":0,"_bbp_reply_count":0,"_bbp_total_topic_count":0,"_bbp_total_reply_count":0,"_bbp_voice_count":0,"_bbp_anonymous_reply_count":0,"_bbp_topic_count_hidden":0,"_bbp_reply_count_hidden":0,"_bbp_forum_subforum_count":0,"site-sidebar-layout":"default","site-content-layout":"","ast-site-content-layout":"","site-content-style":"default","site-sidebar-style":"default","ast-global-header-display":"","ast-banner-title-visibility":"","ast-main-header-display":"","ast-hfb-above-header-display":"","ast-hfb-below-header-display":"","ast-hfb-mobile-header-display":"","site-post-title":"","ast-breadcrumbs-content":"","ast-featured-img":"","footer-sml-layout":"","theme-transparent-header-meta":"","adv-header-id-meta":"","stick-header-meta":"","header-above-stick-meta":"","header-main-stick-meta":"","header-below-stick-meta":"","astra-migrate-meta-layouts":"default","ast-page-background-enabled":"default","ast-page-background-meta":{"desktop":{"background-color":"var(--ast-global-color-4)","background-image":"","background-repeat":"repeat","background-position":"center center","background-size":"auto","background-attachment":"scroll","background-type":"","background-media":"","overlay-type":"","overlay-color":"","overlay-opacity":"","overlay-gradient":""},"tablet":{"background-color":"","background-image":"","background-repeat":"repeat","background-position":"center center","background-size":"auto","background-attachment":"scroll","background-type":"","background-media":"","overlay-type":"","overlay-color":"","overlay-opacity":"","overlay-gradient":""},"mobile":{"background-color":"","background-image":"","background-repeat":"repeat","background-position":"center center","background-size":"auto","background-attachment":"scroll","background-type":"","background-media":"","overlay-type":"","overlay-color":"","overlay-opacity":"","overlay-gradient":""}},"ast-content-background-meta":{"desktop":{"background-color":"var(--ast-global-color-5)","background-image":"","background-repeat":"repeat","background-position":"center center","background-size":"auto","background-attachment":"scroll","background-type":"","background-media":"","overlay-type":"","overlay-color":"","overlay-opacity":"","overlay-gradient":""},"tablet":{"background-color":"var(--ast-global-color-5)","background-image":"","background-repeat":"repeat","background-position":"center center","background-size":"auto","background-attachment":"scroll","background-type":"","background-media":"","overlay-type":"","overlay-color":"","overlay-opacity":"","overlay-gradient":""},"mobile":{"background-color":"var(--ast-global-color-5)","background-image":"","background-repeat":"repeat","background-position":"center center","background-size":"auto","background-attachment":"scroll","background-type":"","background-media":"","overlay-type":"","overlay-color":"","overlay-opacity":"","overlay-gradient":""}},"footnotes":""},"class_list":["post-3065","page","type-page","status-publish","hentry"],"post_mailing_queue_ids":[],"_links":{"self":[{"href":"https:\/\/agora.xtec.cat\/institutraspall\/wp-json\/wp\/v2\/pages\/3065","targetHints":{"allow":["GET"]}}],"collection":[{"href":"https:\/\/agora.xtec.cat\/institutraspall\/wp-json\/wp\/v2\/pages"}],"about":[{"href":"https:\/\/agora.xtec.cat\/institutraspall\/wp-json\/wp\/v2\/types\/page"}],"author":[{"embeddable":true,"href":"https:\/\/agora.xtec.cat\/institutraspall\/wp-json\/wp\/v2\/users\/1"}],"replies":[{"embeddable":true,"href":"https:\/\/agora.xtec.cat\/institutraspall\/wp-json\/wp\/v2\/comments?post=3065"}],"version-history":[{"count":5,"href":"https:\/\/agora.xtec.cat\/institutraspall\/wp-json\/wp\/v2\/pages\/3065\/revisions"}],"predecessor-version":[{"id":98594,"href":"https:\/\/agora.xtec.cat\/institutraspall\/wp-json\/wp\/v2\/pages\/3065\/revisions\/98594"}],"wp:attachment":[{"href":"https:\/\/agora.xtec.cat\/institutraspall\/wp-json\/wp\/v2\/media?parent=3065"}],"curies":[{"name":"wp","href":"https:\/\/api.w.org\/{rel}","templated":true}]}}