{"id":965,"date":"2015-11-12T23:31:08","date_gmt":"2015-11-12T22:31:08","guid":{"rendered":"http:\/\/agora.xtec.cat\/institutmontserratroig\/?page_id=965"},"modified":"2025-09-12T12:30:51","modified_gmt":"2025-09-12T10:30:51","slug":"professors-del-departament","status":"publish","type":"page","link":"https:\/\/agora.xtec.cat\/institutmontserratroig\/departaments\/tecnologia\/professors-del-departament\/","title":{"rendered":"Professorat del departament"},"content":{"rendered":"<p>&nbsp;<\/p>\n<table style=\"border-collapse: collapse;\">\n<tbody>\n<tr style=\"height: 32px;\">\n<td style=\"width: 27.0365%; background-color: #b3206e; height: 32px;\"><span style=\"color: #ffffff;\">Professorat<\/span><\/td>\n<td style=\"width: 26.2601%; background-color: #b3206e; height: 32px;\"><span style=\"color: #ffffff;\">Coordinacions i\/o tutories<\/span><\/td>\n<td style=\"width: 19.0964%; background-color: #b3206e; height: 32px;\"><span style=\"color: #ffffff;\">Email corporatiu<\/span><\/td>\n<\/tr>\n<tr style=\"height: 48px;\">\n<td style=\"height: 48px; width: 27.0365%;\">&nbsp;<\/p>\n<p>Guillem Pons<\/td>\n<td style=\"height: 48px; width: 26.2601%;\">Cap de departament<\/p>\n<p>Coordinaci\u00f3 de coeducaci\u00f3, conviv\u00e8ncia i benestar<\/td>\n<td style=\"height: 48px; width: 19.0964%;\"><a href=\"mailto:guillempons@mroig.cat\" target=\"_blank\" rel=\"noopener\">guillempons@mroig.cat<\/a><\/td>\n<\/tr>\n<tr style=\"height: 48px;\">\n<td style=\"height: 48px; width: 27.0365%;\">Elisenda Benet<\/td>\n<td style=\"height: 48px; width: 26.2601%;\">Tutoria [1r d&#8217;ESO-A]<\/td>\n<td style=\"height: 48px; width: 19.0964%;\"><a href=\"mailto:elisendabenet@mroig.cat\" target=\"_blank\" rel=\"noopener\">elisendabenet@mroig.cat<\/a><\/td>\n<\/tr>\n<tr style=\"height: 48px;\">\n<td style=\"height: 48px; width: 27.0365%;\">Daniel Campos<\/td>\n<td style=\"height: 48px; width: 26.2601%;\">Coordinaci\u00f3 digital<\/td>\n<td style=\"height: 48px; width: 19.0964%;\"><a href=\"mailto:danielcampos@mroig.cat\" target=\"_blank\" rel=\"noopener\">danielcampos@mroig.cat<\/a><\/td>\n<\/tr>\n<tr>\n<td style=\"width: 27.0365%;\">M\u00f2nica \u00c0lvarez<\/td>\n<td style=\"width: 26.2601%;\"><\/td>\n<td style=\"width: 19.0964%;\"><a href=\"mailto:monicaalvarez@mroig.cat\" target=\"_blank\" rel=\"noopener\">monicaalvarez<span class=\"atwho-query\">@mroig.cat<\/span><\/a><\/td>\n<\/tr>\n<\/tbody>\n<\/table>\n<p>&nbsp;<\/p>\n","protected":false},"excerpt":{"rendered":"<p>&nbsp;<\/p>\n<p>Professorat<br \/>\nCoordinacions i\/o tutories<br \/>\nEmail corporatiu<\/p>\n<p>&nbsp;<br \/>\nGuillem Pons<br \/>\nCap de departament<br \/>\nCoordinaci\u00f3 de coeducaci\u00f3, conviv\u00e8ncia i benestar<br \/>\n<a href=\"mailto:guillempons@mroig.cat\" target=\"_blank\" rel=\"noopener\">guillempons@mroig.cat<\/a><\/p>\n<p>Elisenda Benet<br \/>\nTutoria [1r d&#8217;ESO-A]<br \/>\n<a href=\"mailto:elisendabenet@mroig.cat\" target=\"_blank\" rel=\"noopener\">elisendabenet@mroig.cat<\/a><\/p>\n<p>Daniel Campos<br \/>\nCoordinaci\u00f3 digital<br \/>\n<a href=\"mailto:danielcampos@mroig.cat\" target=\"_blank\" rel=\"noopener\">danielcampos@mroig.cat<\/a><\/p>\n<p>M\u00f2nica \u00c0lvarez<\/p>\n<p><a href=\"mailto:monicaalvarez@mroig.cat\" target=\"_blank\" rel=\"noopener\">monicaalvarez@mroig.cat<\/a><\/p>\n<p>&nbsp;<\/p>\n","protected":false},"author":1,"featured_media":0,"parent":303,"menu_order":0,"comment_status":"closed","ping_status":"closed","template":"page-templates\/side-menu.php","meta":{"_bbp_topic_count":0,"_bbp_reply_count":0,"_bbp_total_topic_count":0,"_bbp_total_reply_count":0,"_bbp_voice_count":0,"_bbp_anonymous_reply_count":0,"_bbp_topic_count_hidden":0,"_bbp_reply_count_hidden":0,"_bbp_forum_subforum_count":0,"footnotes":""},"class_list":["post-965","page","type-page","status-publish","hentry"],"post_mailing_queue_ids":[],"_links":{"self":[{"href":"https:\/\/agora.xtec.cat\/institutmontserratroig\/wp-json\/wp\/v2\/pages\/965","targetHints":{"allow":["GET"]}}],"collection":[{"href":"https:\/\/agora.xtec.cat\/institutmontserratroig\/wp-json\/wp\/v2\/pages"}],"about":[{"href":"https:\/\/agora.xtec.cat\/institutmontserratroig\/wp-json\/wp\/v2\/types\/page"}],"author":[{"embeddable":true,"href":"https:\/\/agora.xtec.cat\/institutmontserratroig\/wp-json\/wp\/v2\/users\/1"}],"replies":[{"embeddable":true,"href":"https:\/\/agora.xtec.cat\/institutmontserratroig\/wp-json\/wp\/v2\/comments?post=965"}],"version-history":[{"count":6,"href":"https:\/\/agora.xtec.cat\/institutmontserratroig\/wp-json\/wp\/v2\/pages\/965\/revisions"}],"predecessor-version":[{"id":32318,"href":"https:\/\/agora.xtec.cat\/institutmontserratroig\/wp-json\/wp\/v2\/pages\/965\/revisions\/32318"}],"up":[{"embeddable":true,"href":"https:\/\/agora.xtec.cat\/institutmontserratroig\/wp-json\/wp\/v2\/pages\/303"}],"wp:attachment":[{"href":"https:\/\/agora.xtec.cat\/institutmontserratroig\/wp-json\/wp\/v2\/media?parent=965"}],"curies":[{"name":"wp","href":"https:\/\/api.w.org\/{rel}","templated":true}]}}

<p>&nbsp;</p>
<table style="border-collapse: collapse;">
<tbody>
<tr style="height: 32px;">
<td style="width: 27.0365%; background-color: #b3206e; height: 32px;"><span style="color: #ffffff;">Professorat</span></td>
<td style="width: 26.2601%; background-color: #b3206e; height: 32px;"><span style="color: #ffffff;">Coordinacions i/o tutories</span></td>
<td style="width: 19.0964%; background-color: #b3206e; height: 32px;"><span style="color: #ffffff;">Email corporatiu</span></td>
</tr>
<tr style="height: 48px;">
<td style="height: 48px; width: 27.0365%;">&nbsp;</p>
<p>Guillem Pons</td>
<td style="height: 48px; width: 26.2601%;">Cap de departament</p>
<p>Coordinació de coeducació, convivència i benestar</td>
<td style="height: 48px; width: 19.0964%;"><a href="mailto:guillempons@mroig.cat" target="_blank" rel="noopener">guillempons@mroig.cat</a></td>
</tr>
<tr style="height: 48px;">
<td style="height: 48px; width: 27.0365%;">Elisenda Benet</td>
<td style="height: 48px; width: 26.2601%;">Tutoria [1r d&#8217;ESO-A]</td>
<td style="height: 48px; width: 19.0964%;"><a href="mailto:elisendabenet@mroig.cat" target="_blank" rel="noopener">elisendabenet@mroig.cat</a></td>
</tr>
<tr style="height: 48px;">
<td style="height: 48px; width: 27.0365%;">Daniel Campos</td>
<td style="height: 48px; width: 26.2601%;">Coordinació digital</td>
<td style="height: 48px; width: 19.0964%;"><a href="mailto:danielcampos@mroig.cat" target="_blank" rel="noopener">danielcampos@mroig.cat</a></td>
</tr>
<tr>
<td style="width: 27.0365%;">Mònica Àlvarez</td>
<td style="width: 26.2601%;"></td>
<td style="width: 19.0964%;"><a href="mailto:monicaalvarez@mroig.cat" target="_blank" rel="noopener">monicaalvarez<span class="atwho-query">@mroig.cat</span></a></td>
</tr>
</tbody>
</table>
<p>&nbsp;</p>

<p>&nbsp;</p>
<p>Professorat<br />
Coordinacions i/o tutories<br />
Email corporatiu</p>
<p>&nbsp;<br />
Guillem Pons<br />
Cap de departament<br />
Coordinació de coeducació, convivència i benestar<br />
<a href="mailto:guillempons@mroig.cat" target="_blank" rel="noopener">guillempons@mroig.cat</a></p>
<p>Elisenda Benet<br />
Tutoria [1r d&#8217;ESO-A]<br />
<a href="mailto:elisendabenet@mroig.cat" target="_blank" rel="noopener">elisendabenet@mroig.cat</a></p>
<p>Daniel Campos<br />
Coordinació digital<br />
<a href="mailto:danielcampos@mroig.cat" target="_blank" rel="noopener">danielcampos@mroig.cat</a></p>
<p>Mònica Àlvarez</p>
<p><a href="mailto:monicaalvarez@mroig.cat" target="_blank" rel="noopener">monicaalvarez@mroig.cat</a></p>
<p>&nbsp;</p>
