{"id":902,"date":"2015-11-12T21:40:21","date_gmt":"2015-11-12T20:40:21","guid":{"rendered":"http:\/\/agora.xtec.cat\/institutmontserratroig\/?page_id=902"},"modified":"2022-11-10T13:33:12","modified_gmt":"2022-11-10T12:33:12","slug":"treballs-de-recerca","status":"publish","type":"page","link":"https:\/\/agora.xtec.cat\/institutmontserratroig\/departaments\/llengua-catalana\/treballs-de-recerca\/","title":{"rendered":"Treballs de recerca i optatives"},"content":{"rendered":"<h4 style=\"text-align: center;\">Proposta de l\u00ednies tem\u00e0tiques per als treballs de recerca<\/h4>\n<table style=\"width: 100%; border: none; height: 709px;\">\n<tbody>\n<tr style=\"height: 33px;\">\n<td style=\"width: 100%; background-color: #b3206e; text-align: center; height: 33px;\"><span style=\"color: #ffffff;\">LITERATURA<\/span><\/td>\n<\/tr>\n<tr style=\"height: 33px;\">\n<td style=\"height: 33px;\">\u00a0Recerca sobre l&#8217;obra i la biografia d&#8217;un autor\/a catal\u00e0 contemporani.<\/td>\n<\/tr>\n<tr style=\"height: 33px;\">\n<td style=\"height: 33px;\">Els escriptors catalans: la guerra i l&#8217;exili.<\/td>\n<\/tr>\n<tr style=\"height: 33px;\">\n<td style=\"height: 33px;\">Comparaci\u00f3 entre una obra liter\u00e0ria, una versi\u00f3 cinematogr\u00e0fica i\/o aspectes de la realitat quotidiana.<\/td>\n<\/tr>\n<tr style=\"height: 33px;\">\n<td style=\"height: 33px;\">La visi\u00f3 de Barcelona a trav\u00e9s de textos literaris.<\/td>\n<\/tr>\n<tr style=\"height: 33px;\">\n<td style=\"height: 33px;\">La literatura i el territori: barris i carrers de Barcelona (o altres municipis), comarques, pobles\u2026<\/td>\n<\/tr>\n<tr style=\"height: 33px;\">\n<td style=\"height: 33px;\">Escriptors en el nomencl\u00e0tor de Barcelona (localitzaci\u00f3, estudi dels vincles\u2026).<\/td>\n<\/tr>\n<tr style=\"height: 33px;\">\n<td style=\"height: 33px;\">Montserrat Roig: estudi i an\u00e0lisi des de diferents perspectives: obra liter\u00e0ria, periodisme i feminisme.<\/td>\n<\/tr>\n<tr style=\"height: 49px;\">\n<td style=\"height: 49px;\">Seleccionar un tema literari universal (natura, heroisme, amor, por&#8230;), fer-ne un estudi de tractament (semblances \/ difer\u00e8ncies) a partir de l\u2019obra de dos autors emblem\u00e0tics de la Literatura catalana i\/o estrangera.<\/td>\n<\/tr>\n<tr style=\"height: 33px;\">\n<td style=\"height: 33px;\">Recull d&#8217;una tradici\u00f3 popular en un \u00e0mbit concret. Propostes per preservar-la.<\/td>\n<\/tr>\n<tr style=\"height: 33px;\">\n<td style=\"width: 100%; background-color: #b3206e; text-align: center; height: 33px;\"><span style=\"color: #ffffff;\">MITJANS DE COMUNICACI\u00d3<\/span><\/td>\n<\/tr>\n<tr style=\"height: 33px;\">\n<td style=\"height: 33px;\">Les fake news.<\/td>\n<\/tr>\n<tr style=\"height: 33px;\">\n<td style=\"height: 33px;\">La pres\u00e8ncia de la llengua catalana a les xarxes socials i plataformes audiovisuals.<\/td>\n<\/tr>\n<tr style=\"height: 33px;\">\n<td style=\"height: 33px;\">Estudi d\u2019una s\u00e8rie de televisi\u00f3.<\/td>\n<\/tr>\n<tr style=\"height: 33px;\">\n<td style=\"height: 33px;\">El llenguatge publicitari.<\/td>\n<\/tr>\n<tr style=\"height: 33px;\">\n<td style=\"width: 100%; background-color: #b3206e; text-align: center; height: 33px;\"><span style=\"color: #ffffff;\">LING\u00dc\u00cdSTICA I SOCIOLING\u00dc\u00cdSTICA<\/span><\/td>\n<\/tr>\n<tr style=\"height: 33px;\">\n<td style=\"height: 33px;\">El futur de la llengua catalana: estat de la q\u00fcesti\u00f3.<\/td>\n<\/tr>\n<tr style=\"height: 33px;\">\n<td style=\"height: 33px;\">Les campanyes de promoci\u00f3 de la llengua catalana.<\/td>\n<\/tr>\n<tr style=\"height: 33px;\">\n<td style=\"height: 33px;\">Treballs terminol\u00f2gics.<\/td>\n<\/tr>\n<tr style=\"height: 33px;\">\n<td style=\"height: 33px;\">Estudis comparatius entre lleng\u00fces rom\u00e0niques.<\/td>\n<\/tr>\n<tr style=\"height: 33px;\">\n<td style=\"height: 33px;\">Estudis socioling\u00fc\u00edstics.<\/td>\n<\/tr>\n<\/tbody>\n<\/table>\n<h4 style=\"text-align: center;\"><strong>Optatives<\/strong><\/h4>\n<table style=\"width: 100%;\">\n<tbody>\n<tr>\n<td>Pluriling\u00fcisme i interculturalitat<\/td>\n<td>Optativa 2n ESO<\/td>\n<\/tr>\n<\/tbody>\n<\/table>\n","protected":false},"excerpt":{"rendered":"<p>Proposta de l\u00ednies tem\u00e0tiques per als treballs de recerca<\/p>\n<p>LITERATURA<\/p>\n<p>\u00a0Recerca sobre l&#8217;obra i la biografia d&#8217;un autor\/a catal\u00e0 contemporani.<\/p>\n<p>Els escriptors catalans: la guerra i l&#8217;exili.<\/p>\n<p>Comparaci\u00f3 entre una obra liter\u00e0ria, una versi\u00f3 cinematogr\u00e0fica i\/o aspectes de la realitat quotidiana.<\/p>\n<p>La visi\u00f3 de Barcelona a trav\u00e9s de textos literaris.<\/p>\n<p>La&hellip;  <a href=\"https:\/\/agora.xtec.cat\/institutmontserratroig\/departaments\/llengua-catalana\/treballs-de-recerca\/\" title=\"Read Treballs de recerca i optatives\">Llegeix m\u00e9s\u00bb<\/a><\/p>\n","protected":false},"author":1,"featured_media":0,"parent":295,"menu_order":3,"comment_status":"closed","ping_status":"closed","template":"page-templates\/side-menu.php","meta":{"_bbp_topic_count":0,"_bbp_reply_count":0,"_bbp_total_topic_count":0,"_bbp_total_reply_count":0,"_bbp_voice_count":0,"_bbp_anonymous_reply_count":0,"_bbp_topic_count_hidden":0,"_bbp_reply_count_hidden":0,"_bbp_forum_subforum_count":0,"footnotes":""},"class_list":["post-902","page","type-page","status-publish","hentry"],"post_mailing_queue_ids":[],"_links":{"self":[{"href":"https:\/\/agora.xtec.cat\/institutmontserratroig\/wp-json\/wp\/v2\/pages\/902","targetHints":{"allow":["GET"]}}],"collection":[{"href":"https:\/\/agora.xtec.cat\/institutmontserratroig\/wp-json\/wp\/v2\/pages"}],"about":[{"href":"https:\/\/agora.xtec.cat\/institutmontserratroig\/wp-json\/wp\/v2\/types\/page"}],"author":[{"embeddable":true,"href":"https:\/\/agora.xtec.cat\/institutmontserratroig\/wp-json\/wp\/v2\/users\/1"}],"replies":[{"embeddable":true,"href":"https:\/\/agora.xtec.cat\/institutmontserratroig\/wp-json\/wp\/v2\/comments?post=902"}],"version-history":[{"count":3,"href":"https:\/\/agora.xtec.cat\/institutmontserratroig\/wp-json\/wp\/v2\/pages\/902\/revisions"}],"predecessor-version":[{"id":24827,"href":"https:\/\/agora.xtec.cat\/institutmontserratroig\/wp-json\/wp\/v2\/pages\/902\/revisions\/24827"}],"up":[{"embeddable":true,"href":"https:\/\/agora.xtec.cat\/institutmontserratroig\/wp-json\/wp\/v2\/pages\/295"}],"wp:attachment":[{"href":"https:\/\/agora.xtec.cat\/institutmontserratroig\/wp-json\/wp\/v2\/media?parent=902"}],"curies":[{"name":"wp","href":"https:\/\/api.w.org\/{rel}","templated":true}]}}