{"id":896,"date":"2015-11-12T21:38:36","date_gmt":"2015-11-12T20:38:36","guid":{"rendered":"http:\/\/agora.xtec.cat\/institutmontserratroig\/?page_id=896"},"modified":"2025-09-17T14:17:18","modified_gmt":"2025-09-17T12:17:18","slug":"professors-del-departament","status":"publish","type":"page","link":"https:\/\/agora.xtec.cat\/institutmontserratroig\/departaments\/llengua-catalana\/professors-del-departament\/","title":{"rendered":"Professorat del departament"},"content":{"rendered":"<table style=\"border-collapse: collapse; width: 89.5582%; height: 288px;\">\n<tbody>\n<tr style=\"height: 32px;\">\n<td style=\"width: 27.0365%; text-align: center; background-color: #b3206e; height: 32px;\"><span style=\"color: #ffffff;\">Professorat<\/span><\/td>\n<td style=\"width: 26.2601%; background-color: #b3206e; height: 32px; text-align: center;\"><span style=\"color: #ffffff;\">Coordinacions i\/o tutories<\/span><\/td>\n<td style=\"width: 19.0964%; text-align: center; background-color: #b3206e; height: 32px;\"><span style=\"color: #ffffff;\">Email corporatiu<\/span><\/td>\n<\/tr>\n<tr style=\"height: 48px;\">\n<td style=\"height: 48px; width: 27.0365%; text-align: left;\">\u00a0Sebasti\u00e0 Carles Pons Saura<\/td>\n<td style=\"height: 48px; width: 26.2601%; text-align: left;\">Cap de departament<br \/>\nCoordinador ling\u00fc\u00edstic i per a la cohesi\u00f3 social<\/td>\n<td style=\"height: 48px; width: 19.0964%; text-align: left;\"><a href=\"mailto:sebastiapons@mroig.cat\" target=\"_blank\" rel=\"noopener\">sebastiapons@mroig.cat<\/a><\/td>\n<\/tr>\n<tr style=\"height: 48px;\">\n<td style=\"height: 48px; width: 27.0365%; text-align: left;\">Marta Recasens Guinovart<\/td>\n<td style=\"height: 48px; width: 26.2601%; text-align: left;\">Tutoria [3r d&#8217;ESO-A]<\/td>\n<td style=\"height: 48px; width: 19.0964%; text-align: left;\"><a href=\"mailto:martarecasens@mroig.cat\" target=\"_blank\" rel=\"noopener\">martarecasens@mroig.cat<\/a><\/td>\n<\/tr>\n<tr>\n<td style=\"width: 27.0365%; text-align: left;\">S\u00f2nia Llin\u00e0s Mart\u00ed<\/td>\n<td style=\"width: 26.2601%; text-align: left;\">Tutoria [1r Batxillerat-B]<\/td>\n<td style=\"width: 19.0964%; text-align: left;\"><a href=\"mailto:soniallinas@mroig.cat\" target=\"_blank\" rel=\"noopener\">soniallinas@mroig.cat<\/a><\/td>\n<\/tr>\n<tr style=\"height: 48px;\">\n<td style=\"height: 48px; width: 27.0365%; text-align: left;\">Clara Queralt Mercad\u00e9<\/td>\n<td style=\"height: 48px; width: 26.2601%; text-align: left;\">Tutoria [2n Batxillerat-B]<\/td>\n<td style=\"height: 48px; width: 19.0964%; text-align: left;\"><a href=\"mailto:claraqueralt@mroig.cat\" target=\"_blank\" rel=\"noopener\">claraqueralt@mroig.cat<\/a><\/td>\n<\/tr>\n<tr style=\"height: 32px;\">\n<td style=\"height: 32px; background-color: #b3206e; text-align: center; width: 72.393%;\" colspan=\"3\"><span style=\"color: #ffffff;\">Professora em\u00e8rita i honor\u00edfica<\/span><\/td>\n<\/tr>\n<tr style=\"height: 32px;\">\n<td style=\"text-align: center; height: 32px; width: 72.393%;\" colspan=\"3\">Elo\u00efsa Fern\u00e0ndez Cuenca<\/td>\n<\/tr>\n<\/tbody>\n<\/table>\n","protected":false},"excerpt":{"rendered":"<p>Professorat<br \/>\nCoordinacions i\/o tutories<br \/>\nEmail corporatiu<\/p>\n<p>\u00a0Sebasti\u00e0 Carles Pons Saura<br \/>\nCap de departament<br \/>\nCoordinador ling\u00fc\u00edstic i per a la cohesi\u00f3 social<br \/>\n<a href=\"mailto:sebastiapons@mroig.cat\" target=\"_blank\" rel=\"noopener\">sebastiapons@mroig.cat<\/a><\/p>\n<p>Marta Recasens Guinovart<br \/>\nTutoria [3r d&#8217;ESO-A]<br \/>\n<a href=\"mailto:martarecasens@mroig.cat\" target=\"_blank\" rel=\"noopener\">martarecasens@mroig.cat<\/a><\/p>\n<p>S\u00f2nia Llin\u00e0s Mart\u00ed<br \/>\nTutoria [1r Batxillerat-B]<br \/>\n<a href=\"mailto:soniallinas@mroig.cat\" target=\"_blank\" rel=\"noopener\">soniallinas@mroig.cat<\/a><\/p>\n<p>Clara Queralt Mercad\u00e9<br \/>\nTutoria [2n Batxillerat-B]<br \/>\n<a href=\"mailto:claraqueralt@mroig.cat\" target=\"_blank\" rel=\"noopener\">claraqueralt@mroig.cat<\/a><\/p>\n<p>Professora em\u00e8rita i honor\u00edfica<\/p>\n<p>Elo\u00efsa Fern\u00e0ndez Cuenca<\/p>\n","protected":false},"author":1,"featured_media":0,"parent":295,"menu_order":0,"comment_status":"closed","ping_status":"closed","template":"page-templates\/side-menu.php","meta":{"_bbp_topic_count":0,"_bbp_reply_count":0,"_bbp_total_topic_count":0,"_bbp_total_reply_count":0,"_bbp_voice_count":0,"_bbp_anonymous_reply_count":0,"_bbp_topic_count_hidden":0,"_bbp_reply_count_hidden":0,"_bbp_forum_subforum_count":0,"footnotes":""},"class_list":["post-896","page","type-page","status-publish","hentry"],"post_mailing_queue_ids":[],"_links":{"self":[{"href":"https:\/\/agora.xtec.cat\/institutmontserratroig\/wp-json\/wp\/v2\/pages\/896","targetHints":{"allow":["GET"]}}],"collection":[{"href":"https:\/\/agora.xtec.cat\/institutmontserratroig\/wp-json\/wp\/v2\/pages"}],"about":[{"href":"https:\/\/agora.xtec.cat\/institutmontserratroig\/wp-json\/wp\/v2\/types\/page"}],"author":[{"embeddable":true,"href":"https:\/\/agora.xtec.cat\/institutmontserratroig\/wp-json\/wp\/v2\/users\/1"}],"replies":[{"embeddable":true,"href":"https:\/\/agora.xtec.cat\/institutmontserratroig\/wp-json\/wp\/v2\/comments?post=896"}],"version-history":[{"count":8,"href":"https:\/\/agora.xtec.cat\/institutmontserratroig\/wp-json\/wp\/v2\/pages\/896\/revisions"}],"predecessor-version":[{"id":32321,"href":"https:\/\/agora.xtec.cat\/institutmontserratroig\/wp-json\/wp\/v2\/pages\/896\/revisions\/32321"}],"up":[{"embeddable":true,"href":"https:\/\/agora.xtec.cat\/institutmontserratroig\/wp-json\/wp\/v2\/pages\/295"}],"wp:attachment":[{"href":"https:\/\/agora.xtec.cat\/institutmontserratroig\/wp-json\/wp\/v2\/media?parent=896"}],"curies":[{"name":"wp","href":"https:\/\/api.w.org\/{rel}","templated":true}]}}

<table style="border-collapse: collapse; width: 89.5582%; height: 288px;">
<tbody>
<tr style="height: 32px;">
<td style="width: 27.0365%; text-align: center; background-color: #b3206e; height: 32px;"><span style="color: #ffffff;">Professorat</span></td>
<td style="width: 26.2601%; background-color: #b3206e; height: 32px; text-align: center;"><span style="color: #ffffff;">Coordinacions i/o tutories</span></td>
<td style="width: 19.0964%; text-align: center; background-color: #b3206e; height: 32px;"><span style="color: #ffffff;">Email corporatiu</span></td>
</tr>
<tr style="height: 48px;">
<td style="height: 48px; width: 27.0365%; text-align: left;"> Sebastià Carles Pons Saura</td>
<td style="height: 48px; width: 26.2601%; text-align: left;">Cap de departament<br />
Coordinador lingüístic i per a la cohesió social</td>
<td style="height: 48px; width: 19.0964%; text-align: left;"><a href="mailto:sebastiapons@mroig.cat" target="_blank" rel="noopener">sebastiapons@mroig.cat</a></td>
</tr>
<tr style="height: 48px;">
<td style="height: 48px; width: 27.0365%; text-align: left;">Marta Recasens Guinovart</td>
<td style="height: 48px; width: 26.2601%; text-align: left;">Tutoria [3r d&#8217;ESO-A]</td>
<td style="height: 48px; width: 19.0964%; text-align: left;"><a href="mailto:martarecasens@mroig.cat" target="_blank" rel="noopener">martarecasens@mroig.cat</a></td>
</tr>
<tr>
<td style="width: 27.0365%; text-align: left;">Sònia Llinàs Martí</td>
<td style="width: 26.2601%; text-align: left;">Tutoria [1r Batxillerat-B]</td>
<td style="width: 19.0964%; text-align: left;"><a href="mailto:soniallinas@mroig.cat" target="_blank" rel="noopener">soniallinas@mroig.cat</a></td>
</tr>
<tr style="height: 48px;">
<td style="height: 48px; width: 27.0365%; text-align: left;">Clara Queralt Mercadé</td>
<td style="height: 48px; width: 26.2601%; text-align: left;">Tutoria [2n Batxillerat-B]</td>
<td style="height: 48px; width: 19.0964%; text-align: left;"><a href="mailto:claraqueralt@mroig.cat" target="_blank" rel="noopener">claraqueralt@mroig.cat</a></td>
</tr>
<tr style="height: 32px;">
<td style="height: 32px; background-color: #b3206e; text-align: center; width: 72.393%;" colspan="3"><span style="color: #ffffff;">Professora emèrita i honorífica</span></td>
</tr>
<tr style="height: 32px;">
<td style="text-align: center; height: 32px; width: 72.393%;" colspan="3">Eloïsa Fernàndez Cuenca</td>
</tr>
</tbody>
</table>

<p>Professorat<br />
Coordinacions i/o tutories<br />
Email corporatiu</p>
<p> Sebastià Carles Pons Saura<br />
Cap de departament<br />
Coordinador lingüístic i per a la cohesió social<br />
<a href="mailto:sebastiapons@mroig.cat" target="_blank" rel="noopener">sebastiapons@mroig.cat</a></p>
<p>Marta Recasens Guinovart<br />
Tutoria [3r d&#8217;ESO-A]<br />
<a href="mailto:martarecasens@mroig.cat" target="_blank" rel="noopener">martarecasens@mroig.cat</a></p>
<p>Sònia Llinàs Martí<br />
Tutoria [1r Batxillerat-B]<br />
<a href="mailto:soniallinas@mroig.cat" target="_blank" rel="noopener">soniallinas@mroig.cat</a></p>
<p>Clara Queralt Mercadé<br />
Tutoria [2n Batxillerat-B]<br />
<a href="mailto:claraqueralt@mroig.cat" target="_blank" rel="noopener">claraqueralt@mroig.cat</a></p>
<p>Professora emèrita i honorífica</p>
<p>Eloïsa Fernàndez Cuenca</p>
