{"id":12044,"date":"2023-02-02T12:16:30","date_gmt":"2023-02-02T11:16:30","guid":{"rendered":"https:\/\/agora.xtec.cat\/institutmestres\/?page_id=12044"},"modified":"2026-01-27T10:09:47","modified_gmt":"2026-01-27T09:09:47","slug":"proves-geso","status":"publish","type":"page","link":"https:\/\/agora.xtec.cat\/institutmestres\/eso\/proves-geso\/","title":{"rendered":"Proves per obtenir el graduat en ESO"},"content":{"rendered":"<p><strong>PROVES PER OBTENIR EL GRADUAT EN ESO 25-26<br \/>\n<\/strong><\/p>\n<p>Cada any es convoquen proves per a l&#8217;obtenci\u00f3 del t\u00edtol de graduat en educaci\u00f3 secund\u00e0ria obligat\u00f2ria (GESO), per als alumnes que no l&#8217;hagin obtingut en finalitzar l&#8217;etapa. A continuaci\u00f3 trobareu la informaci\u00f3 necess\u00e0ria.<\/p>\n<p><a href=\"https:\/\/agora.xtec.cat\/institutmestres\/wp-content\/uploads\/usu2085\/2026\/01\/Proves-GESO_horaris-1.png\"><img loading=\"lazy\" decoding=\"async\" class=\"aligncenter wp-image-13256\" src=\"https:\/\/agora.xtec.cat\/institutmestres\/wp-content\/uploads\/usu2085\/2026\/01\/Proves-GESO_horaris-1-300x244.png\" alt=\"\" width=\"411\" height=\"334\" srcset=\"https:\/\/agora.xtec.cat\/institutmestres\/wp-content\/uploads\/usu2085\/2026\/01\/Proves-GESO_horaris-1-300x244.png 300w, https:\/\/agora.xtec.cat\/institutmestres\/wp-content\/uploads\/usu2085\/2026\/01\/Proves-GESO_horaris-1.png 496w\" sizes=\"auto, (max-width: 411px) 100vw, 411px\" \/><\/a><\/p>\n<p>Els criteris i continguts m\u00ednims del GESO desglossats per mat\u00e8ries us els podeu descarregar mitjan\u00e7ant aquest <a href=\"https:\/\/agora.xtec.cat\/institutmestres\/wp-content\/uploads\/usu2085\/2026\/01\/Continguts-i-criteris-minims-GESO-20260127T090557Z-3-001.zip\">enlla\u00e7<\/a>.<\/p>\n","protected":false},"excerpt":{"rendered":"<p>PROVES PER OBTENIR EL GRADUAT EN ESO 25-26<\/p>\n<p>Cada any es convoquen proves per a l&#8217;obtenci\u00f3 del t\u00edtol de graduat en educaci\u00f3 secund\u00e0ria obligat\u00f2ria (GESO), per als alumnes que no l&#8217;hagin obtingut en finalitzar l&#8217;etapa. A continuaci\u00f3 trobareu la informaci\u00f3 necess\u00e0ria.<br \/>\n<a href=\"https:\/\/agora.xtec.cat\/institutmestres\/wp-content\/uploads\/usu2085\/2026\/01\/Proves-GESO_horaris-1.png\"><\/a><br \/>\nEls criteris i continguts m\u00ednims&hellip;  <a href=\"https:\/\/agora.xtec.cat\/institutmestres\/eso\/proves-geso\/\" title=\"Read Proves per obtenir el graduat en ESO\">Llegeix m\u00e9s\u00bb<\/a><\/p>\n","protected":false},"author":1,"featured_media":0,"parent":11037,"menu_order":0,"comment_status":"closed","ping_status":"closed","template":"page-templates\/side-menu.php","meta":{"_bbp_topic_count":0,"_bbp_reply_count":0,"_bbp_total_topic_count":0,"_bbp_total_reply_count":0,"_bbp_voice_count":0,"_bbp_anonymous_reply_count":0,"_bbp_topic_count_hidden":0,"_bbp_reply_count_hidden":0,"_bbp_forum_subforum_count":0,"footnotes":""},"class_list":["post-12044","page","type-page","status-publish","hentry"],"post_mailing_queue_ids":[],"_links":{"self":[{"href":"https:\/\/agora.xtec.cat\/institutmestres\/wp-json\/wp\/v2\/pages\/12044","targetHints":{"allow":["GET"]}}],"collection":[{"href":"https:\/\/agora.xtec.cat\/institutmestres\/wp-json\/wp\/v2\/pages"}],"about":[{"href":"https:\/\/agora.xtec.cat\/institutmestres\/wp-json\/wp\/v2\/types\/page"}],"author":[{"embeddable":true,"href":"https:\/\/agora.xtec.cat\/institutmestres\/wp-json\/wp\/v2\/users\/1"}],"replies":[{"embeddable":true,"href":"https:\/\/agora.xtec.cat\/institutmestres\/wp-json\/wp\/v2\/comments?post=12044"}],"version-history":[{"count":6,"href":"https:\/\/agora.xtec.cat\/institutmestres\/wp-json\/wp\/v2\/pages\/12044\/revisions"}],"predecessor-version":[{"id":13252,"href":"https:\/\/agora.xtec.cat\/institutmestres\/wp-json\/wp\/v2\/pages\/12044\/revisions\/13252"}],"up":[{"embeddable":true,"href":"https:\/\/agora.xtec.cat\/institutmestres\/wp-json\/wp\/v2\/pages\/11037"}],"wp:attachment":[{"href":"https:\/\/agora.xtec.cat\/institutmestres\/wp-json\/wp\/v2\/media?parent=12044"}],"curies":[{"name":"wp","href":"https:\/\/api.w.org\/{rel}","templated":true}]}}