{"id":10593,"date":"2020-11-27T11:34:17","date_gmt":"2020-11-27T10:34:17","guid":{"rendered":"https:\/\/agora.xtec.cat\/institutmestres\/?page_id=10593"},"modified":"2022-02-22T20:15:45","modified_gmt":"2022-02-22T19:15:45","slug":"projecte-orbita-2","status":"publish","type":"page","link":"https:\/\/agora.xtec.cat\/institutmestres\/programes-i-projectes\/projecte-orbita-2\/","title":{"rendered":"Projecte \u00d2rbita"},"content":{"rendered":"<p style=\"text-align: justify;\"><a href=\"https:\/\/agora.xtec.cat\/institutmestres\/wp-content\/uploads\/usu2085\/2020\/11\/projecte-orbita.jpg\"><img loading=\"lazy\" decoding=\"async\" class=\"size-full wp-image-10564 alignright\" src=\"https:\/\/agora.xtec.cat\/institutmestres\/wp-content\/uploads\/usu2085\/2020\/11\/projecte-orbita.jpg\" alt=\"\" width=\"235\" height=\"150\" \/><\/a><strong><span style=\"color: #ff0000;\">Presentaci\u00f3<\/span><\/strong><\/p>\n<p style=\"text-align: justify;\">Projecte de ciutat promogut des del pla educatiu d&#8217;entorn a trav\u00e9s de la xarxa educativa i dels instituts de Viladecans. Aquest projecte de diversificaci\u00f3 curricular neix en el marc de la Xarxa Local de Transici\u00f3 Escola i Treball (XLTET) per aplicar estrat\u00e8gies d&#8217;atenci\u00f3 a la diversitat.<\/p>\n<p style=\"text-align: justify;\">A la Xarxa es va prendre la decisi\u00f3 de fer un projecte col\u00b7laboratiu per tal que alguns dels estudiants desenvolupessin tasques educatives en entorns laborals propers. Per aquest motiu es va demanar la participaci\u00f3 del Departament d&#8217;Educaci\u00f3 i del Centre de Promoci\u00f3 Econ\u00f2mica i Serveis a les empreses de l&#8217;Ajuntament de Viladecans per tal de sensibilitzar les empreses de l&#8217;objectiu del projecte.<\/p>\n<p style=\"text-align: justify;\">En el conveni signat entre l&#8217;Ajuntament de Viladecans i el Departament d&#8217;educaci\u00f3 s&#8217;ofereixen estades en empreses del municipi a alumnes amb un risc d&#8217;abandonament escolar alt. La finalitat \u00e9s motivar-los i donar-los a con\u00e8ixer el m\u00f3n laboral, aix\u00ed com la necessitat que tenen d&#8217;estar formats per fer una inserci\u00f3 laboral adequada.<\/p>\n<p style=\"text-align: justify;\"><span style=\"color: #ff0000;\"><strong>M\u00e9s informaci\u00f3<\/strong><\/span><\/p>\n<ul style=\"text-align: justify;\">\n<li><strong><a href=\"http:\/\/www.xtec.cat\/crp-gava\/congres1bll\/oral_2_htm\/08053364.htm\">Projecte \u00d2rbita<\/a>.<\/strong>\u00a0Experi\u00e8ncia seleccionada en la modalitat de comunicaci\u00f3 oral. INS Josep Mestres i Busquets. I Congr\u00e9s de Pr\u00e0ctiques Educatives Innovadores al baix Llobregat. 27 i 28 de novembre de 2009.<\/li>\n<li><a href=\"https:\/\/prezi.com\/bb3hxphgfsnd\/projecte-orbita\/\"><strong>Prezi Projecte \u00d2rbita.<\/strong><\/a> Treball fet per un grup d&#8217;alumnes de 3r d&#8217;ESO sobre el projecte \u00f2rbita i algunes experi\u00e8ncies d&#8217;alumnes durant el curs 2014-2015 a l&#8217;INS Josep Mestres i Busquets.<\/li>\n<\/ul>\n<p style=\"text-align: justify;\"><span style=\"color: #ff0000;\"><strong>V\u00eddeos<\/strong><\/span><\/p>\n<p style=\"text-align: justify;\"><iframe loading=\"lazy\" src=\"https:\/\/www.youtube.com\/embed\/JkE5qW4X08Y\" width=\"560\" height=\"315\" frameborder=\"0\"><\/iframe><\/p>\n<p style=\"text-align: justify;\"><iframe loading=\"lazy\" src=\"https:\/\/www.youtube.com\/embed\/__Wdff7Sq70\" width=\"560\" height=\"315\" frameborder=\"0\"><\/iframe><\/p>\n<p style=\"text-align: justify;\"><iframe loading=\"lazy\" src=\"https:\/\/www.youtube.com\/embed\/lqHgKxV7--s\" width=\"560\" height=\"315\" frameborder=\"0\"><\/iframe><\/p>\n<h4 style=\"color: #000000; text-align: justify;\"><\/h4>\n<p style=\"text-align: justify;\">\n","protected":false},"excerpt":{"rendered":"<p><a href=\"https:\/\/agora.xtec.cat\/institutmestres\/wp-content\/uploads\/usu2085\/2020\/11\/projecte-orbita.jpg\"><\/a>Presentaci\u00f3<br \/>\nProjecte de ciutat promogut des del pla educatiu d&#8217;entorn a trav\u00e9s de la xarxa educativa i dels instituts de Viladecans. Aquest projecte de diversificaci\u00f3 curricular neix en el marc de la Xarxa Local de Transici\u00f3 Escola i Treball (XLTET) per aplicar estrat\u00e8gies d&#8217;atenci\u00f3 a&hellip;  <a href=\"https:\/\/agora.xtec.cat\/institutmestres\/programes-i-projectes\/projecte-orbita-2\/\" title=\"Read Projecte \u00d2rbita\">Llegeix m\u00e9s\u00bb<\/a><\/p>\n","protected":false},"author":1,"featured_media":0,"parent":10195,"menu_order":6,"comment_status":"closed","ping_status":"closed","template":"page-templates\/side-menu.php","meta":{"_bbp_topic_count":0,"_bbp_reply_count":0,"_bbp_total_topic_count":0,"_bbp_total_reply_count":0,"_bbp_voice_count":0,"_bbp_anonymous_reply_count":0,"_bbp_topic_count_hidden":0,"_bbp_reply_count_hidden":0,"_bbp_forum_subforum_count":0,"footnotes":""},"class_list":["post-10593","page","type-page","status-publish","hentry"],"post_mailing_queue_ids":[],"_links":{"self":[{"href":"https:\/\/agora.xtec.cat\/institutmestres\/wp-json\/wp\/v2\/pages\/10593","targetHints":{"allow":["GET"]}}],"collection":[{"href":"https:\/\/agora.xtec.cat\/institutmestres\/wp-json\/wp\/v2\/pages"}],"about":[{"href":"https:\/\/agora.xtec.cat\/institutmestres\/wp-json\/wp\/v2\/types\/page"}],"author":[{"embeddable":true,"href":"https:\/\/agora.xtec.cat\/institutmestres\/wp-json\/wp\/v2\/users\/1"}],"replies":[{"embeddable":true,"href":"https:\/\/agora.xtec.cat\/institutmestres\/wp-json\/wp\/v2\/comments?post=10593"}],"version-history":[{"count":3,"href":"https:\/\/agora.xtec.cat\/institutmestres\/wp-json\/wp\/v2\/pages\/10593\/revisions"}],"predecessor-version":[{"id":11336,"href":"https:\/\/agora.xtec.cat\/institutmestres\/wp-json\/wp\/v2\/pages\/10593\/revisions\/11336"}],"up":[{"embeddable":true,"href":"https:\/\/agora.xtec.cat\/institutmestres\/wp-json\/wp\/v2\/pages\/10195"}],"wp:attachment":[{"href":"https:\/\/agora.xtec.cat\/institutmestres\/wp-json\/wp\/v2\/media?parent=10593"}],"curies":[{"name":"wp","href":"https:\/\/api.w.org\/{rel}","templated":true}]}}