{"id":652,"date":"2016-10-21T22:41:24","date_gmt":"2016-10-21T20:41:24","guid":{"rendered":"http:\/\/agora.xtec.cat\/institutmartamata\/?page_id=652"},"modified":"2021-10-08T16:33:01","modified_gmt":"2021-10-08T14:33:01","slug":"c-beques-i-ajuts","status":"publish","type":"page","link":"https:\/\/agora.xtec.cat\/institutmartamata\/secretaria\/c-beques-i-ajuts\/","title":{"rendered":"Beques i ajuts"},"content":{"rendered":"<h5>Aqu\u00ed trobareu un recull de beques i ajuts, per diversos motius, per als vostres fills.<\/h5>\n<p>&nbsp;<\/p>\n<h5><\/h5>\n<ul>\n<li><span style=\"text-decoration: underline;\"><a href=\"http:\/\/ensenyament.gencat.cat\/ca\/serveis-tramits\/beques\/\" target=\"_blank\" rel=\"noopener noreferrer\">Informaci\u00f3 sobre beques del Departament d&#8217;Educaci\u00f3<\/a><\/span><img loading=\"lazy\" decoding=\"async\" class=\"alignright\" src=\"data:image\/jpeg;base64,\/9j\/4AAQSkZJRgABAQAAAQABAAD\/2wCEAAkGBxMSEhUTExMWFhUXFRUVFxcWGRUZGBUXFRUXFxUXFxUYHSggGBolGxUXITEhJSkrLi8uFx8zODMtNygtLisBCgoKDg0OGhAQGi0lHx8vLS0tLS0tLS0tLS0tLS0vLS0tLS0tLS0tLS0tLS0tLS0vLS0tLS0tLS0tLS0tLS0tLf\/AABEIAMABBwMBEQACEQEDEQH\/xAAcAAABBQEBAQAAAAAAAAAAAAAAAQIDBAUGBwj\/xABAEAACAQIDBQUFBQcEAQUAAAABAgADEQQhMQUGEkFREyJhcYEHMpGh0UJygrHwFCNDUmKSwVOisuHCFSQzY3P\/xAAaAQEAAwEBAQAAAAAAAAAAAAAAAQIDBAUG\/8QAOREAAgECBAIIBQMEAAcAAAAAAAECAxEEEiExQVEFE2FxkaHR8CIygbHBBkLxIzNS4RQVU2JygpL\/2gAMAwEAAhEDEQA\/APcYAQAgBACAEAIAQAgBACAEAIAQAgBAIcXikpKXqOqKNWYgAepgHmm8\/tbRGKYNBU1BqPcLf+ldW8zaAeYbV3ixWJfjrV3Y8s+FVHQKtgJBJQ\/bKn+o5\/E31gAcXU\/nf+5vrAE\/aqn+o\/8AcfrAEbGPzdv7jAH7Pp4vFPwYanWqt\/RxFR5toPUwDudieyLH1rNisR2C\/wAqsaj29CFB9TAPU92tzMLggOzUs\/OpUJZj8ch6CSQdFACAEAIAQAgBACAEAIAQAgBACAEAIAQAgBACAEAr43G06Kl6rqijUsQB84B5rvL7XaaXTB0+M6dpUyT0W929bQDzDbe8eKxhvXrMwvcLeyDyUZSCTJ4ukAW3WAEAQtANbYG7OMxx\/wDbUSy86jd2kPxnXyF4B6bu77GqKWfG1TWb\/TTu0h5\/ab5eUWB6ZgMDSoIKdGmtNFFgqAKB6CSQWIAQAgBACAEAIAQAgBACAEAIAQAgBACAEAIAQAgFbaG0KVBDUrVFRBqWNh\/3APMd5\/a8q3TBJxHTtagNvwpqfW0A8u2vtqvinL16rOfE5L91dF9JBJn8fTOAHD1gDoAhaAVcRjVXxgHs\/s79mVB6FHFYwNUeoq1FonuogYXXiAzc2zzyz0gg9XoUVRQqKFUCwVQAAOgA0kgfACAEAIAQAgBACAEAIAQAgBACAEAIAQAgBACAEAr47HU6KGpVdUQaliAIB5jvR7XVW6YJOI6dq4so8VTn5mAeVbY27VxL8deq1Rup0HkNB6SCTOSpxaZwB\/B1+EAfAEJgFXEYxV5\/CAZuIx7HwHQQCoK2d7eWuR5GSQb2xd9doUKoqU8XVvcXDMXUjoUa4tAPor2b7\/JtJCjgJiEF2UaOP5kv8xygHbQAgBACAEAIAQAgBACAEAIAQAgBACAEAIAQCHF4unSUvUdUUasxAA9TAPNN5\/a7TS9PBJ2jado4sg+6urfKAcFjcPjsae3xdXs01D1yUUeFOna+nQctZx1MbTi8sfifKOp0Qw85a7LmyltrY2Fw4QVK1dmdeJezpoBbkSHNwPO15z0sXiKzeSCSXN+h0SwtKCWee\/Ix6uEoKbqaj9BU4Qo81X3vWdkOtl89l3HNPqo\/Jd94wt6fKbJJKyMm7u7E4pJBXxGMVYBmV8ezZDIQCm7SQRwQFoA6nkYB0u7u16mGrJXpGzobjoRzB6gjKQSfUe6m8NLH4da9Pnky80Yaqf1pJINiAEAIAQAgBACAEAIAQAgBACAEAIAQBlaqqKWYhVAuSTYAeJgHnG9PtZo0rphF7Z9OM3FMeXN\/TLxgHku3d4MTjH469Vm6Loi\/dUZCQSM2DtJcNXp1mQVApPdPO4IuOhF7g9RMMRSdWm4J2uXpyUZJs77d\/A4WutbHGs1UK3CgxNrUnsHOp4WPeUA5AZzxMRUrUlGjGKjfdx4r7noQy1J5m21y5Hn22NoNXrPVcd4mx\/DlpfLyE9nC0urpKJyYmalN27ikxnSc5Vr4lV1MAzcTtEtkuUWBWUE5nMwAJtygEckgVUvAJlw5kEj\/ANmMAkpcVPM+7+UA7XcHfCps+txr3qT2FSnfUdR0YdYB9IbH2rSxVJa1FgyMNeh5gjkR0kkF2AEAIAQAgBACAEAIAQAgBACAIxtmdIBxG9XtLwuFulIivV0sp7in+p\/8CAePbzb2YrHH99U7l8qa5IPTmfEyCTBtAAmAae7+79XFvZFPApXtGy7qk52vq1r2HhObE4qFCN5PXgjajSlUdkd7vhu8KWz1WhVZVw6l7Nbvh\/euf5+8cgOc8HB4lVsVepG+byO+UZ06bUHa3nY8oqYkKMzPpjy2ZeK2mTkuUmxBQZiczJIHKsgknpGATVKF8xAIAljpALdJxAJ1QGASBAIAjUrwCvwmmb\/ZPy\/6gHYbkb4Vtn1eNDxU2I7SmdGHUdG6GAfRmwts0sXRWtRbiVh6qeasOREkg0IAQAgBACAEAIAQAgBACAchvd7QMNggVVhVraCmpB4T\/W32fLWAeObw7843GXWpVK0z\/Dp91bdDzb1Mgk5y8ASAEAazQD072ebWp08GgQDiNSoKp58VyVv+HhnznSsZddd7W0PVwVNTh3GhtbHU2w2LSuBwpTqhRck8IUniJ1DXGXQW8Zzww8qNSjOL1lZk9eq6qxStl0fbofPDuTqZ9YeQJaASKsgkmQQSLwwCalUIgFgsja5GQCKphDqpv5SSBKVRlgFhcQeggDxiBzUyAP4lYWkkkC9w2Jy5Hp4GCDr\/AGfb3Ps\/EA3JovlVTkRyYDkwgH0ngsUlVFqU2DIwDKRoQZJBNACAEAIAQAgBACAEA8Z9qG\/Vft6mEoMaaIeF2U95zbMX5DllIB5gc8zBIQBIAsAgr4oLqYBk4raJOkA3\/ZptJ0xYS\/dqK9xy4ghKnzy18Zx46nGVPM1qjpws2p5U9z1\/2mVjV2RWYG+am4YHIgEi4dsjnz5yknepC\/P8EQuoyty\/J858M7znHAgQANSBcb2kC4nHJFxRUPWBccK5kWFx64posLjxjGMEju0c87QC7QqZd4XH65yAT9gp0PxgDewYai4kgYAVNjpyP+IIPS\/ZLvwcLUXC1mvQqNZCf4Tk\/wDEnX4wGe+SSAgBACAEAIAQAgATAPlneDEmriq9Q\/arVG+Lm3ykEmeYAWgEdXEqsgGZitpchJBPs7dnG4rNKD8P8zDgX+5rX9JVyiiVFs1NvbjHB4Q161ZTULqiIgPDckk3ZrEnhBNgOUhTu7EuNkO3C3frmpTxa8PZoxObDiYDiDcK+FudvCcuJxFPWi93ptzN6VKcV1ttFr4Hp9bbZxtLFbNNErV4OFKhZyjELo3GxIOY0J\/K+WIcaVONTdJr8oxwtSVSbjJJNpu3meE7W2bVw1VqNZStRbXBsdRcEEagiehTqRqRUo7MrKLi7MqAS5UeKRkXJsSLhSYuBy4XxgEowYgC\/syQCRKVOAWqXAOUgklemrCAR9nYQCO9oBKmJtAGVcSGyAgEmGB4kC+9xC3ncW+cN2VyYxcpKK4n0Vs32iUCAtVWUgAEjvKSOfWckcbB7qx7tX9O4iKvBp+R02A2\/hqw\/d1kPgTY\/AzphVhLZnk18DiKP9yDRogzQ5RYAQAgBACAY2+O0\/2bBV6vNabBfvN3V+ZEi4PK\/Z5sDDV8Oz16a1C7uCWvdeGwAUg3XUn1EzlJpl7Dd4fZg4u+CftBr2VRgHHgr2Ct5G3mYU1xIscEdgYssyvSalwX4jVBUC2thbvemXjL3B2O6+42FqUFqVFNVyW94kCwNrBQbW1mbky1jq9n7t4ajnSw9JG6hRf+452lXdkmk6i0gk899qmzcRiBh6VGmzLxMzNooY2Vbschq3leV66nTfxO1yernP5VsT7p7JbCYHjre93goBuAnGxuPFiw9FB5zzqtXrsXGMNk0\/Dc3ccmFm5cU146I6LYVADEVKvLhY36C\/P0t8DN+k1lw6guL9TyeipupiHN8Fr5ejPFN7dq\/tmKqV+EDiNhrmq5KT4kTtw1HqaShyO2rPNJsyAp8JuZjVQkwCyKR\/V5AHdiRygkXs2MkEqYbmZBBIKSjxgkdxgaLAEbEHkkAgeo5gkZwnmYAop+MAsYe5PCilj0AvIckldl6dOdSWWCuzpdj7E7M9pUsW1CjRT1vzM86vis3wx2PrOjOhOqaq1t+C5G3OE+kAG0khpPc2Nmbz4mhYLVbhH2TmPgZtDEVI7M8\/EdFYatq4K\/NaHTYL2lOMqtEMOqGx+BynTHHP8Acjx6v6ai\/wC3O3edFs\/frB1NXNM9Kgt8xcTphi6cuNjyq\/QeLpbRzdx0GGxSVBdHVh1Ug\/lOhST2PKnTnTdpprvJpJQIBwPtsqsuzSVHd7anx+C963+\/gHrK31B5v7I9uk1quHJ7rLxi2ikWDD1BB\/DM6i0uXies4YFTY3mJYv1qCVUKVFV1OoYXH\/UuiGY4wNGiqrRyTOwuTqb5E5kXMXJEa\/I\/5\/POAVK+IItxL4XU\/wCDIbJRhbUqHEVUoaU+1Ctme8iU0rVGI0A74XxuJ5OMSjPrb6paLteiO2i24ZEt2XN5HBFOl1PER0Bsqj4H\/bK9G024zqclZd7OfpKradOnwvd90SniahXZ+IYGzVR2SsNf3i6\/BicjynbilmxNKnwirnB0al1dSpxk39Dyx916tu7Z\/AZH4H6z0OsR0ZGVq2wK6mxpm+tjwg\/C95DrQW7Oilga9ZXpxv8AVepB\/wCj1x\/Db4D6yOvp\/wCRp\/yvGf8ATfkIdn1eaOPwmSq1N8UUlgMUt6cvAQ4ap0b+1vpLZ48zJ4ast4PwY3sm58XwP0k5lzKujUX7X4MkVfBvgfpF0R1U\/wDF+BKlQDkfgfpF0OrlyY1nJ0Vj5KfpIzx5llRqPaL8GQVKNQ6U3\/tb6SOthzXiaRwleW0H4MKeyq7aU29cvzlHiKa4nRDovFy2pv7F2hu1WPvFV9b\/AJTKWMgttTupfp\/ES+ZpeZq4bdmmPfZm8B3R8s5zyxs3sj1KX6doL55N+RsYbCpTFkUKPAfmec5p1JT+Zns0MJRoK1OKRNMzoCAEASAKBfSA3bcuYbZNep7lF28lP5y6hJ7I56mMoU\/nml9TSwm7mPU3Sm6Hrxhf8zWNGqtkcNbpPo+StOSf0v8Ag7Dd9toowFaohWxybvNpl3hO2j16fxPQ+dx0+jZr+jF37NF5nazfSx4RBjaC1EZHUMrCxDAEHzBmbnyLJanny7DFHFhlQBe8O6ABmOgkOWhpY6sUr2PPKUuTYtjCXBXS+R8ucsmVdkQVtloLAnQZfSH8IWpVGz1B\/m89JGctlKO3KXZ02cqe6DYU7cZtyAbu+pkNkowN3cK5FSrVBVsRVuEaxNKnZE4LjmRTF\/KeJ0jWjKSjHhu+fu53YWEleT+hjvi2xGILLcluMIOgAsD5G6H1nuYeiqFCKfDV\/f0Pm8TV66vK3G0V9dH5X8RuNpcBGGUnhRgbnmQiqD6gE+srTl1kI1Xu1+Tto01TqVILa6+xqbN2eMuMDz5f9Sx0m1U2YjizAEdDmPnpLpXREZOLujKxm5qtnSYoehuy\/H3h85jPDxZ6+H6axNLSTzLt9Tnto7CxFDN6ZK\/zJ3l9SM19QJyzw8ltqe9hum8PV0n8L7dvEzpg1Y9eMoyV4u4QWCAF5AsF4FggCXkhtLcmp4Z291HPkrH8hJyvkUdWmt5LxRew+7uLf3cPU9V4f+VpdUaj2izlqdI4WHzVF43+xo4fcXGv\/DVfvuB8heaLCVXwOSfTuCh+5vuX8GphvZrWPv1kX7oZvztNY4GfFo4qn6lor5IN99l6mnQ9mtEe\/Xc+QUfnearALizjn+par+WCXiy6ns\/wY17Q\/i+kusFT7Tml+ocW9reBfwO62Doju0VJ6v3j85pHC048DkrdLYurvNru0NEIi5KijyAE1UIrgcMqk5fM2xj1oaKkFRrypKIAucFjWDzJiwpaQSkZmMw3EbyvAuOw5Fs9RrMndFh\/7UttfTrOfrHbUt1buN7a5z05SkZvNdlslkJXqhOfr0mzmohRzbnP7YZ30awYZE6hR77eelh4icNerJS+LZefZ69htCOlo7v3f6FPG1hSSwvcU3IA+yFUKD4d5\/mek48NTlWqpPi16mmJqxo0pPgkYO5WFBdqxuFROFbnIcd3Jv8Ad4fK0+h6Tm1SyR3k7e\/I+d6Mp5q2eW0Vf8epBitn4tyK5oO1N7uHQcWRPRcwLAWytNoU1Tgqa\/ajqoyzylVf7n5cDe2RWsLa8iDkw+vrK21N2bNHh5ZH4GaKxUu0f11kkltRKljI2nutQrXYDs3OrIBYn+tCOFvUXlJRUt0b0cTVou8JNGPT9nrsc6tO3VVZT6pmPgRMf+FjLY9Ol+oK9NWmrlun7OqQ96s58gB+Zllgo8WTL9SV3tFE9P2fYXm9U+qj\/wAZdYKHaZP9RYt7W8C9T3EwXNGPm5\/xaaLC01wOaXTWMl+8uUN0cCumHQ\/e735y6w9NcDCXSWLlvUfiaVHZtBPdpUx5Kv0mihFcDmlWqS3k\/Esiw0EsZXAvAGGtAGGrAGmrAGmpAELwCF2kXJI2MrckYbyCRAM4sLkxq2JmbJRItWUsWuNZ5DLFTEJnxDWQ1ckptQZzY5C+duk56tO+hpCVgwFKqt7m4BsPDpMoU3FGjkmZu8OJZmCA+Hr+rSY6yu+AmrQsuJXxeMueEaCnUA\/CoHzL\/wC2ebN3ab5r7\/6N5RtdR9+9DO293mroDY9nSX0Y1Wy6zo6PWWSnyzPyRx9INSp9XzcU\/H\/RLsLACqaVMMwVzUJC5EqpHPkcxPabvOStfLbxbf4PBpRzRpxzNZr7cklfxZ6dRpBVCqLAAAAaADQToSPRSSVkRYjA06nvopPW2fx1hpMtcoVdhJ9liPA5j6yrgWUyqdl1UNx3h5\/oiZuDRZSQC9zlY5frSUbLomSp1lbk2NDDNdT5zWlxMqi1EM2KCXgDuOAAeAO45JAheAMZ5BIwtAGkwBsAdxQBvHAC94AnBIAx2UcxIuWsRLiFvlnBBar7NbVWv4H6w4DMVG4095SPy+MzcGiykN7aZtF0yN8RIZZDUxa3tfPWZyLJFfam2lpU76sdFvYm2p8BOWtWyLtZ00KOd9iOCfbrVa5VQFCsoY3uc78QB5WyHxnO3ajfn79Ta161uXv0NDCYvhejf7VapS6fzH\/xnLXp2bjyjF\/b1IoTzwcucpeV\/QpbWxP77GDp2TW62pva58xPSwMLwi+al90eXj52l3Sj9mbnsxHFU69nT1\/\/AELEf7bT0oWzSlzf2VjgpQ+KP\/bHzk7npk6DqCAEAIA1kB1F5DSe5KdivUwKnTL8vhM3ST2LqoxcPhyl87gxCDiyJSzDaiGaFSPs4AljAC0ASAEAQwBDAGmRckFU9DFwSCiYIDsxGoENPxMiwuVqtO3OTZElCuYBYwOzajHiPdHK+p9IsLnRSxUQiAU8Rs1G07p8PpKuKZKdjA21gmoqXJBHhr8Jz1UoLM3ZdpvTbk7JHLYjaHCb3tbnPOq4uG0NX2HdDDS3lojD2xtAhTUc5kXQcx0NuQ6fHpOaNOdWdn9ffYdE6sKULrb7\/wAmfs6n2CrxgCo5aow14V4e6D6cN\/Fperaq3l+WOi7X7uY0m6aWb5p3b7l7SLFHHC9P\/wCvHOD4XAI8snEYym+sl2wXvyM+j5XoK\/8Ak\/z6kO26l8VieppKp8TfI\/B+c7ejXelT\/wDY8vpSNpT74P7na+yI5VT14R8BYTqi7W+v3ZEVrL6eSR6QDNlIsOlyAgBJAQAgBAEKwBrkAXNgOpkN2QRRXaFJm4Qw87qR8QZRVIl8jJGB6S5UbwGQBwpQBeyk2FxexEWFxQBADiggYzSQNtIYHdmTykEijA394+g+smwuT0sOq+6oHjz+MkglgEGMxHZgG17uq+XEwW\/zlKk8iv2rzLwhmdu8MZi1pLxNzIAAzJJ0AHWRUqRpq7EIObsjzjez2iPTavSpgoUTuFV7TiqWvwlh3VA0Nr5zC86mjlZdj199xZyhT2V327HndPerFVmPHUqNfRbEEX5AAkGZ1MDRkvib727\/AHIh0jWg\/hStySNohkUO1PirDQO\/dpjXiqkkAH+jM9Z5apRlNxhL4exb9i9dj1JYuapqU42b7dO97eouIVKK\/tOLqAtqqDQNa97HU+emshZ5vqKKsuL9WQ3GK62q78tPsvyYGExjVmFZ8u1YMozyo0Dxs2fJmUAdeEnnO2VOMI5IbR85PReByxqSlLNLeXlFa+ZQbGFaDVBq2ML+i08\/+AmtWKliGnwj+f8AZXC3jhlb9z\/2\/sXttYq+LNjm1MX1t+spHRaapW5NmfTKV++3l7Z2nsp2jwq6k2sROmrbNYww93G75nqlHGgyua2xtkLaveaKVzNqw680UiBRLIgWWAQAgEOLxK0kZ3NlUXJlXJJXZKTbsjzjae3HxL3JIQHup0HU9TOOU3JnXGCih+FqERqGdnsKuXp2OZU29OU6aTurHPUVmXzlNDMA4i4ELwBpaSBQIA5acAf2MgDhTEWA+SAgBACAQ4zDiojIcgRqNR0I9ZSpBTi4viXhNwkpI4HffEu6jDVWvw94tSI4sj3XK2uCPDrPExterFqnJp28+\/kz18HShrUjpfmcXU2ZVABGKdQBmxZrN4lW0PkTOaOJop600+y2xNTD1ZbTa7tbirimWmQMXZjk1ZzmBzFJCcvvG58pLqRlL+1pyS+7t5ELCVIx1qXfP0WxnIopgNh6TV2ztUc3UHqWOnoPWbutKr8FSShHkvfvkY\/8NCg88Yuc+Zh4yp+87TFVRWq\/ZorY2zvY2JCL8zO6k4xhkoKy4yf+935HFVjOcs2I+kVv5bLzI8XinXtGqMO2qgLb\/TTnxAZLkAAvS+t5Ky6KPyx17373ZOWWrl80tP8AxXvZEL1bIlPkLsQf6rDPxNtOr+E59ZScufv33HoxShGMeC9+PqJjqpbEM3JUAJ\/qYmwHjlOnArLDvPP6UeaXdY2d0dqinYg+9c\/M2l5JucmVglGlFHqGydtcVs5W2pNzpsJj7jWXsQadHGA6yUyrgWeOWcmUsOBl4zuRYUGXTuQBkt2QOD9oO0yzLh1OQs7+JPuj0GfqJy1ZcDpox0zHOYanMUatmthKJl0ih12waRCN4kTelxMahoGbWMgEActOASrTkgeEgDoAQAgBACAEAIAQDzzblBKFdw6irVqAmnZu8oYnvMfsr4+HOeP1DoznKrrB634rssejPF5oQhT+blw732HIY7EU1OSdvVXm13VeR4FJu33jbra15NOklFbU4vuUn3vh9DiqV51JO15tb75V9Fv9TJ2zs6tiaa9o1gXVRSUBQe9fMDIrwi\/gRM6danTqSWW2XdvV\/wAna6L6qOWd3PZLSPtGcd1QXC0+KlSUGpWrg5kAEuABkqqAQAcyc9JtUxEVmcmm9ox79n23MaWdRioppP5nya3XZYRqFSpRrNRqNTAemtMDMhCpN2b3ix5m8zjSUasISWZtNvv7OFkbTxT6qU72SaS5\/Xjqc2+zqofhRmZ8ja3M2tmRqb3noPq1Ft7I441qjayrf8k1Esr9kVLuGtemvEAwuD7xAuLHPOcsoqUOsWi7dNPPwPQjVSkqb1l2c\/Iq1sdfuqhGpAY952OrM2l9Mh0nTSpOOrer8F3HDiJ55Wtonx3feUlw9YvcB1YWsACLAaADW02UbKyKSqKTuzotk7y4nDkB14wOt1b6GVcewi6ezPRd3N+KFWwZjTbo+WfgdDK5eRN7bne4LFhhkbypNzUo4iAW6deSiGiZakXtqRlFaqBL5rkZTy7EIatWpUbVnY+l8h8LTlerZ17KyLuFwMW5EG\/g8B4TQqbdGlwKB6zemrRMJu7HJTJmhUnSjaCCUCSBYAQAgBACAEAIAQAgCEwDw3aWKapVxNZXcmpUbhyNxRvZWXqLCw6AeM48Qk6sFPa9\/rwK0pPq6ko\/Np\/8vdnbbE3WpfsaVaZu7IHJ1uTmRfkRp6THpDB9dDMvmXn2HVga\/VJJbM5pcM4xAIHFT4+O+Q7MstipHTMmebCtQnhXGo7Ssu9227zedOtTxEXBXhd\/S+\/qI1AqancPZvZLdQn\/AMht\/Ll5m0ycdKDk+but+xeLOuOaTq2S14Pa9rNmBvAexpPbJSLgKc2ThJF753Jv5AHrPWw9WVeXwrKo79r5fTieNVowoXU5Z5T25RXF28lfXtKWx0SjSDoSatQhEL24aKkZsOrG\/kLzLFRnKTjbRJN24+\/M7MLKHwyb4tLst7RPgtnilVdX4QxVgtzq7oQgB5E5j0kTr9bhc3C6T+j1K9T1eMUI8U2vr6GjT3coJTC1+0Q8OblQbZmy3AKsAOciOIrycp0EpRv+O9NFakaKjGNd5ZbXu\/4Jdm7HsOFaiYijyAVGemb6mm2ds\/skeU66OOjJ5aicHyf4ZyVsLNLNTlmXZr5ehoLujUqqTh3o1VGqNe4PQpUHEnkWnoaHHHrbXi0zA2puVWW5bCOvjSII\/tF4sWVSa3izKweIxeFa1Gqcv4dTL5HL8pVwTNY4hbHfbs734moQlbB1QSQONFJXP9dZm4M6FK53a1SMmBB8ZRqxa5YWpDLJkOPxFlB\/qF\/jKkoyaGzM9JkbGthtngcpKRDlY0aWHtLwhdmMpk4TrOqxkPkgIAQAgBACAEAIAQAgBACAEAw9u7sUcSAbcDr7rJkR4ZcpEoxkssldFHDVSi7NcUctfaGznKpSOJosOVgRbU2A97xzvaVhShBWjt75mM6ldSu\/i+lvt6HNY8PUXt0LkWuUYAFSGCtcLa2RvpOWFGjCs4qPA1qVa9TC51Ud0+xeaDZb1K6HDO1Qqy2V7FXsB3rX1W+Ws5q+F6maqUI6vRrhz+jOrDV+vThVlpo09r8LdoLsftanEp41pMKdRm73G9+9kfsju+cpVz08NmUbPiuXgdNLq513yWz5u3F9n3Ku1NmLRxHBQRqgFEGxuQjVMgCfJSM52V1GpSU72Wjb42OClmpVpQir3ukuCb\/goYTZwH71+Jluor03U8aAc7akdDymbleTpP4ZP5eT7V280Wl8EVUSzJb33Wlmn2cjsdg9orBsNWStR0anVuAMjZWuLry1HxmdNKjVzVlZ\/wCS+V964Pv8SZOVWFqLzR5Pddz4o6k7p4aqoqpS7CqRe6n3W0vwg8LD87z03kqR1s0\/qjk6jjG8X2cCTAbEY2eqgWrTawcHJwNGVgeIA81PlOZYaVJ\/0ZWXJ6r1X27DdSVTWrH4lxWh0ZQGdZJA+ApN71NW8wD+cEZUWFFshBIjoDkReAVXwA+ybeGolXFE3KePwLMjKRqMiNL\/AOJRwLKRkbG2ywbscRSdWXIVFUsjgaE2F1MwcXfU1vpodPSqqdD8jNY00Ytslp31M2SsVHyQEAIAQAgBACAEAIAQAgBACAEAIAQDKxuwKVV+JxdeaDJWPVgNZl1f9TPfhYSUZQyNcblbbmyCUAw9NRUJ4BUNv3SMO8w6m2g62mlik72+H+CuN3VwyE0SbcHCy2vxkCwb73jOLE0mlKceT058jtw9RfDTfDZ8iXdrd\/sRUetwvUqsGOWSqqhUUX6AfEmdNKGWCi+COaTvOUubLm1t3sPiAQ6WNrcS5NbzGo8JdxTtdbFHG6faZGC3LFA9pQrFKtivFwqVdToHQ5eotLOzMIUHDWL1Oko4QLY6NlfhuoJ5928wWHpxlmird2nitjs6yTVnqWJuUCAEAIAQAgBAIquHVtR\/iAOp0gugtAHwAgBACAEAIAQAgBACAEAIAQAgBACAEAIAQAgBACAEAIAQAgBACAEAIAQAgBACAEAIAQAgBACAEAIAQAgBACAEA\/\/Z\" width=\"263\" height=\"192\" \/><\/li>\n<li><a href=\"https:\/\/web.gencat.cat\/ca\/tramits\/tramits-temes\/358-ajuts-ministerio-NEE?category=bd1b6d64-ca6f-11e5-8c48-005056924a59https:\/\/web.gencat.cat\/ca\/tramits\/tramits-temes\/358-ajuts-ministerio-NEE?category=bd1b6d64-ca6f-11e5-8c48-005056924a59\" target=\"_blank\" rel=\"noopener noreferrer\"><span style=\"text-decoration: underline;\">Ajuts per a alumnes amb necessitats epec\u00edfiques de suport educatiu:\u00a0<\/span><\/a><\/li>\n<li><a href=\"https:\/\/web.gencat.cat\/ca\/tramits\/tramits-temes\/Beques-de-caracter-general-per-a-estudis-postobligatoris?category=7449fd1c-a82c-11e3-a972-000c29052e2c\" target=\"_blank\" rel=\"noopener noreferrer\"><span style=\"text-decoration: underline;\">Beques per a ensenyaments postobligatoris no universitaris: <\/span><\/a><\/li>\n<li><span style=\"text-decoration: underline;\"><a href=\"http:\/\/ensenyament.gencat.cat\/ca\/serveis-tramits\/ajuts-subvencions\/\">Informaci\u00f3 sobre ajuts del Departament d&#8217;Educaci\u00f3<\/a><\/span><\/li>\n<li><span style=\"text-decoration: underline;\"><a href=\"http:\/\/www.salou.cat\/ca\/la-nostra-ciutat\/educacio\/beques-i-premis\" target=\"_blank\" rel=\"noopener noreferrer\">Informaci\u00f3 sobre ajuts de l&#8217;Ajuntament de Salou<\/a><\/span><\/li>\n<li><span style=\"text-decoration: underline;\"><a href=\"http:\/\/wwwa.urv.net\/ogovern\/consellsocial\/index.html\">Informaci\u00f3 sobre beques de la Fundaci\u00f3 Repsol i Consell Social de la URV<\/a><\/span><\/li>\n<\/ul>\n<h6><\/h6>\n","protected":false},"excerpt":{"rendered":"<p>Aqu\u00ed trobareu un recull de beques i ajuts, per diversos motius, per als vostres fills. &nbsp; Informaci\u00f3 sobre beques del Departament d&#8217;Educaci\u00f3 Ajuts per a alumnes amb necessitats epec\u00edfiques de suport educatiu:\u00a0 Beques per a ensenyaments postobligatoris no universitaris: Informaci\u00f3 sobre ajuts del Departament d&#8217;Educaci\u00f3 Informaci\u00f3 sobre ajuts de l&#8217;Ajuntament de Salou Informaci\u00f3 sobre beques [&hellip;]<\/p>\n","protected":false},"author":1,"featured_media":0,"parent":81,"menu_order":20,"comment_status":"closed","ping_status":"closed","template":"page-templates\/side-menu.php","meta":{"_bbp_topic_count":0,"_bbp_reply_count":0,"_bbp_total_topic_count":0,"_bbp_total_reply_count":0,"_bbp_voice_count":0,"_bbp_anonymous_reply_count":0,"_bbp_topic_count_hidden":0,"_bbp_reply_count_hidden":0,"_bbp_forum_subforum_count":0,"site-sidebar-layout":"default","site-content-layout":"","ast-site-content-layout":"","site-content-style":"default","site-sidebar-style":"default","ast-global-header-display":"","ast-banner-title-visibility":"","ast-main-header-display":"","ast-hfb-above-header-display":"","ast-hfb-below-header-display":"","ast-hfb-mobile-header-display":"","site-post-title":"","ast-breadcrumbs-content":"","ast-featured-img":"","footer-sml-layout":"","theme-transparent-header-meta":"","adv-header-id-meta":"","stick-header-meta":"","header-above-stick-meta":"","header-main-stick-meta":"","header-below-stick-meta":"","astra-migrate-meta-layouts":"default","ast-page-background-enabled":"default","ast-page-background-meta":{"desktop":{"background-color":"var(--ast-global-color-4)","background-image":"","background-repeat":"repeat","background-position":"center center","background-size":"auto","background-attachment":"scroll","background-type":"","background-media":"","overlay-type":"","overlay-color":"","overlay-opacity":"","overlay-gradient":""},"tablet":{"background-color":"","background-image":"","background-repeat":"repeat","background-position":"center center","background-size":"auto","background-attachment":"scroll","background-type":"","background-media":"","overlay-type":"","overlay-color":"","overlay-opacity":"","overlay-gradient":""},"mobile":{"background-color":"","background-image":"","background-repeat":"repeat","background-position":"center center","background-size":"auto","background-attachment":"scroll","background-type":"","background-media":"","overlay-type":"","overlay-color":"","overlay-opacity":"","overlay-gradient":""}},"ast-content-background-meta":{"desktop":{"background-color":"var(--ast-global-color-5)","background-image":"","background-repeat":"repeat","background-position":"center center","background-size":"auto","background-attachment":"scroll","background-type":"","background-media":"","overlay-type":"","overlay-color":"","overlay-opacity":"","overlay-gradient":""},"tablet":{"background-color":"var(--ast-global-color-5)","background-image":"","background-repeat":"repeat","background-position":"center center","background-size":"auto","background-attachment":"scroll","background-type":"","background-media":"","overlay-type":"","overlay-color":"","overlay-opacity":"","overlay-gradient":""},"mobile":{"background-color":"var(--ast-global-color-5)","background-image":"","background-repeat":"repeat","background-position":"center center","background-size":"auto","background-attachment":"scroll","background-type":"","background-media":"","overlay-type":"","overlay-color":"","overlay-opacity":"","overlay-gradient":""}},"footnotes":""},"class_list":["post-652","page","type-page","status-publish","hentry"],"post_mailing_queue_ids":[],"_links":{"self":[{"href":"https:\/\/agora.xtec.cat\/institutmartamata\/wp-json\/wp\/v2\/pages\/652","targetHints":{"allow":["GET"]}}],"collection":[{"href":"https:\/\/agora.xtec.cat\/institutmartamata\/wp-json\/wp\/v2\/pages"}],"about":[{"href":"https:\/\/agora.xtec.cat\/institutmartamata\/wp-json\/wp\/v2\/types\/page"}],"author":[{"embeddable":true,"href":"https:\/\/agora.xtec.cat\/institutmartamata\/wp-json\/wp\/v2\/users\/1"}],"replies":[{"embeddable":true,"href":"https:\/\/agora.xtec.cat\/institutmartamata\/wp-json\/wp\/v2\/comments?post=652"}],"version-history":[{"count":4,"href":"https:\/\/agora.xtec.cat\/institutmartamata\/wp-json\/wp\/v2\/pages\/652\/revisions"}],"predecessor-version":[{"id":12523,"href":"https:\/\/agora.xtec.cat\/institutmartamata\/wp-json\/wp\/v2\/pages\/652\/revisions\/12523"}],"up":[{"embeddable":true,"href":"https:\/\/agora.xtec.cat\/institutmartamata\/wp-json\/wp\/v2\/pages\/81"}],"wp:attachment":[{"href":"https:\/\/agora.xtec.cat\/institutmartamata\/wp-json\/wp\/v2\/media?parent=652"}],"curies":[{"name":"wp","href":"https:\/\/api.w.org\/{rel}","templated":true}]}}