{"id":650,"date":"2016-10-21T22:41:00","date_gmt":"2016-10-21T20:41:00","guid":{"rendered":"http:\/\/agora.xtec.cat\/institutmartamata\/?page_id=650"},"modified":"2026-04-09T02:05:16","modified_gmt":"2026-04-09T00:05:16","slug":"b-preinscripcio-i-matricula","status":"publish","type":"page","link":"https:\/\/agora.xtec.cat\/institutmartamata\/secretaria\/b-preinscripcio-i-matricula\/","title":{"rendered":"Preinscripci\u00f3 i matr\u00edcula"},"content":{"rendered":"<h6><\/h6>\n<p><span style=\"font-family: 'Open Sans',sans-serif;\"><span style=\"font-size: large;\"><span style=\"color: #b00000;\"><span style=\"color: #000000;\">Cliqueu els seg\u00fcents enlla\u00e7os per trobar<\/span><span style=\"font: 400 1.12em\/1.4 'Open Sans',sans-serif; text-align: left; color: #000000; text-transform: none; text-indent: 0px; letter-spacing: normal; text-decoration: none; word-spacing: 0px; display: inline !important; white-space: normal; direction: ltr; orphans: 2; float: none; -webkit-text-stroke-width: 0px; background-color: #ffffff;\"> tota la informaci\u00f3 sobre preinscripci\u00f3 i matr\u00edcula dels estudis que ofereix el centre.\u00a0<\/span><\/span><\/span><\/span><span style=\"color: #ff6600;\">\u00a0<\/span><\/p>\n<table style=\"width: 48.2245%; border-collapse: collapse; border-style: hidden; border-color: #000000;\">\n<tbody>\n<tr>\n<td style=\"width: 100%;\">\n<h5><span style=\"text-decoration: underline;\"><a href=\"https:\/\/agora.xtec.cat\/institutmartamata\/secretaria\/b-preinscripcio-i-matricula\/eso-2\/\" target=\"_blank\" rel=\"noopener noreferrer\">Preinscripci\u00f3 ESO<\/a><\/span><\/h5>\n<h5><span style=\"text-decoration: underline;\"><a href=\"http:\/\/agora.xtec.cat\/institutmartamata\/secretaria\/b-preinscripcio-i-matricula\/eso\/\" target=\"_blank\" rel=\"noopener noreferrer\">Preinscripci\u00f3 Batxillerat<\/a><\/span><\/h5>\n<h5><span style=\"text-decoration: underline;\"><strong><a href=\"https:\/\/agora.xtec.cat\/institutmartamata\/secretaria\/b-preinscripcio-i-matricula\/preinscripcio-cicle-formatiu\/\" target=\"_blank\" rel=\"noopener\">Preinscripci\u00f3 cicle formatiu<\/a><\/strong><\/span><\/h5>\n<h5><span style=\"text-decoration: underline;\"><strong><a href=\"https:\/\/agora.xtec.cat\/institutmartamata\/secretaria\/b-preinscripcio-i-matricula\/preinscripcio-i-matricula-pfi\/\" target=\"_blank\" rel=\"noopener noreferrer\">PFI: Auxiliar d&#8217;instal\u00b7lacions esportives<\/a><\/strong><\/span><\/h5>\n<\/td>\n<\/tr>\n<\/tbody>\n<\/table>\n<hr \/>\n<table style=\"border-collapse: collapse; width: 61.8548%;\">\n<tbody>\n<tr>\n<td style=\"width: 100%;\">\n<h5><span style=\"text-decoration: underline;\"><a href=\"http:\/\/agora.xtec.cat\/institutmartamata\/secretaria\/b-preinscripcio-i-matricula\/matricula-eso-alumnes-del-centre\/\" target=\"_blank\" rel=\"noopener noreferrer\">Confirmaci\u00f3 matr\u00edcula ESO (alumnes del centre)<\/a><\/span><\/h5>\n<h5><span style=\"text-decoration: underline;\"><a href=\"http:\/\/agora.xtec.cat\/institutmartamata\/secretaria\/b-preinscripcio-i-matricula\/matricula-eso\/\" target=\"_blank\" rel=\"noopener noreferrer\">Matr\u00edcula ESO (alumnes nous)<\/a><\/span><\/h5>\n<h5><span style=\"text-decoration: underline;\"><strong><a href=\"http:\/\/agora.xtec.cat\/institutmartamata\/secretaria\/b-preinscripcio-i-matricula\/matricula-bat\/\">Matr\u00edcula Batxillerat<\/a><\/strong><\/span><\/h5>\n<h5><span style=\"text-decoration: underline;\"><strong><a href=\"https:\/\/agora.xtec.cat\/institutmartamata\/secretaria\/b-preinscripcio-i-matricula\/matricula-cfgm-guia-en-el-medi-natural\/\" target=\"_blank\" rel=\"noopener\">Matr\u00edcula cicle formatiu<\/a><\/strong><\/span><\/h5>\n<h5><span style=\"text-decoration: underline;\"><strong><a href=\"https:\/\/agora.xtec.cat\/institutmartamata\/secretaria\/b-preinscripcio-i-matricula\/preinscripcio-i-matricula-pfi\/\" target=\"_blank\" rel=\"noopener noreferrer\">PFI: Auxiliar d&#8217;instal\u00b7lacions esportives<\/a><\/strong><\/span><\/h5>\n<\/td>\n<\/tr>\n<\/tbody>\n<\/table>\n<p>&nbsp;<\/p>\n<hr \/>\n<h3><\/h3>\n<h4><span style=\"color: #ff6600;\">Calendari de preinscripci\u00f3 i matr\u00edcula\u00a0 d&#8217;altres estudis no impartits al centre:<\/span><\/h4>\n<p>&nbsp;<\/p>\n<p>Per a m\u00e9s informaci\u00f3 cliqueu el seg\u00fcent\u00a0 <span style=\"text-decoration: underline;\"><a href=\"https:\/\/preinscripcio.gencat.cat\/ca\/inici\/\" target=\"_blank\" rel=\"noopener noreferrer\">Enlla\u00e7 a la web del Departament d&#8217;Educaci\u00f3<\/a><\/span><\/p>\n","protected":false},"excerpt":{"rendered":"<p>Cliqueu els seg\u00fcents enlla\u00e7os per trobar tota la informaci\u00f3 sobre preinscripci\u00f3 i matr\u00edcula dels estudis que ofereix el centre.\u00a0\u00a0 Preinscripci\u00f3 ESO Preinscripci\u00f3 Batxillerat Preinscripci\u00f3 cicle formatiu PFI: Auxiliar d&#8217;instal\u00b7lacions esportives Confirmaci\u00f3 matr\u00edcula ESO (alumnes del centre) Matr\u00edcula ESO (alumnes nous) Matr\u00edcula Batxillerat Matr\u00edcula cicle formatiu PFI: Auxiliar d&#8217;instal\u00b7lacions esportives &nbsp; Calendari de preinscripci\u00f3 i matr\u00edcula\u00a0 [&hellip;]<\/p>\n","protected":false},"author":1,"featured_media":0,"parent":81,"menu_order":10,"comment_status":"closed","ping_status":"closed","template":"","meta":{"_bbp_topic_count":0,"_bbp_reply_count":0,"_bbp_total_topic_count":0,"_bbp_total_reply_count":0,"_bbp_voice_count":0,"_bbp_anonymous_reply_count":0,"_bbp_topic_count_hidden":0,"_bbp_reply_count_hidden":0,"_bbp_forum_subforum_count":0,"site-sidebar-layout":"default","site-content-layout":"","ast-site-content-layout":"default","site-content-style":"default","site-sidebar-style":"default","ast-global-header-display":"","ast-banner-title-visibility":"","ast-main-header-display":"","ast-hfb-above-header-display":"","ast-hfb-below-header-display":"","ast-hfb-mobile-header-display":"","site-post-title":"","ast-breadcrumbs-content":"","ast-featured-img":"","footer-sml-layout":"","theme-transparent-header-meta":"default","adv-header-id-meta":"","stick-header-meta":"","header-above-stick-meta":"","header-main-stick-meta":"","header-below-stick-meta":"","astra-migrate-meta-layouts":"set","ast-page-background-enabled":"default","ast-page-background-meta":{"desktop":{"background-color":"var(--ast-global-color-4)","background-image":"","background-repeat":"repeat","background-position":"center center","background-size":"auto","background-attachment":"scroll","background-type":"","background-media":"","overlay-type":"","overlay-color":"","overlay-opacity":"","overlay-gradient":""},"tablet":{"background-color":"","background-image":"","background-repeat":"repeat","background-position":"center center","background-size":"auto","background-attachment":"scroll","background-type":"","background-media":"","overlay-type":"","overlay-color":"","overlay-opacity":"","overlay-gradient":""},"mobile":{"background-color":"","background-image":"","background-repeat":"repeat","background-position":"center center","background-size":"auto","background-attachment":"scroll","background-type":"","background-media":"","overlay-type":"","overlay-color":"","overlay-opacity":"","overlay-gradient":""}},"ast-content-background-meta":{"desktop":{"background-color":"var(--ast-global-color-5)","background-image":"","background-repeat":"repeat","background-position":"center center","background-size":"auto","background-attachment":"scroll","background-type":"","background-media":"","overlay-type":"","overlay-color":"","overlay-opacity":"","overlay-gradient":""},"tablet":{"background-color":"var(--ast-global-color-5)","background-image":"","background-repeat":"repeat","background-position":"center center","background-size":"auto","background-attachment":"scroll","background-type":"","background-media":"","overlay-type":"","overlay-color":"","overlay-opacity":"","overlay-gradient":""},"mobile":{"background-color":"var(--ast-global-color-5)","background-image":"","background-repeat":"repeat","background-position":"center center","background-size":"auto","background-attachment":"scroll","background-type":"","background-media":"","overlay-type":"","overlay-color":"","overlay-opacity":"","overlay-gradient":""}},"footnotes":""},"class_list":["post-650","page","type-page","status-publish","hentry"],"post_mailing_queue_ids":[],"_links":{"self":[{"href":"https:\/\/agora.xtec.cat\/institutmartamata\/wp-json\/wp\/v2\/pages\/650","targetHints":{"allow":["GET"]}}],"collection":[{"href":"https:\/\/agora.xtec.cat\/institutmartamata\/wp-json\/wp\/v2\/pages"}],"about":[{"href":"https:\/\/agora.xtec.cat\/institutmartamata\/wp-json\/wp\/v2\/types\/page"}],"author":[{"embeddable":true,"href":"https:\/\/agora.xtec.cat\/institutmartamata\/wp-json\/wp\/v2\/users\/1"}],"replies":[{"embeddable":true,"href":"https:\/\/agora.xtec.cat\/institutmartamata\/wp-json\/wp\/v2\/comments?post=650"}],"version-history":[{"count":7,"href":"https:\/\/agora.xtec.cat\/institutmartamata\/wp-json\/wp\/v2\/pages\/650\/revisions"}],"predecessor-version":[{"id":20190,"href":"https:\/\/agora.xtec.cat\/institutmartamata\/wp-json\/wp\/v2\/pages\/650\/revisions\/20190"}],"up":[{"embeddable":true,"href":"https:\/\/agora.xtec.cat\/institutmartamata\/wp-json\/wp\/v2\/pages\/81"}],"wp:attachment":[{"href":"https:\/\/agora.xtec.cat\/institutmartamata\/wp-json\/wp\/v2\/media?parent=650"}],"curies":[{"name":"wp","href":"https:\/\/api.w.org\/{rel}","templated":true}]}}