{"id":1702,"date":"2017-04-08T13:44:31","date_gmt":"2017-04-08T11:44:31","guid":{"rendered":"http:\/\/agora.xtec.cat\/institutmartamata\/?page_id=1702"},"modified":"2026-02-22T23:13:33","modified_gmt":"2026-02-22T22:13:33","slug":"video-de-presentacio","status":"publish","type":"page","link":"https:\/\/agora.xtec.cat\/institutmartamata\/linstitut\/video-de-presentacio\/","title":{"rendered":"Visita virtual"},"content":{"rendered":"<h4><strong>Ens vols con\u00e8ixer?<\/strong> T&#8217;animem a\u00a0 fer una visita guiada per la nostra web. Et proposem:<\/h4>\n<p>&nbsp;<\/p>\n<hr \/>\n<table class=\" aligncenter\" style=\"width: 31px; background-color: #0ec26b;\">\n<tbody>\n<tr>\n<td style=\"width: 27.3333px; text-align: left;\"><strong><span style=\"color: #ffffff;\">1<\/span><\/strong><\/td>\n<\/tr>\n<\/tbody>\n<\/table>\n<p>&nbsp;<\/p>\n<h5 style=\"text-align: center;\">Fer un tour virtual 360\u00ba per\u00a0 les nostres\u00a0 <span style=\"text-decoration: underline;\"><a href=\"http:\/\/agora.xtec.cat\/institutmartamata\/linstitut\/instal%c2%b7lacions\/\" target=\"_blank\" rel=\"noopener noreferrer\">INSTAL\u00b7LACIONS<\/a><\/span><\/h5>\n<p>&nbsp;<\/p>\n<p style=\"text-align: center;\"><iframe loading=\"lazy\" src=\"https:\/\/optim.gr\/martamata\" width=\"640\" height=\"500\" allowfullscreen=\"allowfullscreen\"><\/iframe><\/p>\n<p>&nbsp;<\/p>\n<hr \/>\n<table class=\" aligncenter\" style=\"width: 32px; background-color: #0ec26b;\">\n<tbody>\n<tr>\n<td style=\"width: 27.3333px; text-align: center;\"><strong><span style=\"color: #ffffff;\">2<\/span><\/strong><\/td>\n<\/tr>\n<\/tbody>\n<\/table>\n<h5><\/h5>\n<p>&nbsp;<\/p>\n<h5 style=\"text-align: center;\">Veure videos de presentaci\u00f3 del centre que us donaran una bona idea de com treballem al Marta Mata:<\/h5>\n<p>&nbsp;<\/p>\n<table style=\"border-collapse: collapse; width: 100%; height: 380px;\">\n<tbody>\n<tr style=\"height: 348px;\">\n<td style=\"width: 50%; height: 348px;\">\n<h5 style=\"text-align: left;\"><iframe loading=\"lazy\" title=\"YouTube video player\" src=\"\/\/www.youtube.com\/embed\/KF6hrC02_g4?si=wsqE3PiNXZzhsRkg\" width=\"560\" height=\"315\" frameborder=\"0\" allowfullscreen=\"allowfullscreen\"><\/iframe><\/h5>\n<\/td>\n<td style=\"width: 50%; height: 348px;\"><iframe loading=\"lazy\" src=\"\/\/www.youtube.com\/embed\/3fDyu8_OOEY\" width=\"560\" height=\"315\" frameborder=\"0\" data-mce-fragment=\"1\"><\/iframe><\/td>\n<\/tr>\n<tr style=\"height: 32px;\">\n<td style=\"width: 50%; text-align: center; height: 32px;\">Video de presentaci\u00f3 al Premi Bona Gent 2025<\/td>\n<td style=\"width: 50%; height: 32px; text-align: center;\">Video commemoratiu dels 10 anys de funcionament del centre<\/td>\n<\/tr>\n<\/tbody>\n<\/table>\n<p>&nbsp;<\/p>\n<p>&nbsp;<\/p>\n<hr \/>\n<table class=\" aligncenter\" style=\"width: 30px; background-color: #0ec26b;\">\n<tbody>\n<tr>\n<td style=\"width: 27.2917px; text-align: center;\"><strong><span style=\"color: #ffffff;\">3<\/span><\/strong><\/td>\n<\/tr>\n<\/tbody>\n<\/table>\n<h5><\/h5>\n<p>&nbsp;<\/p>\n<h5 style=\"text-align: center;\">Consultar la presentaci\u00f3 del nostre projecte educatiu: <span style=\"text-decoration: underline;\"><a href=\"https:\/\/drive.google.com\/file\/d\/1HOxqPPsF7q96gqkZxf3vRtxxCnaSXNnR\/view?usp=sharing\" target=\"_blank\" rel=\"noopener\">PER QU\u00c8 EL MARTA MATA \u00c9S EL TEU INSTITUT?<\/a><\/span><\/h5>\n<p>&nbsp;<\/p>\n<p><a href=\"https:\/\/agora.xtec.cat\/institutmartamata\/wp-content\/uploads\/usu281\/2024\/02\/1Projecte-educatiu-2.jpg\"><img loading=\"lazy\" decoding=\"async\" class=\"size-full wp-image-16257 aligncenter\" src=\"https:\/\/agora.xtec.cat\/institutmartamata\/wp-content\/uploads\/usu281\/2024\/02\/1Projecte-educatiu-2.jpg\" alt=\"\" width=\"498\" height=\"430\" srcset=\"https:\/\/agora.xtec.cat\/institutmartamata\/wp-content\/uploads\/usu281\/2024\/02\/1Projecte-educatiu-2.jpg 498w, https:\/\/agora.xtec.cat\/institutmartamata\/wp-content\/uploads\/usu281\/2024\/02\/1Projecte-educatiu-2-300x259.jpg 300w\" sizes=\"auto, (max-width: 498px) 100vw, 498px\" \/><\/a><\/p>\n<h5 style=\"text-align: center;\"><\/h5>\n<hr \/>\n<h4 style=\"text-align: center;\"><strong><span style=\"color: #ffffff;\">4<\/span><\/strong><\/h4>\n<table class=\" aligncenter\" style=\"border-collapse: collapse; width: 2.75971%; height: 31px;\">\n<tbody>\n<tr>\n<td style=\"width: 100%; background-color: #18b52a; text-align: center;\"><span style=\"color: #ffffff;\"><strong>4<\/strong><\/span><\/td>\n<\/tr>\n<\/tbody>\n<\/table>\n<h5 style=\"text-align: center;\"><\/h5>\n<p>&nbsp;<\/p>\n<h5 style=\"text-align: center;\">Con\u00e8ixer els nostres projectes internacionals Erasmus i eTwinning<\/h5>\n<p>&nbsp;<\/p>\n<table style=\"border-collapse: collapse; width: 100%;\">\n<tbody>\n<tr>\n<td style=\"width: 50%;\"><a href=\"https:\/\/agora.xtec.cat\/institutmartamata\/projecte-educatiu\/erasmus\/\" target=\"_blank\" rel=\"noopener\"><img loading=\"lazy\" decoding=\"async\" class=\"alignnone wp-image-13097\" src=\"https:\/\/agora.xtec.cat\/institutmartamata\/wp-content\/uploads\/usu281\/2022\/01\/Acreditacio-Erasmus-1024x727.png\" sizes=\"auto, (max-width: 479px) 100vw, 479px\" srcset=\"https:\/\/agora.xtec.cat\/institutmartamata\/wp-content\/uploads\/usu281\/2022\/01\/Acreditacio-Erasmus-1024x727.png 1024w, https:\/\/agora.xtec.cat\/institutmartamata\/wp-content\/uploads\/usu281\/2022\/01\/Acreditacio-Erasmus-300x213.png 300w, https:\/\/agora.xtec.cat\/institutmartamata\/wp-content\/uploads\/usu281\/2022\/01\/Acreditacio-Erasmus-768x545.png 768w, https:\/\/agora.xtec.cat\/institutmartamata\/wp-content\/uploads\/usu281\/2022\/01\/Acreditacio-Erasmus.png 1455w\" alt=\"\" width=\"479\" height=\"341\" \/><\/a><\/td>\n<td style=\"width: 50%;\"><a href=\"https:\/\/agora.xtec.cat\/institutmartamata\/categoria\/etwinning\/\" target=\"_blank\" rel=\"noopener\"><img loading=\"lazy\" decoding=\"async\" class=\"aligncenter wp-image-18176 size-full\" src=\"https:\/\/agora.xtec.cat\/institutmartamata\/wp-content\/uploads\/usu281\/2025\/03\/label-etw.png\" alt=\"\" width=\"233\" height=\"300\" \/><\/a><\/td>\n<\/tr>\n<tr>\n<td style=\"width: 50%; text-align: center;\">\n<h4><span style=\"text-decoration: underline;\"><a href=\"https:\/\/agora.xtec.cat\/institutmartamata\/projecte-educatiu\/erasmus\/\" target=\"_blank\" rel=\"noopener\">Projectes ERASMUS<\/a><\/span><\/h4>\n<\/td>\n<td style=\"width: 50%;\">\n<h4 style=\"text-align: center;\"><span style=\"text-decoration: underline;\"><a href=\"https:\/\/agora.xtec.cat\/institutmartamata\/categoria\/etwinning\/\" target=\"_blank\" rel=\"noopener\">Projectes eTwinning<\/a><\/span><\/h4>\n<\/td>\n<\/tr>\n<\/tbody>\n<\/table>\n<p>&nbsp;<\/p>\n<hr \/>\n<table class=\" aligncenter\" style=\"width: 31px; background-color: #0ec26b;\">\n<tbody>\n<tr>\n<td style=\"width: 27.3333px; text-align: center;\"><strong><span style=\"color: #ffffff;\">5<\/span><\/strong><\/td>\n<\/tr>\n<\/tbody>\n<\/table>\n<h5><a href=\"https:\/\/agora.xtec.cat\/institutmartamata\/wp-content\/uploads\/usu281\/2020\/05\/PREGUNTES-FREQ\u00dcENTS-2021.pdf\"><img loading=\"lazy\" decoding=\"async\" class=\"wp-image-11551 size-full alignright\" src=\"https:\/\/agora.xtec.cat\/institutmartamata\/wp-content\/uploads\/usu281\/2020\/05\/interrogant.jpg\" alt=\"\" width=\"225\" height=\"225\" srcset=\"https:\/\/agora.xtec.cat\/institutmartamata\/wp-content\/uploads\/usu281\/2020\/05\/interrogant.jpg 225w, https:\/\/agora.xtec.cat\/institutmartamata\/wp-content\/uploads\/usu281\/2020\/05\/interrogant-150x150.jpg 150w\" sizes=\"auto, (max-width: 225px) 100vw, 225px\" \/><\/a><\/h5>\n<p>&nbsp;<\/p>\n<h5 style=\"text-align: left;\">Llegir el recull de les preguntes freq\u00fcents que les fam\u00edlies ens feu durant les <span style=\"font-family: inherit; font-size: 1em;\">jornades de portes obertes junt amb les respostes:\u00a0<\/span><\/h5>\n<p>&nbsp;<\/p>\n<h5 style=\"text-align: center;\"><strong><span style=\"text-decoration: underline;\"><a href=\"https:\/\/drive.google.com\/file\/d\/13hFY28Llw2HP7V8O6fbs3n9LsYZrsw8T\/view?usp=sharing\" target=\"_blank\" rel=\"noopener\">PREGUNTES FREQ\u00dcENTS<\/a><\/span><\/strong><\/h5>\n<p>&nbsp;<\/p>\n<hr \/>\n<table class=\" aligncenter\" style=\"width: 31px; background-color: #0ec26b;\">\n<tbody>\n<tr>\n<td style=\"width: 27.3333px; text-align: center;\"><strong><span style=\"color: #ffffff;\">6<\/span><\/strong><\/td>\n<\/tr>\n<\/tbody>\n<\/table>\n<p>&nbsp;<\/p>\n<h5 style=\"text-align: center;\">Saber qu\u00e8 pensen alguns antics alumnes de l&#8217;institut:\u00a0 <span style=\"text-decoration: underline;\"><a href=\"https:\/\/drive.google.com\/file\/d\/1g1uFZkQwjIbqwwHpL-6J7PLf1pvH98ms\/view?usp=sharing\" target=\"_blank\" rel=\"noopener noreferrer\">VIDEO AMB OPINIONS D&#8217;EXALUMNES<\/a><\/span><\/h5>\n<p>&nbsp;<\/p>\n<hr \/>\n<p>&nbsp;<\/p>\n<table class=\" aligncenter\" style=\"width: 31px; background-color: #0ec26b;\">\n<tbody>\n<tr>\n<td style=\"width: 27.3333px; text-align: center;\"><strong><span style=\"color: #ffffff;\">7<\/span><\/strong><\/td>\n<\/tr>\n<\/tbody>\n<\/table>\n<p>&nbsp;<\/p>\n<h5 style=\"text-align: center;\">Navegar per la web del centre, clicant al bot\u00f3 men\u00fa que teniu a la dreta de la p\u00e0gina:<\/h5>\n<p>&nbsp;<\/p>\n<p><a href=\"https:\/\/agora.xtec.cat\/institutmartamata\/wp-content\/uploads\/usu281\/2022\/02\/InkedCaptura-de-pantalla-468_LI.jpg\"><img loading=\"lazy\" decoding=\"async\" class=\"wp-image-13214 aligncenter\" src=\"https:\/\/agora.xtec.cat\/institutmartamata\/wp-content\/uploads\/usu281\/2022\/02\/InkedCaptura-de-pantalla-468_LI-1024x268.jpg\" alt=\"\" width=\"653\" height=\"171\" srcset=\"https:\/\/agora.xtec.cat\/institutmartamata\/wp-content\/uploads\/usu281\/2022\/02\/InkedCaptura-de-pantalla-468_LI-1024x268.jpg 1024w, https:\/\/agora.xtec.cat\/institutmartamata\/wp-content\/uploads\/usu281\/2022\/02\/InkedCaptura-de-pantalla-468_LI-300x79.jpg 300w, https:\/\/agora.xtec.cat\/institutmartamata\/wp-content\/uploads\/usu281\/2022\/02\/InkedCaptura-de-pantalla-468_LI-768x201.jpg 768w, https:\/\/agora.xtec.cat\/institutmartamata\/wp-content\/uploads\/usu281\/2022\/02\/InkedCaptura-de-pantalla-468_LI-1536x402.jpg 1536w, https:\/\/agora.xtec.cat\/institutmartamata\/wp-content\/uploads\/usu281\/2022\/02\/InkedCaptura-de-pantalla-468_LI-2048x536.jpg 2048w\" sizes=\"auto, (max-width: 653px) 100vw, 653px\" \/><\/a><\/p>\n<p>&nbsp;<\/p>\n<p style=\"text-align: center;\">S&#8217;obrir\u00e0 una pantalla com aquesta:<\/p>\n<p><a href=\"https:\/\/agora.xtec.cat\/institutmartamata\/wp-content\/uploads\/usu281\/2020\/03\/Captura-de-pantalla-82.png\"><img loading=\"lazy\" decoding=\"async\" class=\"wp-image-10226 aligncenter\" src=\"https:\/\/agora.xtec.cat\/institutmartamata\/wp-content\/uploads\/usu281\/2020\/03\/Captura-de-pantalla-82-1024x472.png\" alt=\"\" width=\"654\" height=\"301\" srcset=\"https:\/\/agora.xtec.cat\/institutmartamata\/wp-content\/uploads\/usu281\/2020\/03\/Captura-de-pantalla-82-1024x472.png 1024w, https:\/\/agora.xtec.cat\/institutmartamata\/wp-content\/uploads\/usu281\/2020\/03\/Captura-de-pantalla-82-300x138.png 300w, https:\/\/agora.xtec.cat\/institutmartamata\/wp-content\/uploads\/usu281\/2020\/03\/Captura-de-pantalla-82-768x354.png 768w\" sizes=\"auto, (max-width: 654px) 100vw, 654px\" \/><\/a><\/p>\n<p>&nbsp;<\/p>\n<h5>Us recomanem especialment visitar:<\/h5>\n<ul>\n<li style=\"list-style-type: none;\">\n<ul>\n<li><strong>L&#8217;apartat 1<\/strong> on\u00a0 podeu veure\u00a0 la informaci\u00f3 sobre el centre i la seva organitzaci\u00f3: qui som, els perfils de l&#8217;equip directiu, projecte educatiu, Consell escolar&#8230;<\/li>\n<li><strong>L&#8217;apartat 2<\/strong> on podeu consultar l&#8217;oferta de mat\u00e8ries que oferim.<\/li>\n<li><strong>L&#8217;apartat 3 <\/strong>on teniu un resum dels projectes que duem a terme i que ens singularitzen com a centre innovador i de qualitat.<\/li>\n<li>Els <strong>articles publicats<\/strong> i la <span style=\"text-decoration: underline;\"><a href=\"https:\/\/martamatasalou.junior-report.media\/category\/noticia\/\" target=\"_blank\" rel=\"noopener noreferrer\"><strong>revista digital<\/strong><\/a> ,<\/span> doncs us donaran bona idea de les activitats i la vida cultural del nostre institut.<a href=\"https:\/\/martamatasalou.junior-report.media\/category\/noticia\/\" target=\"_blank\" rel=\"noopener\"><img loading=\"lazy\" decoding=\"async\" class=\"aligncenter wp-image-10381\" src=\"https:\/\/agora.xtec.cat\/institutmartamata\/wp-content\/uploads\/usu281\/2020\/04\/Captura-de-pantalla-187-1024x692.png\" alt=\"\" width=\"614\" height=\"415\" \/><\/a><\/li>\n<\/ul>\n<\/li>\n<\/ul>\n<p>&nbsp;<\/p>\n<p>Si despr\u00e9s d&#8217;haver fet la visita virtual, teniu algun dubte o ens voleu fer alguna consulta, podeu contactar amb nosaltres via mail a l&#8217;adre\u00e7a del centre, <strong>e3010347@xtec.cat, <\/strong>escrivint a l&#8217;assumpte<strong> Consulta <\/strong>i us atendrem amb molt de gust.<\/p>\n<p>&nbsp;<\/p>\n<h3 style=\"text-align: center;\"><em><strong>Moltes gr\u00e0cies per la vostra visita!<\/strong><\/em><\/h3>\n<p>&nbsp;<\/p>\n<p>&nbsp;<\/p>\n","protected":false},"excerpt":{"rendered":"<p>Ens vols con\u00e8ixer? T&#8217;animem a\u00a0 fer una visita guiada per la nostra web. Et proposem: &nbsp; 1 &nbsp; Fer un tour virtual 360\u00ba per\u00a0 les nostres\u00a0 INSTAL\u00b7LACIONS &nbsp; &nbsp; 2 &nbsp; Veure videos de presentaci\u00f3 del centre que us donaran una bona idea de com treballem al Marta Mata: &nbsp; Video de presentaci\u00f3 al Premi [&hellip;]<\/p>\n","protected":false},"author":4,"featured_media":0,"parent":19,"menu_order":0,"comment_status":"closed","ping_status":"closed","template":"page-templates\/side-menu.php","meta":{"_bbp_topic_count":0,"_bbp_reply_count":0,"_bbp_total_topic_count":0,"_bbp_total_reply_count":0,"_bbp_voice_count":0,"_bbp_anonymous_reply_count":0,"_bbp_topic_count_hidden":0,"_bbp_reply_count_hidden":0,"_bbp_forum_subforum_count":0,"site-sidebar-layout":"default","site-content-layout":"","ast-site-content-layout":"","site-content-style":"default","site-sidebar-style":"default","ast-global-header-display":"","ast-banner-title-visibility":"","ast-main-header-display":"","ast-hfb-above-header-display":"","ast-hfb-below-header-display":"","ast-hfb-mobile-header-display":"","site-post-title":"","ast-breadcrumbs-content":"","ast-featured-img":"","footer-sml-layout":"","theme-transparent-header-meta":"","adv-header-id-meta":"","stick-header-meta":"","header-above-stick-meta":"","header-main-stick-meta":"","header-below-stick-meta":"","astra-migrate-meta-layouts":"default","ast-page-background-enabled":"default","ast-page-background-meta":{"desktop":{"background-color":"var(--ast-global-color-4)","background-image":"","background-repeat":"repeat","background-position":"center center","background-size":"auto","background-attachment":"scroll","background-type":"","background-media":"","overlay-type":"","overlay-color":"","overlay-opacity":"","overlay-gradient":""},"tablet":{"background-color":"","background-image":"","background-repeat":"repeat","background-position":"center center","background-size":"auto","background-attachment":"scroll","background-type":"","background-media":"","overlay-type":"","overlay-color":"","overlay-opacity":"","overlay-gradient":""},"mobile":{"background-color":"","background-image":"","background-repeat":"repeat","background-position":"center center","background-size":"auto","background-attachment":"scroll","background-type":"","background-media":"","overlay-type":"","overlay-color":"","overlay-opacity":"","overlay-gradient":""}},"ast-content-background-meta":{"desktop":{"background-color":"var(--ast-global-color-5)","background-image":"","background-repeat":"repeat","background-position":"center center","background-size":"auto","background-attachment":"scroll","background-type":"","background-media":"","overlay-type":"","overlay-color":"","overlay-opacity":"","overlay-gradient":""},"tablet":{"background-color":"var(--ast-global-color-5)","background-image":"","background-repeat":"repeat","background-position":"center center","background-size":"auto","background-attachment":"scroll","background-type":"","background-media":"","overlay-type":"","overlay-color":"","overlay-opacity":"","overlay-gradient":""},"mobile":{"background-color":"var(--ast-global-color-5)","background-image":"","background-repeat":"repeat","background-position":"center center","background-size":"auto","background-attachment":"scroll","background-type":"","background-media":"","overlay-type":"","overlay-color":"","overlay-opacity":"","overlay-gradient":""}},"footnotes":""},"class_list":["post-1702","page","type-page","status-publish","hentry"],"post_mailing_queue_ids":[],"_links":{"self":[{"href":"https:\/\/agora.xtec.cat\/institutmartamata\/wp-json\/wp\/v2\/pages\/1702","targetHints":{"allow":["GET"]}}],"collection":[{"href":"https:\/\/agora.xtec.cat\/institutmartamata\/wp-json\/wp\/v2\/pages"}],"about":[{"href":"https:\/\/agora.xtec.cat\/institutmartamata\/wp-json\/wp\/v2\/types\/page"}],"author":[{"embeddable":true,"href":"https:\/\/agora.xtec.cat\/institutmartamata\/wp-json\/wp\/v2\/users\/4"}],"replies":[{"embeddable":true,"href":"https:\/\/agora.xtec.cat\/institutmartamata\/wp-json\/wp\/v2\/comments?post=1702"}],"version-history":[{"count":6,"href":"https:\/\/agora.xtec.cat\/institutmartamata\/wp-json\/wp\/v2\/pages\/1702\/revisions"}],"predecessor-version":[{"id":19815,"href":"https:\/\/agora.xtec.cat\/institutmartamata\/wp-json\/wp\/v2\/pages\/1702\/revisions\/19815"}],"up":[{"embeddable":true,"href":"https:\/\/agora.xtec.cat\/institutmartamata\/wp-json\/wp\/v2\/pages\/19"}],"wp:attachment":[{"href":"https:\/\/agora.xtec.cat\/institutmartamata\/wp-json\/wp\/v2\/media?parent=1702"}],"curies":[{"name":"wp","href":"https:\/\/api.w.org\/{rel}","templated":true}]}}