{"id":7046,"date":"2025-02-11T14:17:27","date_gmt":"2025-02-11T13:17:27","guid":{"rendered":"https:\/\/agora.xtec.cat\/institutlesmargues\/?page_id=7046"},"modified":"2025-02-14T11:01:54","modified_gmt":"2025-02-14T10:01:54","slug":"comunicacio-families","status":"publish","type":"page","link":"https:\/\/agora.xtec.cat\/institutlesmargues\/comunicacio-families\/","title":{"rendered":"Comunicaci\u00f3 fam\u00edlies"},"content":{"rendered":"<p dir=\"ltr\">La fam\u00edlia i el centre compartim el dret i el deure en l\u2019educaci\u00f3 de l\u2019alumnat. Per aix\u00f2, el comprom\u00eds i la comunicaci\u00f3 entre ambdues parts \u00e9s fonamental per a l\u2019\u00e8xit escolar.<\/p>\n<p dir=\"ltr\">A principis del mes de setembre es convoca les fam\u00edlies a una reuni\u00f3 per poder-los traslladar informacions rellevants del curs.\u00a0Durant les primeres setmanes de curs\u00a0el tutor individual mant\u00e9 un primer contacte amb la fam\u00edlia.\u00a0Al llarg del primer i\/o segon trimestre\u00a0el tutor individual realitza com a m\u00ednim una entrevista amb la fam\u00edlia o tutors legals per valorar el seguiment de l\u2019alumne\/a.<\/p>\n<p dir=\"ltr\">Per tal de facilitar la comunicaci\u00f3 entre les fam\u00edlies i el centre, utilitzem la plataforma\u00a0<a href=\"https:\/\/login.ieduca.com\/?error=login.no_token&amp;lang=ca&amp;centre=sescalldetenes&amp;modul=base&amp;urlback=Lw%3D%3D\" target=\"_blank\" rel=\"noopener\" data-saferedirecturl=\"https:\/\/www.google.com\/url?q=https:\/\/login.ieduca.com\/?error%3Dlogin.no_token%26lang%3Dca%26centre%3Dsescalldetenes%26modul%3Dbase%26urlback%3DLw%253D%253D&amp;source=gmail&amp;ust=1739613196225000&amp;usg=AOvVaw0Kw8r_a2lzNwZYDebdzIbW\">iEduca<\/a>. A la reuni\u00f3 del mes de setembre s&#8217;explica com accedir-hi, qu\u00e8 s\u2019hi pot consultar i quin \u00fas en poden fer les fam\u00edlies.\u00a0Tamb\u00e9 es pot consultar la\u00a0<a href=\"https:\/\/agora.xtec.cat\/institutlesmargues\/\" target=\"_blank\" rel=\"noopener\" data-saferedirecturl=\"https:\/\/www.google.com\/url?q=https:\/\/agora.xtec.cat\/institutlesmargues\/&amp;source=gmail&amp;ust=1739613196225000&amp;usg=AOvVaw2do3CT3g9QEBylXk1foO6F\">p\u00e0gina web<\/a>\u00a0i les diverses xarxes socials de l\u2019institut (<a href=\"https:\/\/www.instagram.com\/institutlesmargues\/\" target=\"_blank\" rel=\"noopener\" data-saferedirecturl=\"https:\/\/www.google.com\/url?q=https:\/\/www.instagram.com\/institutlesmargues\/&amp;source=gmail&amp;ust=1739613196225000&amp;usg=AOvVaw0zZQD8beTQj5qB5mNJlKrZ\">Instagram<\/a>,\u00a0<a href=\"https:\/\/twitter.com\/MarguesSi\" target=\"_blank\" rel=\"noopener\" data-saferedirecturl=\"https:\/\/www.google.com\/url?q=https:\/\/twitter.com\/MarguesSi&amp;source=gmail&amp;ust=1739613196225000&amp;usg=AOvVaw2Smtf7KYPCjIvqwAjEajFt\">X<\/a>)\u00a0per fer un seguiment de les diverses activitats que duem a terme dins i fora de l\u2019institut.<\/p>\n<ul>\n<li style=\"list-style-type: none;\">\n<ul>\n<li><a href=\"https:\/\/agora.xtec.cat\/institutlesmargues\/protocol-de-comunicacio\/\" target=\"_blank\" rel=\"noopener\">Protocol de comunicaci\u00f3 fam\u00edlies-institut<\/a><\/li>\n<li><a href=\"https:\/\/agora.xtec.cat\/institutlesmargues\/wp-content\/uploads\/usu540\/2025\/02\/justificant-absencia.pdf\" target=\"_blank\" rel=\"noopener\">Justificant abs\u00e8ncia alumnat<\/a><\/li>\n<li><a href=\"https:\/\/agora.xtec.cat\/institutlesmargues\/ieduca\/\" target=\"_blank\" rel=\"noopener\">iEduca<\/a><\/li>\n<li><a href=\"https:\/\/agora.xtec.cat\/institutlesmargues\/tpvescola\/\" target=\"_blank\" rel=\"noopener\">TPVEscola<\/a><\/li>\n<\/ul>\n<\/li>\n<\/ul>\n<p>&nbsp;<\/p>\n<p>&nbsp;<\/p>\n","protected":false},"excerpt":{"rendered":"<p>La fam\u00edlia i el centre compartim el dret i el deure en l\u2019educaci\u00f3 de l\u2019alumnat. Per aix\u00f2, el comprom\u00eds i la comunicaci\u00f3 entre ambdues parts \u00e9s fonamental per a l\u2019\u00e8xit escolar. A principis del mes de setembre es convoca les fam\u00edlies a una reuni\u00f3 per poder-los traslladar informacions rellevants del curs.\u00a0Durant les primeres setmanes de [&hellip;]<\/p>\n","protected":false},"author":1,"featured_media":0,"parent":0,"menu_order":0,"comment_status":"closed","ping_status":"closed","template":"","meta":{"_bbp_topic_count":0,"_bbp_reply_count":0,"_bbp_total_topic_count":0,"_bbp_total_reply_count":0,"_bbp_voice_count":0,"_bbp_anonymous_reply_count":0,"_bbp_topic_count_hidden":0,"_bbp_reply_count_hidden":0,"_bbp_forum_subforum_count":0,"site-sidebar-layout":"default","site-content-layout":"","ast-site-content-layout":"","site-content-style":"default","site-sidebar-style":"default","ast-global-header-display":"","ast-banner-title-visibility":"","ast-main-header-display":"","ast-hfb-above-header-display":"","ast-hfb-below-header-display":"","ast-hfb-mobile-header-display":"","site-post-title":"","ast-breadcrumbs-content":"","ast-featured-img":"","footer-sml-layout":"","theme-transparent-header-meta":"","adv-header-id-meta":"","stick-header-meta":"","header-above-stick-meta":"","header-main-stick-meta":"","header-below-stick-meta":"","astra-migrate-meta-layouts":"default","ast-page-background-enabled":"default","ast-page-background-meta":{"desktop":{"background-color":"var(--ast-global-color-4)","background-image":"","background-repeat":"repeat","background-position":"center center","background-size":"auto","background-attachment":"scroll","background-type":"","background-media":"","overlay-type":"","overlay-color":"","overlay-opacity":"","overlay-gradient":""},"tablet":{"background-color":"","background-image":"","background-repeat":"repeat","background-position":"center center","background-size":"auto","background-attachment":"scroll","background-type":"","background-media":"","overlay-type":"","overlay-color":"","overlay-opacity":"","overlay-gradient":""},"mobile":{"background-color":"","background-image":"","background-repeat":"repeat","background-position":"center center","background-size":"auto","background-attachment":"scroll","background-type":"","background-media":"","overlay-type":"","overlay-color":"","overlay-opacity":"","overlay-gradient":""}},"ast-content-background-meta":{"desktop":{"background-color":"var(--ast-global-color-5)","background-image":"","background-repeat":"repeat","background-position":"center center","background-size":"auto","background-attachment":"scroll","background-type":"","background-media":"","overlay-type":"","overlay-color":"","overlay-opacity":"","overlay-gradient":""},"tablet":{"background-color":"var(--ast-global-color-5)","background-image":"","background-repeat":"repeat","background-position":"center center","background-size":"auto","background-attachment":"scroll","background-type":"","background-media":"","overlay-type":"","overlay-color":"","overlay-opacity":"","overlay-gradient":""},"mobile":{"background-color":"var(--ast-global-color-5)","background-image":"","background-repeat":"repeat","background-position":"center center","background-size":"auto","background-attachment":"scroll","background-type":"","background-media":"","overlay-type":"","overlay-color":"","overlay-opacity":"","overlay-gradient":""}},"footnotes":""},"class_list":["post-7046","page","type-page","status-publish","hentry"],"post_mailing_queue_ids":[],"_links":{"self":[{"href":"https:\/\/agora.xtec.cat\/institutlesmargues\/wp-json\/wp\/v2\/pages\/7046","targetHints":{"allow":["GET"]}}],"collection":[{"href":"https:\/\/agora.xtec.cat\/institutlesmargues\/wp-json\/wp\/v2\/pages"}],"about":[{"href":"https:\/\/agora.xtec.cat\/institutlesmargues\/wp-json\/wp\/v2\/types\/page"}],"author":[{"embeddable":true,"href":"https:\/\/agora.xtec.cat\/institutlesmargues\/wp-json\/wp\/v2\/users\/1"}],"replies":[{"embeddable":true,"href":"https:\/\/agora.xtec.cat\/institutlesmargues\/wp-json\/wp\/v2\/comments?post=7046"}],"version-history":[{"count":6,"href":"https:\/\/agora.xtec.cat\/institutlesmargues\/wp-json\/wp\/v2\/pages\/7046\/revisions"}],"predecessor-version":[{"id":7095,"href":"https:\/\/agora.xtec.cat\/institutlesmargues\/wp-json\/wp\/v2\/pages\/7046\/revisions\/7095"}],"wp:attachment":[{"href":"https:\/\/agora.xtec.cat\/institutlesmargues\/wp-json\/wp\/v2\/media?parent=7046"}],"curies":[{"name":"wp","href":"https:\/\/api.w.org\/{rel}","templated":true}]}}