{"id":5839,"date":"2023-04-26T20:56:08","date_gmt":"2023-04-26T18:56:08","guid":{"rendered":"https:\/\/agora.xtec.cat\/institutlesmargues\/?page_id=5839"},"modified":"2023-04-26T21:21:51","modified_gmt":"2023-04-26T19:21:51","slug":"programa-dauxiliars-de-conversa","status":"publish","type":"page","link":"https:\/\/agora.xtec.cat\/institutlesmargues\/projecte-educatiu\/programa-dauxiliars-de-conversa\/","title":{"rendered":"Programa d&#8217;auxiliars de conversa"},"content":{"rendered":"<p><strong>PROGRAMA D\u2019AUXILIARS DE CONVERSA<\/strong><\/p>\n<p>El Programa d\u2019Auxiliars de Conversa s\u2019emmarca dins del conjunt d\u2019actuacions destinades a donar suport a aquells centres que desenvolupen un projecte innovador per a la gesti\u00f3 de les lleng\u00fces estrangeres curriculars. Els auxiliars de conversa en els centres catalans s\u00f3n un recurs de primer ordre per a estimular l\u2019aprenentatge de lleng\u00fces i el coneixement d\u2019altres cultures i d\u2019altres formes d\u2019entendre el m\u00f3n. La seva tasca educativa dona suport ling\u00fc\u00edstic a les activitats programades pel tutor o tutora d\u2019aula, amb un objectiu com\u00fa: el desenvolupament de les compet\u00e8ncies comunicatives i ling\u00fc\u00edstiques de l\u2019alumnat. Aquest objectiu \u00e9s clau per a l\u2019aprenentatge al llarg de tota la vida, at\u00e8s que l\u2019oralitat esdev\u00e9 una habilitat b\u00e0sica i transversal per a l\u2019estudi i el creixement personal.<\/p>\n<p><strong>OBJECTIUS<\/strong><\/p>\n<ol>\n<li>Estimular l\u2019aprenentatge de lleng\u00fces i el coneixement d\u2019altres cultures i d\u2019altres formes d\u2019entendre el m\u00f3n.<\/li>\n<li>Millorar la compet\u00e8ncia oral i comunicativa de l\u2019alumnat.<\/li>\n<li>Participar en alguns dels plans d\u2019innovaci\u00f3 i projectes internacionals que es duen a terme al nostre centre que estiguin relacionats amb la seva tasca d\u2019auxiliar de conversa.<\/li>\n<\/ol>\n","protected":false},"excerpt":{"rendered":"<p>PROGRAMA D\u2019AUXILIARS DE CONVERSA El Programa d\u2019Auxiliars de Conversa s\u2019emmarca dins del conjunt d\u2019actuacions destinades a donar suport a aquells centres que desenvolupen un projecte innovador per a la gesti\u00f3 de les lleng\u00fces estrangeres curriculars. Els auxiliars de conversa en els centres catalans s\u00f3n un recurs de primer ordre per a estimular l\u2019aprenentatge de lleng\u00fces [&hellip;]<\/p>\n","protected":false},"author":1,"featured_media":0,"parent":57,"menu_order":0,"comment_status":"closed","ping_status":"closed","template":"page-templates\/side-menu.php","meta":{"_bbp_topic_count":0,"_bbp_reply_count":0,"_bbp_total_topic_count":0,"_bbp_total_reply_count":0,"_bbp_voice_count":0,"_bbp_anonymous_reply_count":0,"_bbp_topic_count_hidden":0,"_bbp_reply_count_hidden":0,"_bbp_forum_subforum_count":0,"site-sidebar-layout":"default","site-content-layout":"","ast-site-content-layout":"","site-content-style":"default","site-sidebar-style":"default","ast-global-header-display":"","ast-banner-title-visibility":"","ast-main-header-display":"","ast-hfb-above-header-display":"","ast-hfb-below-header-display":"","ast-hfb-mobile-header-display":"","site-post-title":"","ast-breadcrumbs-content":"","ast-featured-img":"","footer-sml-layout":"","theme-transparent-header-meta":"","adv-header-id-meta":"","stick-header-meta":"","header-above-stick-meta":"","header-main-stick-meta":"","header-below-stick-meta":"","astra-migrate-meta-layouts":"default","ast-page-background-enabled":"default","ast-page-background-meta":{"desktop":{"background-color":"var(--ast-global-color-4)","background-image":"","background-repeat":"repeat","background-position":"center center","background-size":"auto","background-attachment":"scroll","background-type":"","background-media":"","overlay-type":"","overlay-color":"","overlay-opacity":"","overlay-gradient":""},"tablet":{"background-color":"","background-image":"","background-repeat":"repeat","background-position":"center center","background-size":"auto","background-attachment":"scroll","background-type":"","background-media":"","overlay-type":"","overlay-color":"","overlay-opacity":"","overlay-gradient":""},"mobile":{"background-color":"","background-image":"","background-repeat":"repeat","background-position":"center center","background-size":"auto","background-attachment":"scroll","background-type":"","background-media":"","overlay-type":"","overlay-color":"","overlay-opacity":"","overlay-gradient":""}},"ast-content-background-meta":{"desktop":{"background-color":"var(--ast-global-color-5)","background-image":"","background-repeat":"repeat","background-position":"center center","background-size":"auto","background-attachment":"scroll","background-type":"","background-media":"","overlay-type":"","overlay-color":"","overlay-opacity":"","overlay-gradient":""},"tablet":{"background-color":"var(--ast-global-color-5)","background-image":"","background-repeat":"repeat","background-position":"center center","background-size":"auto","background-attachment":"scroll","background-type":"","background-media":"","overlay-type":"","overlay-color":"","overlay-opacity":"","overlay-gradient":""},"mobile":{"background-color":"var(--ast-global-color-5)","background-image":"","background-repeat":"repeat","background-position":"center center","background-size":"auto","background-attachment":"scroll","background-type":"","background-media":"","overlay-type":"","overlay-color":"","overlay-opacity":"","overlay-gradient":""}},"footnotes":""},"class_list":["post-5839","page","type-page","status-publish","hentry"],"post_mailing_queue_ids":[],"_links":{"self":[{"href":"https:\/\/agora.xtec.cat\/institutlesmargues\/wp-json\/wp\/v2\/pages\/5839","targetHints":{"allow":["GET"]}}],"collection":[{"href":"https:\/\/agora.xtec.cat\/institutlesmargues\/wp-json\/wp\/v2\/pages"}],"about":[{"href":"https:\/\/agora.xtec.cat\/institutlesmargues\/wp-json\/wp\/v2\/types\/page"}],"author":[{"embeddable":true,"href":"https:\/\/agora.xtec.cat\/institutlesmargues\/wp-json\/wp\/v2\/users\/1"}],"replies":[{"embeddable":true,"href":"https:\/\/agora.xtec.cat\/institutlesmargues\/wp-json\/wp\/v2\/comments?post=5839"}],"version-history":[{"count":2,"href":"https:\/\/agora.xtec.cat\/institutlesmargues\/wp-json\/wp\/v2\/pages\/5839\/revisions"}],"predecessor-version":[{"id":5841,"href":"https:\/\/agora.xtec.cat\/institutlesmargues\/wp-json\/wp\/v2\/pages\/5839\/revisions\/5841"}],"up":[{"embeddable":true,"href":"https:\/\/agora.xtec.cat\/institutlesmargues\/wp-json\/wp\/v2\/pages\/57"}],"wp:attachment":[{"href":"https:\/\/agora.xtec.cat\/institutlesmargues\/wp-json\/wp\/v2\/media?parent=5839"}],"curies":[{"name":"wp","href":"https:\/\/api.w.org\/{rel}","templated":true}]}}