{"id":2793,"date":"2020-09-02T10:05:37","date_gmt":"2020-09-02T08:05:37","guid":{"rendered":"http:\/\/agora.xtec.cat\/institutlesmargues\/?page_id=2793"},"modified":"2024-12-09T10:28:54","modified_gmt":"2024-12-09T09:28:54","slug":"comissions","status":"publish","type":"page","link":"https:\/\/agora.xtec.cat\/institutlesmargues\/linstitut\/organigrama\/comissions\/","title":{"rendered":"Comissions professorat"},"content":{"rendered":"<table style=\"height: 395px; width: 106.461%;\">\n<tbody>\n<tr style=\"height: 32px;\">\n<td style=\"height: 32px; text-align: center; width: 39.2334%;\"><strong>COMISSIONS<\/strong><\/td>\n<td style=\"text-align: center; width: 59.9775%; height: 32px;\"><strong>PROFESSORAT \/ PAS<\/strong><\/td>\n<\/tr>\n<tr style=\"height: 32px;\">\n<td style=\"height: 32px; width: 39.2334%;\">Manteniment i seguretat de centre<\/td>\n<td style=\"height: 32px; width: 59.9775%;\">Departament Cient\u00edfic-Tecnol\u00f2gic, Albert Soler<\/td>\n<\/tr>\n<tr style=\"height: 32px;\">\n<td style=\"height: 32px; width: 39.2334%;\">\n<p style=\"font-weight: 400;\">Manteniment i seguretat del centre, Saber \u00e9s salvar, Escola verda, STEAMcat, Digital<\/p>\n<\/td>\n<td style=\"height: 32px; width: 59.9775%;\">Departament Cient\u00edfic-Tecnol\u00f2gic, Albert Soler<\/td>\n<\/tr>\n<tr style=\"height: 32px;\">\n<td style=\"height: 32px; width: 39.2334%;\">Projecci\u00f3 externa<\/td>\n<td style=\"height: 32px; width: 59.9775%;\">Departament de Lleng\u00fces catalana i castellana, Sara Aligu\u00e9<\/td>\n<\/tr>\n<tr style=\"height: 32px;\">\n<td style=\"height: 32px; width: 39.2334%;\">Protecci\u00f3 de dades \/ Estad\u00edstica \/ Digital<\/td>\n<td style=\"height: 32px; width: 59.9775%;\">Departament de Matem\u00e0tiques, N\u00faria Saborit<\/td>\n<\/tr>\n<tr style=\"height: 32px;\">\n<td style=\"width: 39.2334%; height: 27px;\">CAEI<\/td>\n<td style=\"width: 59.9775%; height: 27px;\">Departament Art\u00edstic-social i Educaci\u00f3 F\u00edsica, Sara Aligu\u00e9<\/td>\n<\/tr>\n<tr style=\"height: 32px;\">\n<td style=\"width: 39.2334%; height: 32px;\">Conviv\u00e8ncia<\/td>\n<td style=\"width: 59.9775%; height: 32px;\">Departament Art\u00edstic-social i Educaci\u00f3 F\u00edsica, Montse Safont<\/td>\n<\/tr>\n<tr style=\"height: 32px;\">\n<td style=\"width: 39.2334%; height: 32px;\">Activitats<\/td>\n<td style=\"width: 59.9775%; height: 32px;\">Departament Art\u00edstic-social i Educaci\u00f3 F\u00edsica, Albert Soler<\/td>\n<\/tr>\n<tr style=\"height: 32px;\">\n<td style=\"width: 39.2334%; height: 32px;\">LIC<\/td>\n<td style=\"width: 59.9775%; height: 32px;\">Departament de Lleng\u00fces catalana i castellana, Montse Safont<\/td>\n<\/tr>\n<tr style=\"height: 32px;\">\n<td style=\"width: 39.2334%; height: 32px;\">Programes Internacionals \/ GEP \/ Servei comunitari<\/td>\n<td style=\"width: 59.9775%; text-align: justify; height: 32px;\">Departament de Lleng\u00fces estrangeres, Sara Aligu\u00e9<\/td>\n<\/tr>\n<tr style=\"height: 48px;\">\n<td style=\"width: 39.2334%; height: 48px;\">Consell de direcci\u00f3<\/td>\n<td style=\"width: 59.9775%; text-align: justify; height: 48px;\">N\u00faria Saborit Coll, Montse Safont Rafart, Albert Soler Collell, Sara Aligu\u00e9 Ca\u00f1izares, Ainhoa Mart\u00ednez Serantes, David Prat, Eduard Tubau, In\u00e9s Blanquer, Gusm\u00e0 P\u00e9rez.<\/td>\n<\/tr>\n<\/tbody>\n<\/table>\n","protected":false},"excerpt":{"rendered":"<p>COMISSIONS PROFESSORAT \/ PAS Manteniment i seguretat de centre Departament Cient\u00edfic-Tecnol\u00f2gic, Albert Soler Manteniment i seguretat del centre, Saber \u00e9s salvar, Escola verda, STEAMcat, Digital Departament Cient\u00edfic-Tecnol\u00f2gic, Albert Soler Projecci\u00f3 externa Departament de Lleng\u00fces catalana i castellana, Sara Aligu\u00e9 Protecci\u00f3 de dades \/ Estad\u00edstica \/ Digital Departament de Matem\u00e0tiques, N\u00faria Saborit CAEI Departament Art\u00edstic-social i [&hellip;]<\/p>\n","protected":false},"author":1,"featured_media":0,"parent":46,"menu_order":0,"comment_status":"closed","ping_status":"closed","template":"","meta":{"_bbp_topic_count":0,"_bbp_reply_count":0,"_bbp_total_topic_count":0,"_bbp_total_reply_count":0,"_bbp_voice_count":0,"_bbp_anonymous_reply_count":0,"_bbp_topic_count_hidden":0,"_bbp_reply_count_hidden":0,"_bbp_forum_subforum_count":0,"site-sidebar-layout":"default","site-content-layout":"","ast-site-content-layout":"","site-content-style":"default","site-sidebar-style":"default","ast-global-header-display":"","ast-banner-title-visibility":"","ast-main-header-display":"","ast-hfb-above-header-display":"","ast-hfb-below-header-display":"","ast-hfb-mobile-header-display":"","site-post-title":"","ast-breadcrumbs-content":"","ast-featured-img":"","footer-sml-layout":"","theme-transparent-header-meta":"","adv-header-id-meta":"","stick-header-meta":"","header-above-stick-meta":"","header-main-stick-meta":"","header-below-stick-meta":"","astra-migrate-meta-layouts":"default","ast-page-background-enabled":"default","ast-page-background-meta":{"desktop":{"background-color":"var(--ast-global-color-4)","background-image":"","background-repeat":"repeat","background-position":"center center","background-size":"auto","background-attachment":"scroll","background-type":"","background-media":"","overlay-type":"","overlay-color":"","overlay-opacity":"","overlay-gradient":""},"tablet":{"background-color":"","background-image":"","background-repeat":"repeat","background-position":"center center","background-size":"auto","background-attachment":"scroll","background-type":"","background-media":"","overlay-type":"","overlay-color":"","overlay-opacity":"","overlay-gradient":""},"mobile":{"background-color":"","background-image":"","background-repeat":"repeat","background-position":"center center","background-size":"auto","background-attachment":"scroll","background-type":"","background-media":"","overlay-type":"","overlay-color":"","overlay-opacity":"","overlay-gradient":""}},"ast-content-background-meta":{"desktop":{"background-color":"var(--ast-global-color-5)","background-image":"","background-repeat":"repeat","background-position":"center center","background-size":"auto","background-attachment":"scroll","background-type":"","background-media":"","overlay-type":"","overlay-color":"","overlay-opacity":"","overlay-gradient":""},"tablet":{"background-color":"var(--ast-global-color-5)","background-image":"","background-repeat":"repeat","background-position":"center center","background-size":"auto","background-attachment":"scroll","background-type":"","background-media":"","overlay-type":"","overlay-color":"","overlay-opacity":"","overlay-gradient":""},"mobile":{"background-color":"var(--ast-global-color-5)","background-image":"","background-repeat":"repeat","background-position":"center center","background-size":"auto","background-attachment":"scroll","background-type":"","background-media":"","overlay-type":"","overlay-color":"","overlay-opacity":"","overlay-gradient":""}},"footnotes":""},"class_list":["post-2793","page","type-page","status-publish","hentry"],"post_mailing_queue_ids":[],"_links":{"self":[{"href":"https:\/\/agora.xtec.cat\/institutlesmargues\/wp-json\/wp\/v2\/pages\/2793","targetHints":{"allow":["GET"]}}],"collection":[{"href":"https:\/\/agora.xtec.cat\/institutlesmargues\/wp-json\/wp\/v2\/pages"}],"about":[{"href":"https:\/\/agora.xtec.cat\/institutlesmargues\/wp-json\/wp\/v2\/types\/page"}],"author":[{"embeddable":true,"href":"https:\/\/agora.xtec.cat\/institutlesmargues\/wp-json\/wp\/v2\/users\/1"}],"replies":[{"embeddable":true,"href":"https:\/\/agora.xtec.cat\/institutlesmargues\/wp-json\/wp\/v2\/comments?post=2793"}],"version-history":[{"count":6,"href":"https:\/\/agora.xtec.cat\/institutlesmargues\/wp-json\/wp\/v2\/pages\/2793\/revisions"}],"predecessor-version":[{"id":6958,"href":"https:\/\/agora.xtec.cat\/institutlesmargues\/wp-json\/wp\/v2\/pages\/2793\/revisions\/6958"}],"up":[{"embeddable":true,"href":"https:\/\/agora.xtec.cat\/institutlesmargues\/wp-json\/wp\/v2\/pages\/46"}],"wp:attachment":[{"href":"https:\/\/agora.xtec.cat\/institutlesmargues\/wp-json\/wp\/v2\/media?parent=2793"}],"curies":[{"name":"wp","href":"https:\/\/api.w.org\/{rel}","templated":true}]}}